Vremenska postaja OŠ Trzin, Slovenija

46.134 N| 14.5613 E| 300 m | Prikaži na zemljevidu

Osnovna šola Trzin v sodelovanju s CZ Trzin in Vremenskim društvom ZEVS

Vreme na kratko
3,7°C 82% 1023 mbar 1,4 km/h 3,2 km/h 0,0 mm
-1,9°C/h 9%/h 0 mbar/h S (9°) S (9°) 0,0 mm/h

14. 04. 2021 22:25:00 CEST

Vremenska statistika za 04-2021

Vremenska postaja:Vantage Pro2
Programska oprema:weewx v3.8.0
WeeWX aktiven:33 d, 15 h, 8 min
Strežnik aktiven:33 d, 14 h, 20 min
                   MONTHLY CLIMATOLOGICAL SUMMARY for apr 2021


NAME: OS Trzin, Slovenija                  
ELEV: 300 m    LAT: 46-08.04 S    LONG: 14-33.66 V


                   TEMPERATURE (°C), RAIN (mm), WIND SPEED (km/h)

                                         HEAT   COOL         AVG
      MEAN                               DEG    DEG          WIND                   DOM
DAY   TEMP   HIGH   TIME    LOW   TIME   DAYS   DAYS   RAIN  SPEED   HIGH   TIME    DIR
---------------------------------------------------------------------------------------
 01   14,8   26,5  14:57    4,8  06:59    1,8    0,0    0,0    1,3   20,9  17:26    136 (JV)
 02   14,4   22,5  14:27    8,2  07:15    2,0    0,0    0,0    1,6   14,5  18:33     42 (SV)
 03    9,4   13,3  00:00    3,6  23:59    4,8    0,0   22,9    3,6   29,0  00:31    147 (JJV)
 04    6,5   12,7  16:37    1,2  03:58    6,4    0,0    0,0    2,5   20,9  16:14    113 (VJV)
 05    6,5   13,7  14:25   -1,0  06:44    6,4    0,0    0,0    7,2   49,9  16:41    156 (JJV)
 06    2,3    8,5  01:42   -4,0  23:46    8,7    0,0   13,7    1,8   27,4  06:18    135 (JV)
 07   -0,2    5,4  14:20   -4,1  00:23   10,1    0,0    8,9    2,1   22,5  14:34    130 (JV)
 08    3,5   12,8  15:54   -4,1  07:14    8,1    0,0    0,8    2,2   40,2  15:57    134 (JV)
 09    6,6   14,8  15:12   -2,1  07:01    6,3    0,0    0,0    4,4   38,6  16:25    130 (JV)
 10   10,2   16,5  16:20    2,9  07:01    4,3    0,0    0,0    6,1   41,8  20:37    146 (JV)
 11   10,0   10,9  16:03    9,2  23:52    4,5    0,0    4,1    2,0   20,9  03:34    152 (JJV)
 12   10,3   12,0  13:58    6,8  23:59    4,3    0,0   24,1    1,0   17,7  22:15    326 (SZ)
 13    4,0    6,8  00:00    2,1  12:03    7,8    0,0   15,7    0,9   16,1  06:10    279 (Z)
 14    5,9   11,4  17:04    1,5  06:36    6,7    0,0    0,0    1,6   20,9  17:06     94 (V)
 15
 16
 17
 18
 19
 20
 21
 22
 23
 24
 25
 26
 27
 28
 29
 30
---------------------------------------------------------------------------------------
       7,4   26,5     01   -4,1     07     82,1    0,0   90,2    2,7   49,9  05    141  (JV)
    
Tropske noci (Tmin >= 20): 0
Vroci dnevi (Tmax >= 30): 0
Topli dnevi (Tmax >= 25): 1
Hladni dnevi (Tmin < 0): 5
Ledeni dnevi (Tmax < 0): 0