Vremenska postaja OŠ Trzin, Slovenija

46.134 N| 14.5613 E| 300 m | Prikaži na zemljevidu

Osnovna šola Trzin v sodelovanju s CZ Trzin in Vremenskim društvom ZEVS

Vreme na kratko
4,2°C 79% 1022 mbar 0,6 km/h 4,8 km/h 0,0 mm
-1,8°C/h 8%/h 0 mbar/h S (7°) S (7°) 0,0 mm/h

14. 04. 2021 22:10:00 CEST

Vremenska statistika za 03-2021

Vremenska postaja:Vantage Pro2
Programska oprema:weewx v3.8.0
WeeWX aktiven:33 d, 14 h, 53 min
Strežnik aktiven:33 d, 14 h, 5 min
                   MONTHLY CLIMATOLOGICAL SUMMARY for mar 2021


NAME: OS Trzin, Slovenija                  
ELEV: 300 m    LAT: 46-08.04 S    LONG: 14-33.66 V


                   TEMPERATURE (°C), RAIN (mm), WIND SPEED (km/h)

                                         HEAT   COOL         AVG
      MEAN                               DEG    DEG          WIND                   DOM
DAY   TEMP   HIGH   TIME    LOW   TIME   DAYS   DAYS   RAIN  SPEED   HIGH   TIME    DIR
---------------------------------------------------------------------------------------
 01    5,0   15,4  15:01   -3,1  07:02    7,2    0,0    0,0    1,3   16,1  16:33     42 (SV)
 02    4,9   14,9  14:47   -1,9  06:40    7,3    0,0    0,0    0,8   14,5  12:58    107 (VJV)
 03    5,6   17,2  15:15   -3,1  06:43    6,9    0,0    0,3    0,8   17,7  18:10     96 (V)
 04    7,2   15,9  13:40    0,2  06:35    6,0    0,0    0,0    3,9   32,2  14:50    156 (JJV)
 05    7,5   15,7  14:02    2,8  23:06    5,8    0,0   11,2    4,2   32,2  14:58    149 (JJV)
 06    2,9    7,9  14:21   -2,3  23:43    8,4    0,0    0,0    2,8   25,7  11:19    118 (VJV)
 07    1,1    9,5  15:05   -4,7  06:35    9,4    0,0    0,3    0,7   14,5  11:23    139 (JV)
 08    4,5   13,3  14:50   -3,2  05:42    7,5    0,0    0,0    0,7   17,7  21:25      3 (S)
 09    5,0    9,9  15:17    0,6  07:31    7,2    0,0    0,0    2,8   22,5  13:28    102 (VJV)
 10    3,8    9,9  13:38   -1,7  07:01    7,9    0,0    0,0    1,9   17,7  11:52     58 (VSV)
 11    4,9   10,8  14:37   -1,2  05:44    7,3    0,0    0,0    2,3   19,3  13:53    350 (S)
 12    8,2    9,7  13:34    6,7  05:30    5,4    0,0    3,8    1,7   24,1  00:21    339 (SSZ)
 13    8,3   14,6  15:32    2,2  06:46    5,4    0,0    0,0    1,5   37,0  16:42    147 (JJV)
 14    4,5    8,2  10:30    1,6  14:59    7,5    0,0   28,2    1,5   30,6  11:00    189 (J)
 15    4,2   11,9  15:14    0,2  07:35    7,7    0,0    0,0    2,1   19,3  14:24    148 (JJV)
 16    5,7   12,5  13:41   -0,2  06:31    6,8    0,0    0,0    5,0   37,0  14:44    341 (SSZ)
 17    4,0   11,3  13:25   -1,4  05:36    7,8    0,0    0,0    2,7   29,0  14:35    359 (S)
 18    2,4    9,7  13:21   -2,5  05:30    8,7    0,0    0,0    2,2   20,9  16:20    121 (VJV)
 19    2,3    9,8  14:39   -2,6  04:40    8,7    0,0    0,0    2,1   19,3  16:16      9 (S)
 20    1,5    7,4  14:47   -2,9  05:27    9,2    0,0    0,0    3,2   27,4  15:25     18 (SSV)
 21    2,4    8,4  13:31   -4,5  06:31    8,6    0,0    0,0    2,7   20,9  12:45     90 (V)
 22    4,9   10,1  11:19   -2,2  06:22    7,3    0,0    0,0    3,9   30,6  16:06     10 (S)
 23    7,0   12,7  14:18    0,3  06:35    6,1    0,0    0,0    2,3   16,1  00:00     57 (VSV)
 24    6,6   16,2  15:19   -1,8  06:13    6,3    0,0    0,0    1,5   16,1  14:14    126 (JV)
 25    7,7   18,1  15:38   -1,2  06:05    5,7    0,0    0,0    1,3   14,5  19:13    115 (VJV)
 26    9,6   20,0  14:29    1,6  04:14    4,6    0,0    0,0    2,9   35,4  15:42    143 (JV)
 27    8,6   14,8  13:02    1,7  06:31    5,2    0,0    0,0    3,9   30,6  10:45    153 (JJV)
 28    7,8   10,2  16:47    3,7  23:45    5,7    0,0    1,3    0,0    4,8  00:00    356 (S)
 29    9,5   20,8  15:56    1,7  06:25    4,7    0,0    0,0    1,0    9,7  14:20     57 (VSV)
 30   12,6   24,1  16:46    3,1  06:31    3,0    0,0    0,0    0,5   11,3  13:42     99 (V)
 31   13,8   25,6  16:24    4,3  06:36    2,3    0,0    0,0    0,6   11,3  13:29    129 (JV)
---------------------------------------------------------------------------------------
       5,9   25,6     31   -4,7     07    207,7    0,0   45,0    2,1   37,0  13     97  (V)
    
Tropske noci (Tmin >= 20): 0
Vroci dnevi (Tmax >= 30): 0
Topli dnevi (Tmax >= 25): 1
Hladni dnevi (Tmin < 0): 17
Ledeni dnevi (Tmax < 0): 0