Vremenska postaja OŠ Trzin, Slovenija

46.134 N| 14.5613 E| 300 m | Prikaži na zemljevidu

Osnovna šola Trzin v sodelovanju s CZ Trzin in Vremenskim društvom ZEVS

Vreme na kratko
4,9°C 76% 1022 mbar 2,6 km/h 4,8 km/h 0,0 mm
-1,4°C/h 7%/h 0 mbar/h JZ (216°) JZ (216°) 0,0 mm/h

14. 04. 2021 21:55:00 CEST

Vremenska statistika za 02-2021

Vremenska postaja:Vantage Pro2
Programska oprema:weewx v3.8.0
WeeWX aktiven:33 d, 14 h, 38 min
Strežnik aktiven:33 d, 13 h, 50 min
                   MONTHLY CLIMATOLOGICAL SUMMARY for feb 2021


NAME: OS Trzin, Slovenija                  
ELEV: 300 m    LAT: 46-08.04 S    LONG: 14-33.66 V


                   TEMPERATURE (°C), RAIN (mm), WIND SPEED (km/h)

                                         HEAT   COOL         AVG
      MEAN                               DEG    DEG          WIND                   DOM
DAY   TEMP   HIGH   TIME    LOW   TIME   DAYS   DAYS   RAIN  SPEED   HIGH   TIME    DIR
---------------------------------------------------------------------------------------
 01    0,6    2,8  14:05   -0,8  07:49    9,7    0,0    1,0    1,6   11,3  13:54    244 (ZJZ)
 02    1,1    4,1  15:58   -0,8  07:59    9,4    0,0    0,0    0,7    8,0  13:46    350 (S)
 03    6,6    9,6  21:09    3,2  00:00    6,3    0,0    0,8    2,7   17,7  16:43    341 (SSZ)
 04   10,4   13,7  14:10    8,5  06:40    4,2    0,0    0,0    1,5   19,3  12:22     65 (VSV)
 05   10,0   12,6  14:30    8,1  05:17    4,4    0,0    0,0    1,8   20,9  15:44    144 (JV)
 06   11,6   13,6  12:32    9,7  00:16    3,5    0,0    0,0    3,4   19,3  22:20    359 (S)
 07   10,9   12,5  01:47    8,9  08:11    3,9    0,0   18,3    1,7   17,7  01:21    338 (SSZ)
 08    7,5    9,6  00:30    4,3  22:35    5,8    0,0    5,8    1,7   51,5  12:07    146 (JJV)
 09    5,5    7,2  15:43    4,4  00:00    6,9    0,0   11,9    1,4   11,3  13:56    207 (JJZ)
 10    5,0    6,3  14:59    3,9  06:39    7,2    0,0   19,1    1,8   19,3  13:14    337 (SSZ)
 11    1,0    4,9  00:00   -2,1  23:56    9,4    0,0    1,5    2,6   19,3  09:59    130 (JV)
 12   -3,6   -0,9  14:50   -5,9  06:52   12,0    0,0    0,0    3,0   20,9  12:05    118 (VJV)
 13   -3,1    0,3  14:53   -6,3  07:36   11,7    0,0    0,3    5,0   32,2  13:43     46 (SV)
 14   -0,4    5,4  14:36   -6,1  07:22   10,2    0,0    0,0    2,5   27,4  14:27     14 (SSV)
 15   -1,8    5,8  14:56   -8,1  07:07   11,0    0,0    0,0    1,2   12,9  19:04    112 (VJV)
 16    3,0    9,0  15:01   -0,9  06:06    8,3    0,0    0,0    1,6   19,3  19:09      6 (S)
 17    2,9   11,2  15:06   -0,7  03:34    8,4    0,0    0,3    0,9   16,1  13:01    336 (SSZ)
 18    3,7   10,9  13:58   -1,8  04:11    8,0    0,0    0,3    2,1   29,0  14:28    138 (JV)
 19    7,2   11,8  13:23    3,3  03:27    6,0    0,0    0,0    2,8   20,9  15:07    154 (JJV)
 20    7,9   14,4  14:50    2,3  07:54    5,6    0,0    0,0    2,5   32,2  14:19    149 (JJV)
 21    8,2   13,8  13:45    4,6  22:52    5,4    0,0    0,0    1,8   24,1  13:11    125 (JV)
 22    6,9   15,2  14:59   -0,2  06:43    6,2    0,0    0,0    3,4   33,8  13:53    146 (JV)
 23    7,0   18,2  15:06   -0,6  06:07    6,1    0,0    0,3    0,7    9,7  13:15      2 (S)
 24    7,8   19,9  14:46    0,2  06:55    5,6    0,0    0,0    0,5    6,4  10:40     92 (V)
 25    8,1   19,4  15:16    0,7  07:06    5,5    0,0    0,0    0,5    6,4  11:04     39 (SV)
 26    8,0   21,1  14:40   -0,1  06:53    5,6    0,0    0,0    0,6    6,4  10:49     11 (S)
 27    6,8   12,9  15:21    1,3  05:14    6,2    0,0    0,0    2,4   22,5  20:59     67 (VSV)
 28    4,8   12,9  15:00   -1,1  06:20    7,3    0,0    0,0    1,8   20,9  10:18    122 (VJV)
---------------------------------------------------------------------------------------
       5,1   21,1     26   -8,1     15    200,2    0,0   59,4    1,9   51,5  08     83  (V)
    
Tropske noci (Tmin >= 20): 0
Vroci dnevi (Tmax >= 30): 0
Topli dnevi (Tmax >= 25): 0
Hladni dnevi (Tmin < 0): 14
Ledeni dnevi (Tmax < 0): 1