Vremenska postaja OŠ Trzin, Slovenija

46.134 N| 14.5613 E| 300 m | Prikaži na zemljevidu

Osnovna šola Trzin v sodelovanju s CZ Trzin in Vremenskim društvom ZEVS

Vreme na kratko
5,3°C 74% 1022 mbar 2,5 km/h 4,8 km/h 0,0 mm
-1,3°C/h 5%/h 0 mbar/h JJZ (194°) JJZ (194°) 0,0 mm/h

14. 04. 2021 21:40:00 CEST

Vremenska statistika za 01-2021

Vremenska postaja:Vantage Pro2
Programska oprema:weewx v3.8.0
WeeWX aktiven:33 d, 14 h, 23 min
Strežnik aktiven:33 d, 13 h, 35 min
                   MONTHLY CLIMATOLOGICAL SUMMARY for jan 2021


NAME: OS Trzin, Slovenija                  
ELEV: 300 m    LAT: 46-08.04 S    LONG: 14-33.66 V


                   TEMPERATURE (°C), RAIN (mm), WIND SPEED (km/h)

                                         HEAT   COOL         AVG
      MEAN                               DEG    DEG          WIND                   DOM
DAY   TEMP   HIGH   TIME    LOW   TIME   DAYS   DAYS   RAIN  SPEED   HIGH   TIME    DIR
---------------------------------------------------------------------------------------
 01    2,4    5,0  14:12   -0,2  07:11    8,7    0,0    6,1    1,5    9,7  16:45    351 (S)
 02    4,5    6,2  18:37    3,1  06:49    7,5    0,0   18,3    1,5   14,5  19:38    340 (SSZ)
 03    4,1    5,5  00:00    2,8  02:38    7,7    0,0    7,1    1,4   16,1  00:36    317 (SZ)
 04    4,2    5,0  14:24    3,3  21:46    7,7    0,0    2,3    2,3   14,5  12:20    330 (SSZ)
 05    3,9    5,8  14:02    1,2  23:56    7,8    0,0    6,6    1,1    9,7  19:42    360 (S)
 06    1,3    1,9  15:50    0,9  02:18    9,3    0,0    9,9    0,4    4,8  00:13    282 (ZSZ)
 07    1,6    2,8  14:40    0,7  01:23    9,1    0,0    2,0    1,1    8,0  00:33    327 (SSZ)
 08    1,5    2,4  15:16   -0,8  23:56    9,2    0,0    2,0    1,0    8,0  12:17     79 (VSV)
 09   -0,9    2,4  13:46   -3,8  08:15   10,5    0,0    0,3    1,7   14,5  12:37    341 (SSZ)
 10   -0,0    0,9  09:47   -1,6  00:00   10,0    0,0    0,0    2,7   17,7  09:36      5 (S)
 11   -0,2    3,1  13:11   -4,7  23:43   10,1    0,0    0,3    2,2   17,7  02:14    104 (VJV)
 12   -4,1   -1,4  16:06   -6,9  05:51   12,3    0,0    0,0    0,9    8,0  10:47    133 (JV)
 13   -2,5    3,8  13:53   -6,0  07:45   11,4    0,0    0,0    1,0   14,5  16:56    302 (ZSZ)
 14   -0,4    6,6  15:15   -4,8  00:55   10,2    0,0    0,3    2,6   32,2  16:55    322 (SZ)
 15   -2,6    4,6  14:16   -6,7  07:56   11,5    0,0    0,0    0,9    8,0  10:13    116 (VJV)
 16   -4,1    2,2  14:14   -7,4  07:35   12,3    0,0    0,0    0,5    8,0  03:28     74 (VSV)
 17   -4,3    0,2  14:17   -7,6  08:07   12,4    0,0    0,0    0,6    9,7  15:39     21 (SSV)
 18   -0,9    2,3  15:03   -3,6  23:59   10,5    0,0    0,0    1,2   11,3  12:06      6 (S)
 19   -0,9    4,4  16:01   -6,6  07:41   10,5    0,0    0,0    1,4   19,3  15:52    357 (S)
 20    4,5    7,0  23:58    1,2  07:13    7,5    0,0    0,3    2,7   27,4  00:49    350 (S)
 21    7,3    9,3  13:38    4,7  23:58    6,0    0,0    2,0    2,4   22,5  04:56     27 (SSV)
 22    7,6   11,2  13:55    4,6  00:13    5,8    0,0   12,4    1,5   22,5  13:40    330 (SSZ)
 23    6,9    8,9  02:23    4,9  23:55    6,2    0,0   19,6    1,7   19,3  11:18    332 (SSZ)
 24    3,1    4,9  00:00    0,8  23:36    8,3    0,0    3,8    1,3   12,9  09:40    204 (JJZ)
 25    1,0    2,5  14:13   -0,3  23:57    9,5    0,0    0,0    1,0   11,3  13:52    112 (VJV)
 26   -0,0    2,1  15:07   -1,1  07:51   10,0    0,0    0,0    1,5   11,3  09:01    360 (S)
 27   -1,2    1,5  15:53   -3,0  08:31   10,7    0,0    0,0    1,4    9,7  03:13      3 (S)
 28   -0,5    4,9  22:19   -3,7  08:42   10,3    0,0    0,0    0,7   19,3  21:54    346 (SSZ)
 29    2,4    5,6  11:29    0,2  05:15    8,7    0,0    1,0    2,2   22,5  10:16    336 (SSZ)
 30    1,9    5,3  14:57   -0,1  07:30    8,9    0,0    0,5    1,7   11,3  14:26    351 (S)
 31    1,7    4,6  03:08    0,5  22:18    9,1    0,0    9,1    1,5   16,1  07:12    182 (J)
---------------------------------------------------------------------------------------
       1,2   11,2     22   -7,6     17    289,4    0,0  103,9    1,5   32,2  14    352  (S)
    
Tropske noci (Tmin >= 20): 0
Vroci dnevi (Tmax >= 30): 0
Topli dnevi (Tmax >= 25): 0
Hladni dnevi (Tmin < 0): 18
Ledeni dnevi (Tmax < 0): 1