Vremenska postaja OŠ Trzin, Slovenija

46.134 N| 14.5613 E| 300 m | Prikaži na zemljevidu

Osnovna šola Trzin v sodelovanju s CZ Trzin in Vremenskim društvom ZEVS

Vreme na kratko
3,5°C 82% 1023 mbar 1,2 km/h 3,2 km/h 0,0 mm
-1,8°C/h 8%/h 0 mbar/h S (9°) S (9°) 0,0 mm/h

14. 04. 2021 22:35:00 CEST

Vremenska statistika za 12-2020

Vremenska postaja:Vantage Pro2
Programska oprema:weewx v3.8.0
WeeWX aktiven:33 d, 15 h, 18 min
Strežnik aktiven:33 d, 14 h, 30 min
                   MONTHLY CLIMATOLOGICAL SUMMARY for dec 2020


NAME: OS Trzin, Slovenija                  
ELEV: 300 m    LAT: 46-08.04 S    LONG: 14-33.66 V


                   TEMPERATURE (°C), RAIN (mm), WIND SPEED (km/h)

                                         HEAT   COOL         AVG
      MEAN                               DEG    DEG          WIND                   DOM
DAY   TEMP   HIGH   TIME    LOW   TIME   DAYS   DAYS   RAIN  SPEED   HIGH   TIME    DIR
---------------------------------------------------------------------------------------
 01   -1,2    1,8  18:33   -5,1  07:43   10,7    0,0    0,0    1,0   12,9  22:07     35 (SV)
 02   -0,2    0,7  09:06   -1,5  23:55   10,1    0,0    0,0    1,6   17,7  00:32     97 (V)
 03   -0,6    0,6  13:29   -1,7  02:51   10,3    0,0    0,3    0,2    6,4  13:01    122 (VJV)
 04   -0,2    1,7  12:27   -1,6  19:14   10,1    0,0    2,3    0,7    6,4  01:17     53 (SV)
 05    1,5    3,6  13:17   -0,4  01:01    9,2    0,0   15,7    0,6    9,7  11:55    168 (JJV)
 06    2,8    6,4  22:30    0,7  03:41    8,5    0,0   26,7    1,3   19,3  10:41    223 (JZ)
 07    4,5    6,2  00:00    1,9  23:58    7,5    0,0    6,9    1,3   22,5  14:26    300 (ZSZ)
 08    3,0    4,7  14:19    1,2  01:43    8,3    0,0    3,0    2,2   19,3  16:13      2 (S)
 09    3,0    3,6  05:04    2,6  19:41    8,3    0,0    3,0    1,2   14,5  00:00    335 (SSZ)
 10    3,5    5,3  13:45    2,2  03:34    8,1    0,0    0,3    1,0    6,4  02:50    343 (SSZ)
 11    4,1    5,2  13:53    3,2  05:34    7,7    0,0    0,3    0,4    8,0  12:15    230 (JZ)
 12    4,2    4,9  15:38    3,6  05:30    7,7    0,0    0,3    0,5    6,4  08:51    284 (ZSZ)
 13    3,7    4,9  14:08    2,3  23:57    8,0    0,0    0,3    2,6    9,7  18:14    340 (SSZ)
 14    1,4    2,3  00:00    1,0  08:40    9,2    0,0    0,0    1,7   12,9  01:01    348 (SSZ)
 15    1,0    1,4  15:11    0,6  08:26    9,4    0,0    0,0    0,7    6,4  03:04    339 (SSZ)
 16    1,5    4,4  15:29   -0,1  22:59    9,2    0,0    0,0    0,0    1,6  00:39    345 (SSZ)
 17    3,1    8,7  14:05    0,2  00:00    8,3    0,0    0,0    0,0    0,0  00:00     90 (V)
 18    2,9    5,3  14:52    0,0  02:21    8,4    0,0    0,3    0,0    0,0  00:00     90 (V)
 19    4,6    5,7  14:31    3,7  07:35    7,5    0,0    1,5    0,0    1,6  04:42    186 (J)
 20    4,5    5,2  13:08    4,1  05:48    7,5    0,0    1,0    0,0    0,0  00:00     90 (V)
 21    4,8    5,4  15:04    4,2  00:16    7,3    0,0    0,0    0,0    0,0  00:00     90 (V)
 22    6,7    8,8  17:55    4,8  01:12    6,3    0,0    0,3    0,0    8,0  23:17    344 (SSZ)
 23    9,0   10,7  20:54    7,9  08:16    5,0    0,0    0,0    3,8   20,9  11:20    342 (SSZ)
 24    9,5   10,7  01:57    7,2  23:56    4,7    0,0   11,4    1,1   12,9  01:09    335 (SSZ)
 25    5,1    7,3  00:00    3,1  23:01    7,1    0,0   20,8    1,8   17,7  12:54    295 (ZSZ)
 26    2,3    5,4  13:27   -0,5  23:53    8,7    0,0    0,5    2,6   22,5  11:02     86 (V)
 27   -0,4    1,6  14:07   -3,2  06:24   10,2    0,0    0,0    1,4    9,7  09:56    337 (SSZ)
 28    0,5    3,0  20:21   -1,2  05:08    9,7    0,0   21,6    1,4   14,5  22:57    282 (ZSZ)
 29    3,0    4,2  16:18    1,8  00:00    8,3    0,0   32,5    1,6   19,3  16:07    329 (SSZ)
 30    3,5    5,5  15:04    2,7  06:11    8,0    0,0    2,0    1,0    9,7  00:16    182 (J)
 31    3,0    4,9  15:25    1,3  19:24    8,3    0,0    2,8    0,7    6,4  15:21    343 (SSZ)
---------------------------------------------------------------------------------------
       3,0   10,7     23   -5,1     01    257,8    0,0  153,7    1,0   22,5  07    350  (S)
    
Tropske noci (Tmin >= 20): 0
Vroci dnevi (Tmax >= 30): 0
Topli dnevi (Tmax >= 25): 0
Hladni dnevi (Tmin < 0): 9
Ledeni dnevi (Tmax < 0): 0