Vremenska postaja OŠ Trzin, Slovenija

46.134 N| 14.5613 E| 300 m | Prikaži na zemljevidu

Osnovna šola Trzin v sodelovanju s CZ Trzin in Vremenskim društvom ZEVS

Vreme na kratko
3,9°C 81% 1023 mbar 0,8 km/h 1,6 km/h 0,0 mm
-1,9°C/h 9%/h 0 mbar/h S (9°) S (9°) 0,0 mm/h

14. 04. 2021 22:20:00 CEST

Vremenska statistika za 11-2020

Vremenska postaja:Vantage Pro2
Programska oprema:weewx v3.8.0
WeeWX aktiven:33 d, 15 h, 3 min
Strežnik aktiven:33 d, 14 h, 15 min
                   MONTHLY CLIMATOLOGICAL SUMMARY for nov 2020


NAME: OS Trzin, Slovenija                  
ELEV: 300 m    LAT: 46-08.04 S    LONG: 14-33.66 V


                   TEMPERATURE (°C), RAIN (mm), WIND SPEED (km/h)

                                         HEAT   COOL         AVG
      MEAN                               DEG    DEG          WIND                   DOM
DAY   TEMP   HIGH   TIME    LOW   TIME   DAYS   DAYS   RAIN  SPEED   HIGH   TIME    DIR
---------------------------------------------------------------------------------------
 01    9,4   14,9  13:36    5,4  03:39    4,8    0,0    0,5    0,4    8,0  12:25    140 (JV)
 02   11,6   18,3  14:25    7,8  06:49    3,6    0,0    0,0    2,4   25,7  16:55    128 (JV)
 03   12,0   19,7  13:46    7,0  07:26    3,3    0,0    0,0    0,7    8,0  11:21     78 (VSV)
 04   11,0   13,3  14:03    8,7  03:16    3,9    0,0    0,3    1,4   11,3  20:11    169 (J)
 05   10,9   13,0  14:59    9,4  23:57    4,0    0,0    0,8    1,2    9,7  05:03    175 (J)
 06    7,5   15,0  14:01    3,1  07:05    5,8    0,0    0,0    0,9    8,0  11:22    226 (JZ)
 07    3,9   11,6  14:03    0,2  05:41    7,8    0,0    0,3    0,4    9,7  11:25    129 (JV)
 08    3,3    7,7  14:43    1,6  06:51    8,2    0,0    0,3    0,5    8,0  13:25    103 (VJV)
 09    4,2    6,1  16:58    1,9  07:02    7,7    0,0    0,3    0,6   11,3  13:09    163 (JJV)
 10    5,6    6,2  14:39    4,9  06:03    6,9    0,0    0,0    1,8    8,0  04:53     43 (SV)
 11    6,4    7,7  13:24    5,7  02:48    6,5    0,0    0,0    2,9   12,9  01:40    339 (SSZ)
 12    6,6    8,3  15:19    5,0  07:00    6,4    0,0    0,8    1,5   11,3  20:12    349 (S)
 13    6,4   11,9  13:56    3,3  22:59    6,4    0,0    0,0    1,6   11,3  03:41    343 (SSZ)
 14    6,4   13,6  14:04    3,3  23:50    6,5    0,0    0,3    0,3    6,4  13:04    321 (SZ)
 15    5,4   10,6  23:55    2,5  01:02    7,0    0,0    0,3    0,6   19,3  23:49    134 (JV)
 16    7,5   10,4  00:00    5,1  04:15    5,8    0,0   25,1    0,8   14,5  15:55    333 (SSZ)
 17    7,4   13,1  13:57    3,9  05:57    5,9    0,0    0,0    1,0    9,7  09:26    339 (SSZ)
 18    4,2    8,5  13:56    2,4  08:19    7,7    0,0    0,5    0,5    6,4  09:55    116 (VJV)
 19    3,8    4,5  14:15    2,8  07:22    7,9    0,0    0,3    1,0    8,0  23:14    344 (SSZ)
 20    6,0    9,2  13:30    4,2  00:03    6,7    0,0    0,8    2,3   24,1  20:12     68 (VSV)
 21    3,1    8,7  12:30   -2,6  23:50    8,3    0,0    0,0    2,6   22,5  13:51     97 (V)
 22   -0,5    7,8  13:46   -4,6  07:08   10,3    0,0    0,0    1,0   12,9  12:01    130 (JV)
 23    1,1    7,6  14:57   -3,3  03:16    9,4    0,0    0,3    0,9    8,0  18:24    352 (S)
 24    1,5    7,5  15:22   -1,8  23:50    9,1    0,0    0,0    0,9    8,0  09:48    300 (ZSZ)
 25   -1,3    1,3  15:11   -3,7  04:13   10,7    0,0    0,0    1,0    9,7  11:50    149 (JJV)
 26   -0,4    0,6  20:51   -1,4  07:29   10,2    0,0    0,0    0,9    8,0  14:33     26 (SSV)
 27    0,6    2,2  17:17   -1,3  07:29    9,7    0,0    0,3    1,6    8,0  05:30    344 (SSZ)
 28    1,8    3,3  14:44   -0,1  07:40    9,0    0,0    0,0    1,4    8,0  03:16    351 (S)
 29    2,2    4,4  13:31   -1,5  23:58    8,8    0,0    0,3    1,4    9,7  11:55    174 (J)
 30   -0,0    6,6  13:32   -3,8  07:36   10,0    0,0    0,3    0,8    8,0  10:48    357 (S)
---------------------------------------------------------------------------------------
       4,9   19,7     03   -4,6     22    218,0    0,0   31,2    1,2   25,7  02     37  (SV)
    
Tropske noci (Tmin >= 20): 0
Vroci dnevi (Tmax >= 30): 0
Topli dnevi (Tmax >= 25): 0
Hladni dnevi (Tmin < 0): 10
Ledeni dnevi (Tmax < 0): 0