Vremenska postaja OŠ Trzin, Slovenija

46.134 N| 14.5613 E| 300 m | Prikaži na zemljevidu

Osnovna šola Trzin v sodelovanju s CZ Trzin in Vremenskim društvom ZEVS

Vreme na kratko
4,2°C 79% 1022 mbar 0,6 km/h 4,8 km/h 0,0 mm
-1,8°C/h 8%/h 0 mbar/h S (7°) S (7°) 0,0 mm/h

14. 04. 2021 22:10:00 CEST

Vremenska statistika za 10-2020

Vremenska postaja:Vantage Pro2
Programska oprema:weewx v3.8.0
WeeWX aktiven:33 d, 14 h, 53 min
Strežnik aktiven:33 d, 14 h, 5 min
                   MONTHLY CLIMATOLOGICAL SUMMARY for okt 2020


NAME: OS Trzin, Slovenija                  
ELEV: 300 m    LAT: 46-08.04 S    LONG: 14-33.66 V


                   TEMPERATURE (°C), RAIN (mm), WIND SPEED (km/h)

                                         HEAT   COOL         AVG
      MEAN                               DEG    DEG          WIND                   DOM
DAY   TEMP   HIGH   TIME    LOW   TIME   DAYS   DAYS   RAIN  SPEED   HIGH   TIME    DIR
---------------------------------------------------------------------------------------
 01   12,7   20,7  14:08    7,8  07:22    3,0    0,0    0,0    1,0   29,0  15:57    146 (JV)
 02   14,9   20,2  13:29   11,4  07:04    1,7    0,0    1,8    0,0    0,0  00:00     90 (V)
 03   15,1   17,9  15:20   12,1  01:32    1,6    0,0   21,3    0,0    0,0  00:00     90 (V)
 04   14,0   17,6  15:16   11,2  23:54    2,2    0,0    1,0    0,4   25,7  14:57    162 (JJV)
 05   12,9   17,7  14:53   10,7  00:46    2,8    0,0   11,4    0,0    0,0  00:00     90 (V)
 06   12,9   19,4  14:53    9,5  08:12    2,8    0,0    0,3    0,0    1,6  14:34    146 (JV)
 07   11,4   12,9  00:00    8,4  21:36    3,7    0,0   19,1    0,0    0,0  00:00     90 (V)
 08   10,5   16,2  14:55    8,3  23:58    4,2    0,0    0,3    0,0    0,0  00:00     90 (V)
 09   10,9   17,8  14:29    7,0  02:29    3,9    0,0    0,0    0,0    0,0  00:00     90 (V)
 10   12,4   18,9  15:20   10,2  02:40    3,1    0,0    0,5    0,0    0,0  00:00     90 (V)
 11    8,5   11,9  02:46    5,2  23:54    5,3    0,0   48,3    1,2   27,4  12:30    320 (SZ)
 12    7,1   10,7  15:56    5,1  00:33    6,0    0,0    0,0    1,2   12,9  14:17    159 (JJV)
 13    8,2   13,7  14:49    5,4  02:49    5,5    0,0    0,0    0,9    9,7  16:23     98 (V)
 14    9,7   16,9  15:02    3,4  07:17    4,6    0,0    0,0    2,4   37,0  13:44    132 (JV)
 15    7,9    9,2  00:17    6,9  19:49    5,6    0,0   35,1    0,0    0,0  00:00     90 (V)
 16    8,9   12,6  14:17    6,8  02:45    5,0    0,0    1,0    0,0    0,0  00:00     90 (V)
 17    9,3   12,8  15:35    6,9  23:59    4,9    0,0    0,0    0,6    6,4  06:33    123 (VJV)
 18    9,3   15,9  14:35    6,8  00:03    4,8    0,0    0,0    0,8    9,7  11:39     67 (VSV)
 19    9,1   13,8  14:20    6,4  03:49    5,0    0,0    0,0    0,5    8,0  10:16    146 (JV)
 20    9,3   15,3  14:27    5,8  07:24    4,8    0,0    0,3    1,1   12,9  13:34    150 (JJV)
 21   10,8   18,0  15:34    6,0  05:53    4,0    0,0    0,0    2,6   43,5  13:28    143 (JV)
 22   13,4   18,7  15:06    9,2  08:27    2,6    0,0    0,3    4,9   38,6  12:34    149 (JJV)
 23   13,5   19,2  13:35    9,4  03:16    2,5    0,0    0,0    2,0   24,1  13:37    126 (JV)
 24   14,4   16,2  15:12   12,8  23:41    2,0    0,0    4,3    0,4   14,5  18:18    132 (JV)
 25   12,7   15,8  13:29   10,9  20:33    2,9    0,0    0,3    0,3   14,5  20:48     68 (VSV)
 26   13,6   17,4  12:54   10,1  23:59    2,4    0,0    0,3    2,3   27,4  09:33    150 (JJV)
 27   11,7   13,7  15:08    9,2  02:32    3,5    0,0   10,4    0,3    6,4  00:00    286 (ZSZ)
 28   10,5   16,8  13:21    6,7  23:01    4,2    0,0    0,3    0,7    8,0  09:43    280 (Z)
 29    8,9   15,4  14:08    6,6  01:05    5,0    0,0    0,3    0,7   11,3  12:10    117 (VJV)
 30   11,1   18,0  13:47    7,7  01:51    3,8    0,0    0,0    0,6    8,0  10:03    106 (VJV)
 31   11,0   20,1  13:26    6,8  06:56    3,9    0,0    0,0    0,7    8,0  10:38     82 (V)
---------------------------------------------------------------------------------------
      11,2   20,7     01    3,4     14    117,4    0,0  156,2    0,8   43,5  21    141  (JV)
    
Tropske noci (Tmin >= 20): 0
Vroci dnevi (Tmax >= 30): 0
Topli dnevi (Tmax >= 25): 0
Hladni dnevi (Tmin < 0): 0
Ledeni dnevi (Tmax < 0): 0