Vremenska postaja OŠ Trzin, Slovenija

46.134 N| 14.5613 E| 300 m | Prikaži na zemljevidu

Osnovna šola Trzin v sodelovanju s CZ Trzin in Vremenskim društvom ZEVS

Vreme na kratko
3,1°C 84% 1023 mbar 0,6 km/h 4,8 km/h 0,0 mm
-1,8°C/h 8%/h 0 mbar/h S (5°) S (5°) 0,0 mm/h

14. 04. 2021 22:55:00 CEST

Vremenska statistika za 09-2020

Vremenska postaja:Vantage Pro2
Programska oprema:weewx v3.8.0
WeeWX aktiven:33 d, 15 h, 38 min
Strežnik aktiven:33 d, 14 h, 50 min
                   MONTHLY CLIMATOLOGICAL SUMMARY for sep 2020


NAME: OS Trzin, Slovenija                  
ELEV: 300 m    LAT: 46-08.04 S    LONG: 14-33.66 V


                   TEMPERATURE (°C), RAIN (mm), WIND SPEED (km/h)

                                         HEAT   COOL         AVG
      MEAN                               DEG    DEG          WIND                   DOM
DAY   TEMP   HIGH   TIME    LOW   TIME   DAYS   DAYS   RAIN  SPEED   HIGH   TIME    DIR
---------------------------------------------------------------------------------------
 01   16,5   22,4  15:57   13,2  06:33    0,8    0,0    4,3    1,4   12,9  13:29    150 (JJV)
 02   16,7   22,8  16:03   12,8  04:04    0,7    0,0    0,0    1,7   12,9  12:41    121 (VJV)
 03   16,0   24,2  16:05   12,1  05:54    1,1    0,0    0,3    1,3   17,7  16:05    150 (JJV)
 04   17,0   25,9  15:22   11,4  04:24    0,6    0,0    0,0    0,9   11,3  13:39    142 (JV)
 05   18,8   28,4  15:30   11,8  06:49    0,0    0,4    0,3    1,0   11,3  15:13    149 (JJV)
 06   19,8   27,7  15:53   12,9  06:22    0,0    1,0    3,3    2,3   24,1  20:35     73 (VSV)
 07   18,7   21,8  14:18   15,8  22:17    0,0    0,4    0,0    1,7   14,5  02:58    344 (SSZ)
 08   17,9   24,7  16:12   13,6  03:14    0,1    0,0    0,0    1,2   14,5  11:37    130 (JV)
 09   17,1   25,7  15:01   10,7  06:13    0,5    0,0    0,3    0,8   11,3  13:10    151 (JJV)
 10   19,0   27,2  15:42   13,4  06:02    0,0    0,6    0,3    1,3   14,5  14:18    151 (JJV)
 11   19,6   26,8  14:45   14,1  06:23    0,0    0,9    0,0    1,1   14,5  12:13    110 (VJV)
 12   19,4   28,2  14:57   12,9  06:25    0,0    0,8    0,0    0,0    1,6  20:27    105 (VJV)
 13   20,2   28,8  14:16   13,5  06:45    0,0    1,2    0,3    0,6   19,3  15:06    130 (JV)
 14   20,3   28,6  16:08   13,9  06:46    0,0    1,3    0,3    0,1    8,0  21:30    322 (SZ)
 15   20,2   29,6  15:13   13,1  06:54    0,0    1,2    0,0    1,1   11,3  12:58    108 (VJV)
 16   19,8   27,3  13:42   14,3  06:42    0,0    1,0    0,0    0,0    0,0  00:00     90 (V)
 17   19,3   28,4  14:07   13,3  06:51    0,0    0,7    0,3    1,0   25,7  15:42     22 (SSV)
 18   18,0   21,9  15:43   15,5  23:58    0,0    0,0    0,0    0,0    3,2  15:50    119 (VJV)
 19   15,4   22,6  15:23    9,7  06:58    1,4    0,0    0,0    0,0    0,0  00:00     90 (V)
 20   14,7   23,7  16:04    8,3  07:02    1,8    0,0    0,0    0,0    0,0  00:00     90 (V)
 21   16,2   22,1  12:51   10,7  06:39    1,0    0,0    0,5    0,0    0,0  00:00     90 (V)
 22   17,2   21,4  13:22   14,7  07:32    0,5    0,0    1,3    0,4   16,1  15:55    138 (JV)
 23   17,1   21,2  13:33   14,2  23:44    0,5    0,0    6,3    0,5   22,5  13:21    135 (JV)
 24   17,4   23,7  13:19   13,3  06:42    0,3    0,0    0,3    2,1   25,7  17:00    140 (JV)
 25   15,8   18,2  16:22   12,3  23:57    1,2    0,0   53,3    0,2   35,4  19:53     25 (SSV)
 26   10,3   15,0  15:27    7,7  06:14    4,3    0,0   15,2    2,7   29,0  01:29    161 (JJV)
 27   10,8   15,7  13:58    7,0  06:40    4,0    0,0    5,3    0,0    1,6  09:23    106 (VJV)
 28   10,5   12,7  13:00    9,5  07:53    4,2    0,0   13,0    1,6   19,3  01:53    337 (SSZ)
 29   11,5   18,2  15:26    8,6  06:03    3,6    0,0    0,3    0,0    0,0  00:00     90 (V)
 30   11,8   20,3  15:54    8,2  03:08    3,4    0,0    0,3    0,0    0,0  00:00     90 (V)
---------------------------------------------------------------------------------------
      16,8   29,6     15    7,0     27     30,0    9,6  105,2    0,8   35,4  25    127  (JV)
    
Tropske noci (Tmin >= 20): 0
Vroci dnevi (Tmax >= 30): 0
Topli dnevi (Tmax >= 25): 12
Hladni dnevi (Tmin < 0): 0
Ledeni dnevi (Tmax < 0): 0