Vremenska postaja OŠ Trzin, Slovenija

46.134 N| 14.5613 E| 300 m | Prikaži na zemljevidu

Osnovna šola Trzin v sodelovanju s CZ Trzin in Vremenskim društvom ZEVS

Vreme na kratko
3,6°C 82% 1023 mbar 0,0 km/h 3,2 km/h 0,0 mm
-1,8°C/h 8%/h 0 mbar/h N/A ( N/A) N/A ( N/A) 0,0 mm/h

14. 04. 2021 22:30:00 CEST

Vremenska statistika za 07-2020

Vremenska postaja:Vantage Pro2
Programska oprema:weewx v3.8.0
WeeWX aktiven:33 d, 15 h, 13 min
Strežnik aktiven:33 d, 14 h, 25 min
                   MONTHLY CLIMATOLOGICAL SUMMARY for jul 2020


NAME: OS Trzin, Slovenija                  
ELEV: 300 m    LAT: 46-08.04 S    LONG: 14-33.66 V


                   TEMPERATURE (°C), RAIN (mm), WIND SPEED (km/h)

                                         HEAT   COOL         AVG
      MEAN                               DEG    DEG          WIND                   DOM
DAY   TEMP   HIGH   TIME    LOW   TIME   DAYS   DAYS   RAIN  SPEED   HIGH   TIME    DIR
---------------------------------------------------------------------------------------
 01   23,6   31,6  15:22   16,6  05:23    0,0    3,1    0,0    0,9   19,3  17:09    119 (VJV)
 02   22,8   30,0  13:05   17,8  05:32    0,0    2,7    2,5    2,2   38,6  14:27    145 (JV)
 03   19,1   22,6  17:43   16,2  23:58    0,0    0,6   14,7    1,3   11,3  19:01    169 (J)
 04   19,7   26,4  13:29   14,7  06:04    0,0    1,0    0,0    2,0   19,3  14:08    156 (JJV)
 05   21,2   29,1  16:34   13,2  05:19    0,0    1,8    0,0    1,5   14,5  13:11    158 (JJV)
 06   23,0   31,1  16:03   15,6  05:27    0,0    2,8   35,3    2,4   30,6  21:21    151 (JJV)
 07   17,6   23,4  16:43   12,6  06:11    0,2    0,0   23,6    2,4   17,7  13:50    154 (JJV)
 08   19,0   27,1  17:05   11,1  05:49    0,0    0,6    0,0    1,5   12,9  12:17    139 (JV)
 09   21,4   29,3  15:33   13,7  05:58    0,0    1,9    0,0    1,4   11,3  12:23    153 (JJV)
 10   22,8   31,4  16:01   15,0  05:43    0,0    2,7    0,0    1,4   14,5  17:13    147 (JJV)
 11   19,8   28,2  13:13   15,3  05:41    0,0    1,0   19,1    2,4   45,1  17:13    356 (S)
 12   18,7   24,2  16:38   14,6  23:59    0,0    0,4    0,5    2,8   20,9  15:13    119 (VJV)
 13   17,9   24,7  16:19   10,4  04:53    0,0    0,0    0,0    3,1   22,5  10:56     79 (V)
 14   17,8   24,9  16:14   10,5  05:04    0,1    0,0    0,0    2,5   19,3  13:15    149 (JJV)
 15   13,2   15,4  00:00   11,4  06:03    2,7    0,0    0,0    0,4    4,8  01:40    344 (SSZ)
 16
 17
 18
 19
 20
 21   27,0   31,8  16:15   20,5  23:25    0,0    5,0    0,0    2,9   20,9  19:40    122 (VJV)
 22   21,8   30,8  15:20   16,9  05:45    0,0    2,1   30,7    2,1   29,0  17:20    204 (JJZ)
 23   21,9   29,3  17:15   16,2  05:35    0,0    2,2   21,1    2,5   30,6  23:15    292 (ZSZ)
 24   19,1   24,2  13:30   16,8  03:40    0,0    0,6    7,6    1,9   17,7  06:30     55 (SV)
 25   20,2   27,8  16:05   16,7  05:05    0,0    1,2    2,0    1,0   12,9  14:10    150 (JJV)
 26   21,4   29,2  15:00   14,6  06:00    0,0    1,9    0,3    1,3   12,9  14:20    341 (SSZ)
 27   23,3   30,4  16:05   16,3  05:55    0,0    2,9    0,0    1,3   12,9  12:35    146 (JV)
 28   24,4   32,9  15:30   17,1  05:25    0,0    3,6    0,0    0,9   14,5  15:35    149 (JJV)
 29   25,0   32,1  16:50   18,8  06:15    0,0    3,9   55,1    2,0   30,6  20:50    165 (JJV)
 30   24,0   31,2  17:11   18,9  04:50    0,0    3,4    0,3    1,3   14,5  15:17    150 (JJV)
 31   25,2   32,7  14:19   20,3  05:33    0,0    4,0    0,0    1,1   16,1  14:28     51 (SV)
---------------------------------------------------------------------------------------
      21,3   32,9     28   10,4     13      3,0   49,2  212,9    1,8   45,1  11    140  (JV)
    
Tropske noci (Tmin >= 20): 2
Vroci dnevi (Tmax >= 30): 11
Topli dnevi (Tmax >= 25): 19
Hladni dnevi (Tmin < 0): 0
Ledeni dnevi (Tmax < 0): 0