Vremenska postaja OŠ Trzin, Slovenija

46.134 N| 14.5613 E| 300 m | Prikaži na zemljevidu

Osnovna šola Trzin v sodelovanju s CZ Trzin in Vremenskim društvom ZEVS

Vreme na kratko
4,1°C 80% 1023 mbar 0,6 km/h 3,2 km/h 0,0 mm
-1,9°C/h 9%/h 0 mbar/h S (9°) S (9°) 0,0 mm/h

14. 04. 2021 22:15:00 CEST

Vremenska statistika za 06-2020

Vremenska postaja:Vantage Pro2
Programska oprema:weewx v3.8.0
WeeWX aktiven:33 d, 14 h, 58 min
Strežnik aktiven:33 d, 14 h, 10 min
                   MONTHLY CLIMATOLOGICAL SUMMARY for jun 2020


NAME: OS Trzin, Slovenija                  
ELEV: 300 m    LAT: 46-08.04 S    LONG: 14-33.66 V


                   TEMPERATURE (°C), RAIN (mm), WIND SPEED (km/h)

                                         HEAT   COOL         AVG
      MEAN                               DEG    DEG          WIND                   DOM
DAY   TEMP   HIGH   TIME    LOW   TIME   DAYS   DAYS   RAIN  SPEED   HIGH   TIME    DIR
---------------------------------------------------------------------------------------
 01   17,1   23,9  15:53   11,2  05:42    0,5    0,0    0,0    2,1   17,7  13:18    130 (JV)
 02   17,6   24,6  13:37   10,7  05:15    0,2    0,0    0,5    1,9   22,5  16:27    118 (VJV)
 03   18,5   26,2  14:57   11,3  05:33    0,0    0,3    0,0    3,5   37,0  17:29    136 (JV)
 04   17,0   21,1  14:28   14,1  05:17    0,6    0,0    4,1    5,2   40,2  10:40    140 (JV)
 05   14,8   17,9  10:59   13,7  13:56    1,8    0,0   28,7    2,0   32,2  13:05    340 (SSZ)
 06   17,8   24,5  17:47   13,1  05:48    0,1    0,0    1,3    1,4   20,9  14:41    139 (JV)
 07   18,2   24,8  14:47   13,1  04:00    0,0    0,1    4,1    3,0   37,0  15:36    125 (JV)
 08   15,0   16,1  00:00   13,9  11:47    1,6    0,0   27,9    0,9   17,7  11:28      2 (S)
 09   15,3   19,9  17:35   13,2  23:54    1,5    0,0   19,3    0,8    9,7  09:54    172 (J)
 10   15,7   21,7  16:51   12,8  06:04    1,3    0,0    1,5    1,6   22,5  17:50    144 (JV)
 11   16,4   23,4  16:29    9,3  05:09    0,9    0,0    0,3    2,3   30,6  12:22    136 (JV)
 12   18,0   25,3  16:03   10,4  05:16    0,0    0,0    0,0    4,2   32,2  14:17    147 (JJV)
 13   20,0   27,2  16:18   12,3  04:53    0,0    1,1    0,0    5,0   38,6  14:07    146 (JV)
 14   19,5   25,3  17:10   12,9  05:10    0,0    0,9    0,0    3,2   32,2  12:12    141 (JV)
 15   17,6   20,3  18:07   16,1  06:49    0,2    0,0   13,5    0,5    8,0  09:33    187 (J)
 16   19,3   24,7  12:54   15,7  05:39    0,0    0,7    0,0    1,3   14,5  14:21    136 (JV)
 17   19,5   25,3  14:39   15,3  05:39    0,0    0,8    0,0    1,5   20,9  15:41     58 (VSV)
 18   20,0   26,3  15:08   12,8  05:39    0,0    1,1    0,0    5,0   45,1  14:14    134 (JV)
 19   18,8   24,3  11:34   15,6  23:26    0,0    0,5   14,5    2,4   25,7  15:12    355 (S)
 20   18,6   24,5  16:22   14,4  05:20    0,0    0,3    0,3    0,9   14,5  12:50    114 (VJV)
 21   18,1   22,3  17:55   15,6  06:30    0,0    0,1    1,0    0,9   12,9  14:39    169 (J)
 22   21,6   29,5  15:48   14,1  05:39    0,0    2,0    0,0    3,3   30,6  16:04    332 (SSZ)
 23   22,0   30,5  14:55   13,1  05:37    0,0    2,2    0,0    2,5   16,1  13:39    139 (JV)
 24   20,5   27,3  16:30   12,9  05:14    0,0    1,4    0,0    2,4   16,1  15:02    126 (JV)
 25   16,5   18,9  02:57   15,2  07:25    0,8    0,0   30,7    2,5   20,9  17:22    333 (SSZ)
 26   19,8   28,1  16:49   14,7  04:08    0,0    1,0    0,3    1,6   16,1  17:13    143 (JV)
 27   22,2   29,6  16:03   14,7  05:11    0,0    2,3    0,0    3,6   33,8  14:55    148 (JJV)
 28   23,7   31,7  16:08   16,2  05:45    0,0    3,1    0,0    0,9   17,7  17:04    135 (JV)
 29   21,7   30,3  14:36   16,9  05:02    0,0    2,0    0,0    3,0   33,8  16:05    129 (JV)
 30   20,9   27,5  17:32   16,6  03:30    0,0    1,6    0,0    0,6   11,3  12:04    346 (SSZ)
---------------------------------------------------------------------------------------
      18,7   31,7     28    9,3     11      9,5   21,6  147,8    2,3   45,1  18    134  (JV)
    
Tropske noci (Tmin >= 20): 0
Vroci dnevi (Tmax >= 30): 3
Topli dnevi (Tmax >= 25): 14
Hladni dnevi (Tmin < 0): 0
Ledeni dnevi (Tmax < 0): 0