Vremenska postaja OŠ Trzin, Slovenija

46.134 N| 14.5613 E| 300 m | Prikaži na zemljevidu

Osnovna šola Trzin v sodelovanju s CZ Trzin in Vremenskim društvom ZEVS

Vreme na kratko
4,6°C 77% 1023 mbar 1,9 km/h 4,8 km/h 0,0 mm
-1,6°C/h 7%/h 0 mbar/h JZ (228°) JZ (228°) 0,0 mm/h

14. 04. 2021 22:00:00 CEST

Vremenska statistika za 05-2020

Vremenska postaja:Vantage Pro2
Programska oprema:weewx v3.8.0
WeeWX aktiven:33 d, 14 h, 43 min
Strežnik aktiven:33 d, 13 h, 55 min
                   MONTHLY CLIMATOLOGICAL SUMMARY for maj 2020


NAME: OS Trzin, Slovenija                  
ELEV: 300 m    LAT: 46-08.04 S    LONG: 14-33.66 V


                   TEMPERATURE (°C), RAIN (mm), WIND SPEED (km/h)

                                         HEAT   COOL         AVG
      MEAN                               DEG    DEG          WIND                   DOM
DAY   TEMP   HIGH   TIME    LOW   TIME   DAYS   DAYS   RAIN  SPEED   HIGH   TIME    DIR
---------------------------------------------------------------------------------------
 01   13,8   19,4  15:19   10,3  06:35    2,4    0,0   13,0    2,3   24,1  15:42    149 (JJV)
 02   13,3   21,0  13:18    9,4  06:16    2,6    0,0    1,8    1,9   20,9  16:02    142 (JV)
 03   12,8   19,3  16:06    7,5  23:55    2,9    0,0    3,0    2,2   16,1  13:07    143 (JV)
 04   13,1   22,3  15:41    4,7  06:05    2,7    0,0    0,0    3,9   32,2  18:09    148 (JJV)
 05   12,1   16,7  14:50    6,9  05:20    3,3    0,0    0,3    1,0   14,5  22:32     16 (SSV)
 06   11,9   17,2  16:32    7,1  23:59    3,4    0,0    2,5    2,6   16,1  16:24    156 (JJV)
 07   13,3   23,3  16:10    3,3  05:51    2,6    0,0    0,0    2,7   27,4  17:24    141 (JV)
 08   15,9   24,9  14:25    6,8  05:34    1,1    0,0    0,0    5,1   38,6  15:28    149 (JJV)
 09   17,2   25,5  14:50    8,1  05:23    0,5    0,0    0,0    4,9   45,1  15:53    147 (JJV)
 10   16,6   24,1  14:49    9,8  05:24    0,8    0,0    0,0    4,3   38,6  16:15    142 (JV)
 11   14,4   18,9  16:56   11,9  04:14    2,0    0,0    3,0    2,6   35,4  16:46    106 (VJV)
 12   10,0   13,8  00:00    7,5  23:36    4,5    0,0   27,4    2,1   25,7  08:54    128 (JV)
 13   11,9   18,7  17:27    7,0  02:43    3,4    0,0    3,3    1,1   12,9  20:04    309 (SZ)
 14   18,1   26,1  14:31   11,9  06:04    0,0    0,0    0,3    4,1   27,4  08:34    106 (VJV)
 15   13,1   15,8  14:26   11,0  11:41    2,7    0,0   15,2    2,6   17,7  02:36     79 (V)
 16   12,0   16,1  15:12    8,5  06:19    3,3    0,0    7,9    1,8   16,1  09:15    317 (SZ)
 17   15,0   20,0  15:33   10,8  05:46    1,7    0,0    3,0    1,4   17,7  13:54    155 (JJV)
 18   17,0   23,4  15:12    9,8  05:54    0,6    0,0    0,0    2,4   19,3  13:05    162 (JJV)
 19   14,8   17,3  10:47   13,4  05:17    1,8    0,0   10,4    1,4   16,1  01:16    319 (SZ)
 20   16,7   21,1  17:44   13,5  05:14    0,7    0,0    0,8    2,7   27,4  15:00     61 (VSV)
 21   17,5   23,9  16:23    9,7  05:19    0,3    0,0    0,0    3,1   20,9  14:31     90 (V)
 22   16,5   23,6  16:25    8,7  05:20    0,8    0,0    0,0    2,7   29,0  17:50    141 (JV)
 23   19,0   25,9  16:49   13,6  00:19    0,0    0,6    1,5    3,2   33,8  15:11    145 (JV)
 24   16,3   22,4  16:30   10,6  23:59    0,9    0,0   20,8    1,7   17,7  12:14    133 (JV)
 25   15,0   22,9  16:09    9,4  05:18    1,7    0,0    1,5    2,0   22,5  15:38    117 (VJV)
 26   15,6   21,8  15:18   10,7  05:28    1,3    0,0    0,3    2,8   19,3  15:20     25 (SSV)
 27   15,8   23,0  17:39    8,1  05:49    1,2    0,0    0,0    2,3   14,5  12:28    149 (JJV)
 28   13,3   21,3  16:14    7,0  05:29    2,6    0,0    0,0    1,6   19,3  18:08     12 (SSV)
 29   13,4   20,6  16:15    6,3  05:21    2,6    0,0    0,5    2,0   16,1  13:24    115 (VJV)
 30   14,1   18,3  11:25    9,1  05:43    2,2    0,0    0,0    1,5   14,5  11:20     46 (SV)
 31   12,5   19,3  14:19    5,1  05:34    3,0    0,0    0,5    1,8   17,7  17:22     81 (V)
---------------------------------------------------------------------------------------
      14,6   26,1     14    3,3     07     59,5    0,6  117,1    2,5   45,1  09    135  (JV)
    
Tropske noci (Tmin >= 20): 0
Vroci dnevi (Tmax >= 30): 0
Topli dnevi (Tmax >= 25): 3
Hladni dnevi (Tmin < 0): 0
Ledeni dnevi (Tmax < 0): 0