Vremenska postaja OŠ Trzin, Slovenija

46.134 N| 14.5613 E| 300 m | Prikaži na zemljevidu

Osnovna šola Trzin v sodelovanju s CZ Trzin in Vremenskim društvom ZEVS

Vreme na kratko
5,1°C 75% 1022 mbar 1,1 km/h 3,2 km/h 0,0 mm
-1,4°C/h 6%/h 0 mbar/h JJZ (209°) JJZ (209°) 0,0 mm/h

14. 04. 2021 21:50:00 CEST

Vremenska statistika za 04-2020

Vremenska postaja:Vantage Pro2
Programska oprema:weewx v3.8.0
WeeWX aktiven:33 d, 14 h, 33 min
Strežnik aktiven:33 d, 13 h, 45 min
                   MONTHLY CLIMATOLOGICAL SUMMARY for apr 2020


NAME: OS Trzin, Slovenija                  
ELEV: 300 m    LAT: 46-08.04 S    LONG: 14-33.66 V


                   TEMPERATURE (°C), RAIN (mm), WIND SPEED (km/h)

                                         HEAT   COOL         AVG
      MEAN                               DEG    DEG          WIND                   DOM
DAY   TEMP   HIGH   TIME    LOW   TIME   DAYS   DAYS   RAIN  SPEED   HIGH   TIME    DIR
---------------------------------------------------------------------------------------
 01    3,9   10,2  16:12   -1,2  04:51    7,8    0,0    0,0    3,2   22,5  10:25     66 (VSV)
 02    3,9   13,7  17:00   -3,9  06:43    7,8    0,0    0,0    1,6   16,1  16:35    118 (VJV)
 03    7,5   18,1  15:18   -2,2  06:56    5,8    0,0    0,0    2,0   14,5  15:45    124 (VJV)
 04   10,9   16,8  16:10    3,3  06:56    3,9    0,0    0,0    3,8   30,6  15:00     29 (SSV)
 05   10,3   18,1  15:58    1,0  06:39    4,3    0,0    0,0    4,8   30,6  12:55     22 (SSV)
 06   11,5   20,1  14:57    2,1  06:39    3,6    0,0    0,0    3,4   25,7  17:08     27 (SSV)
 07   10,7   20,3  15:26    1,0  06:24    4,1    0,0    0,0    2,9   22,5  15:06     65 (VSV)
 08    9,9   21,1  16:27   -0,4  06:32    4,5    0,0    0,0    2,2   19,3  12:08    110 (VJV)
 09   11,6   24,0  16:00    0,7  06:57    3,6    0,0    0,0    1,7   12,9  16:05    158 (JJV)
 10   13,4   24,4  16:21    3,3  06:04    2,6    0,0    0,0    1,6   14,5  16:22    128 (JV)
 11   14,7   24,8  15:45    4,8  06:42    1,8    0,0    0,0    1,9   16,1  14:25    134 (JV)
 12   15,0   24,6  15:00    5,9  06:53    1,7    0,0    0,0    3,0   37,0  15:31    134 (JV)
 13   13,7   22,4  14:21    6,2  06:27    2,4    0,0    0,0    6,0   48,3  15:59    155 (JJV)
 14    6,7   12,7  02:26    1,2  23:55    6,3    0,0    9,7    2,7   22,5  08:05    142 (JV)
 15    6,1   15,2  17:10   -0,9  06:43    6,6    0,0    0,0    1,7   17,7  14:17    153 (JJV)
 16   11,1   23,2  14:23    0,9  06:31    3,8    0,0    0,0    4,3   38,6  15:38    148 (JJV)
 17   13,7   24,5  15:23    3,0  06:25    2,4    0,0    0,0    3,5   35,4  16:54    141 (JV)
 18   14,9   24,8  14:37    4,8  06:05    1,7    0,0    0,0    3,9   30,6  17:15    146 (JV)
 19   16,2   26,2  15:50    7,4  06:45    1,0    0,0    0,0    3,0   25,7  16:33    118 (VJV)
 20   12,5   15,0  15:34    9,5  07:46    3,1    0,0    0,3    5,3   27,4  05:40     28 (SSV)
 21   12,3   18,0  16:01    8,8  23:59    3,1    0,0    0,0    4,7   29,0  14:40     51 (SV)
 22   12,3   19,2  14:58    4,2  05:25    3,2    0,0    0,0    4,0   33,8  12:27     44 (SV)
 23   12,3   21,3  16:32    3,5  06:25    3,2    0,0    0,0    2,6   20,9  17:14     79 (VSV)
 24   13,5   24,0  14:56    2,9  05:59    2,5    0,0    0,0    4,0   33,8  16:23    145 (JV)
 25   15,5   24,1  14:56    6,1  06:28    1,4    0,0    0,0    5,5   38,6  14:45    147 (JJV)
 26   16,1   22,4  16:22   12,2  06:51    1,0    0,0    0,0    2,9   27,4  18:02    134 (JV)
 27   14,9   22,2  15:50    7,6  05:45    1,7    0,0    0,0    2,9   33,8  16:02    143 (JV)
 28   14,4   19,8  13:47   10,2  03:56    2,0    0,0    1,5    2,4   32,2  14:37    143 (JV)
 29   13,0   15,9  13:46   10,6  23:58    2,8    0,0    7,1    1,9   19,3  10:06    169 (JJV)
 30   14,6   21,7  15:23    8,5  04:53    1,9    0,0    0,0    2,9   25,7  19:07    139 (JV)
---------------------------------------------------------------------------------------
      11,9   26,2     19   -3,9     02    101,6    0,0   18,5    3,2   48,3  13    113  (VJV)
    
Tropske noci (Tmin >= 20): 0
Vroci dnevi (Tmax >= 30): 0
Topli dnevi (Tmax >= 25): 1
Hladni dnevi (Tmin < 0): 5
Ledeni dnevi (Tmax < 0): 0