Vremenska postaja OŠ Trzin, Slovenija

46.134 N| 14.5613 E| 300 m | Prikaži na zemljevidu

Osnovna šola Trzin v sodelovanju s CZ Trzin in Vremenskim društvom ZEVS

Vreme na kratko
5,3°C 74% 1022 mbar 1,7 km/h 4,8 km/h 0,0 mm
-1,4°C/h 6%/h 0 mbar/h J (184°) J (184°) 0,0 mm/h

14. 04. 2021 21:35:00 CEST

Vremenska statistika za 03-2020

Vremenska postaja:Vantage Pro2
Programska oprema:weewx v3.8.0
WeeWX aktiven:33 d, 14 h, 18 min
Strežnik aktiven:33 d, 13 h, 30 min
                   MONTHLY CLIMATOLOGICAL SUMMARY for mar 2020


NAME: OS Trzin, Slovenija                  
ELEV: 300 m    LAT: 46-08.04 S    LONG: 14-33.66 V


                   TEMPERATURE (°C), RAIN (mm), WIND SPEED (km/h)

                                         HEAT   COOL         AVG
      MEAN                               DEG    DEG          WIND                   DOM
DAY   TEMP   HIGH   TIME    LOW   TIME   DAYS   DAYS   RAIN  SPEED   HIGH   TIME    DIR
---------------------------------------------------------------------------------------
 01    7,9    9,1  12:59    6,7  07:57    5,6    0,0   29,5    2,7   25,7  00:35    336 (SSZ)
 02    9,3   13,8  12:30    7,2  00:00    4,8    0,0   10,7    4,6   40,2  13:17    152 (JJV)
 03    8,0   12,5  11:28    5,6  21:29    5,6    0,0   13,5    3,2   25,7  15:16    344 (SSZ)
 04    5,9    9,2  14:03    1,4  23:59    6,7    0,0    0,5    2,3   17,7  17:17    162 (JJV)
 05    4,2    9,7  15:16   -1,5  06:17    7,6    0,0    0,0    1,6   14,5  14:51     33 (SSV)
 06    4,4    6,5  16:23    2,1  23:07    7,6    0,0   13,2    1,0    9,7  07:44    287 (ZSZ)
 07    6,7   13,7  13:25    2,4  23:59    6,3    0,0    0,0    2,0   17,7  16:56    357 (S)
 08    4,5   12,4  14:39   -1,1  06:00    7,5    0,0    0,0    1,8   14,5  11:47    158 (JJV)
 09    5,6   11,8  16:03    0,2  03:11    6,9    0,0    0,0    1,0   11,3  13:01    143 (JV)
 10    6,7   13,0  15:37    0,3  06:35    6,3    0,0    0,0    1,2   17,7  15:46     86 (V)
 11    9,3   19,1  14:50    1,7  06:46    4,8    0,0    0,0    3,5   27,4  15:08    143 (JV)
 12    9,4   18,6  13:39    1,4  06:23    4,8    0,0    0,0    4,1   37,0  12:34    140 (JV)
 13    8,1   10,9  15:00    4,9  03:44    5,5    0,0    0,0    1,1   14,5  15:54    128 (JV)
 14    8,5   13,2  13:17    3,4  06:57    5,3    0,0    0,0    3,2   20,9  10:59     51 (SV)
 15    6,1   11,6  15:42   -0,3  23:59    6,6    0,0    0,0    3,6   22,5  10:13     45 (SV)
 16    4,6   14,7  15:00   -3,0  06:19    7,4    0,0    0,0    1,7   16,1  20:10    124 (VJV)
 17    8,3   20,3  15:35   -1,3  06:35    5,4    0,0    0,0    1,7    9,7  11:20     19 (SSV)
 18   11,5   19,8  14:34    5,0  06:25    3,6    0,0    0,0    1,9   17,7  13:17    112 (VJV)
 19   11,0   21,1  15:15    2,4  06:21    3,9    0,0    0,0    1,5   16,1  12:18     97 (V)
 20   10,8   20,7  14:09    2,6  06:22    4,0    0,0    0,0    3,4   33,8  16:10    149 (JJV)
 21    9,9   19,1  13:53    4,1  05:36    4,5    0,0   14,2    3,5   24,1  22:19     63 (VSV)
 22    4,4    8,4  14:46    0,9  23:57    7,6    0,0    0,5    5,6   32,2  18:55     71 (VSV)
 23    2,7    7,3  12:32   -1,4  06:21    8,5    0,0    0,0    8,0   35,4  15:31      1 (S)
 24    3,1    6,2  11:55   -0,2  00:00    8,3    0,0    0,0    5,9   33,8  14:20     11 (S)
 25    1,6    3,5  13:37    0,0  05:13    9,1    0,0    0,3    5,4   27,4  12:20     41 (SV)
 26    3,3    6,0  23:57    0,7  05:38    8,2    0,0    1,0    4,8   29,0  02:25      9 (S)
 27    8,5   13,5  15:31    3,2  23:58    5,3    0,0    0,0    4,2   25,7  07:40    359 (S)
 28    8,3   17,3  15:34    0,1  05:25    5,4    0,0    0,0    1,9   19,3  14:21    159 (JJV)
 29   10,0   18,8  14:13    1,3  06:53    4,5    0,0    1,0    1,8   17,7  18:08     78 (VSV)
 30    5,1   10,0  00:00    3,3  21:34    7,2    0,0    5,6    3,6   22,5  04:02     58 (VSV)
 31    3,9    8,6  15:34    0,1  07:04    7,8    0,0    0,3    5,2   32,2  15:39      7 (S)
---------------------------------------------------------------------------------------
       6,8   21,1     19   -3,0     16    192,5    0,0   90,2    3,1   40,2  02     43  (SV)
    
Tropske noci (Tmin >= 20): 0
Vroci dnevi (Tmax >= 30): 0
Topli dnevi (Tmax >= 25): 0
Hladni dnevi (Tmin < 0): 7
Ledeni dnevi (Tmax < 0): 0