Vremenska postaja OŠ Trzin, Slovenija

46.134 N| 14.5613 E| 300 m | Prikaži na zemljevidu

Osnovna šola Trzin v sodelovanju s CZ Trzin in Vremenskim društvom ZEVS

Vreme na kratko
6,0°C 71% 1022 mbar 4,2 km/h 9,7 km/h 0,0 mm
-1,2°C/h 6%/h 1 mbar/h J (179°) J (179°) 0,0 mm/h

14. 04. 2021 21:15:00 CEST

Vremenska statistika za 02-2020

Vremenska postaja:Vantage Pro2
Programska oprema:weewx v3.8.0
WeeWX aktiven:33 d, 13 h, 58 min
Strežnik aktiven:33 d, 13 h, 10 min
                   MONTHLY CLIMATOLOGICAL SUMMARY for feb 2020


NAME: OS Trzin, Slovenija                  
ELEV: 300 m    LAT: 46-08.04 S    LONG: 14-33.66 V


                   TEMPERATURE (°C), RAIN (mm), WIND SPEED (km/h)

                                         HEAT   COOL         AVG
      MEAN                               DEG    DEG          WIND                   DOM
DAY   TEMP   HIGH   TIME    LOW   TIME   DAYS   DAYS   RAIN  SPEED   HIGH   TIME    DIR
---------------------------------------------------------------------------------------
 01    8,3   12,2  14:26    5,1  06:45    5,4    0,0    0,0    1,9   16,1  14:10    143 (JV)
 02    8,8   11,7  12:19    4,7  03:50    5,1    0,0    0,0    3,8   20,9  13:03    344 (SSZ)
 03   10,6   12,6  14:51    8,9  23:59    4,1    0,0    0,0    4,0   22,5  01:33    341 (SSZ)
 04    8,3   12,2  14:43    4,4  23:25    5,4    0,0    9,9    5,0   49,9  10:08    334 (SSZ)
 05    6,5    9,1  13:10    1,2  23:08    6,4    0,0    0,0    9,8   46,7  07:59    338 (SSZ)
 06    4,1   11,3  14:55   -1,8  23:54    7,7    0,0    0,0    3,2   29,0  02:43     39 (SV)
 07    0,7    9,2  14:32   -4,0  06:29    9,6    0,0    0,0    1,2    9,7  12:17     53 (SV)
 08    0,7    9,7  14:38   -4,4  07:06    9,6    0,0    0,0    0,9    8,0  13:50     96 (V)
 09    2,8   10,7  15:05   -3,8  06:46    8,4    0,0    0,3    1,6   29,0  13:16     99 (V)
 10    8,2   10,5  13:07    6,4  00:00    5,5    0,0    1,8    3,4   25,7  09:55      3 (S)
 11    8,9   14,6  13:40    5,9  23:37    5,0    0,0    1,3    2,0   24,1  15:16    112 (VJV)
 12    5,2   11,0  13:52   -0,1  23:57    7,1    0,0    0,3    2,0   12,9  11:40    351 (S)
 13    4,7   10,8  17:58   -2,1  07:17    7,4    0,0    0,0    1,9   24,1  17:47    103 (VJV)
 14    7,2   15,3  14:49    1,4  23:59    6,0    0,0    3,0    2,1   17,7  02:14    347 (SSZ)
 15    4,3   13,3  14:27   -1,2  07:18    7,6    0,0    0,0    0,7    8,0  13:23     77 (VSV)
 16    5,1   14,3  15:04   -1,6  07:08    7,2    0,0    0,3    2,0   35,4  14:53    151 (JJV)
 17    8,4   11,4  13:48    4,7  01:52    5,3    0,0    0,0    3,5   20,9  09:59    142 (JV)
 18    8,7   11,8  14:22    3,8  23:54    5,1    0,0    0,0    1,5   16,1  00:42    156 (JJV)
 19    7,2   11,6  13:10    3,1  23:59    6,0    0,0    0,0    1,6   22,5  11:13    133 (JV)
 20    3,4    9,9  15:06   -1,9  07:14    8,1    0,0    0,0    1,4   12,9  01:07    104 (VJV)
 21    4,0   15,3  14:06   -2,4  06:40    7,8    0,0    0,0    1,6   17,7  19:03     37 (SV)
 22    5,8   13,8  15:00   -0,3  00:23    6,8    0,0    0,0    3,4   33,8  15:11    150 (JJV)
 23    7,0   13,5  15:05    1,2  05:54    6,1    0,0    0,0    3,1   38,6  15:11    141 (JV)
 24    7,6   11,9  11:36    3,7  02:01    5,8    0,0    0,0    1,8   16,1  12:15     78 (VSV)
 25    8,2   10,5  15:51    5,8  02:04    5,5    0,0    8,6    2,1   20,9  15:49    139 (JV)
 26    5,5   10,4  10:18    1,1  17:41    7,0    0,0   15,0    2,0   30,6  11:23    269 (Z)
 27    3,7    8,9  15:33    0,2  07:21    7,9    0,0    5,1    1,8   27,4  15:38     67 (VSV)
 28    4,6   10,7  14:30   -0,9  23:59    7,4    0,0    1,5    5,6   48,3  13:37    334 (SSZ)
 29    5,4   13,5  14:37   -2,3  05:37    7,0    0,0    0,0    3,6   35,4  13:37     65 (VSV)
---------------------------------------------------------------------------------------
       6,0   15,3     21   -4,4     08    193,4    0,0   47,0    2,7   49,9  04      7  (S)
    
Tropske noci (Tmin >= 20): 0
Vroci dnevi (Tmax >= 30): 0
Topli dnevi (Tmax >= 25): 0
Hladni dnevi (Tmin < 0): 13
Ledeni dnevi (Tmax < 0): 0