Vremenska postaja OŠ Trzin, Slovenija

46.134 N| 14.5613 E| 300 m | Prikaži na zemljevidu

Osnovna šola Trzin v sodelovanju s CZ Trzin in Vremenskim društvom ZEVS

Vreme na kratko
6,2°C 70% 1022 mbar 5,5 km/h 9,7 km/h 0,0 mm
-1,3°C/h 7%/h 1 mbar/h J (180°) J (180°) 0,0 mm/h

14. 04. 2021 21:05:00 CEST

Vremenska statistika za 01-2020

Vremenska postaja:Vantage Pro2
Programska oprema:weewx v3.8.0
WeeWX aktiven:33 d, 13 h, 48 min
Strežnik aktiven:33 d, 13 h, 0 min
                   MONTHLY CLIMATOLOGICAL SUMMARY for jan 2020


NAME: OS Trzin, Slovenija                  
ELEV: 300 m    LAT: 46-08.04 S    LONG: 14-33.66 V


                   TEMPERATURE (°C), RAIN (mm), WIND SPEED (km/h)

                                         HEAT   COOL         AVG
      MEAN                               DEG    DEG          WIND                   DOM
DAY   TEMP   HIGH   TIME    LOW   TIME   DAYS   DAYS   RAIN  SPEED   HIGH   TIME    DIR
---------------------------------------------------------------------------------------
 01   -1,1    6,0  13:38   -5,0  07:53   10,6    0,0    0,0    0,2   11,3  03:04    140 (JV)
 02   -3,0    0,6  13:57   -4,4  03:07   11,7    0,0    0,3    0,6    6,4  08:31    119 (VJV)
 03   -2,3    2,3  14:05   -5,6  08:23   11,3    0,0    0,3    0,3    4,8  00:02    126 (JV)
 04   -0,2    4,2  13:59   -3,6  08:01   10,1    0,0    0,0    1,6   14,5  22:56    155 (JJV)
 05    2,4    8,4  07:35   -2,9  23:58    8,6    0,0    0,0    4,1   29,0  07:34    188 (J)
 06   -2,3    4,7  14:26   -6,2  07:45   11,3    0,0    0,0    0,9    9,7  11:08    124 (JV)
 07   -2,9    2,8  13:55   -6,7  07:55   11,6    0,0    0,3    0,5    6,4  10:30     36 (SV)
 08   -2,4    4,8  14:31   -6,7  07:57   11,4    0,0    0,0    0,7    9,7  12:07    141 (JV)
 09    0,2    7,4  13:41   -3,1  00:00    9,9    0,0    0,0    0,5    6,4  07:38    138 (JV)
 10    1,0   10,1  13:42   -3,5  07:05    9,5    0,0    0,3    1,2   27,4  14:43     99 (V)
 11    0,3    8,2  13:44   -4,2  08:15    9,8    0,0    0,3    0,8    9,7  10:35    148 (JJV)
 12    1,9    7,9  14:14   -2,7  23:43    9,0    0,0    0,0    0,8    9,7  11:52    338 (SSZ)
 13   -1,9    1,7  15:36   -4,4  04:40   11,0    0,0    0,0    0,6    6,4  11:22    120 (VJV)
 14    0,6    8,7  14:30   -4,0  07:55    9,7    0,0    0,3    1,2   22,5  15:24    165 (JJV)
 15    1,2    8,6  15:47   -4,5  07:38    9,3    0,0    0,0    0,7   17,7  15:20    158 (JJV)
 16    2,1    7,8  14:16   -2,0  06:43    8,8    0,0    0,3    0,5    9,7  01:06     55 (SV)
 17    2,3    6,2  12:57   -1,3  07:34    8,7    0,0    0,0    2,6   14,5  13:47    169 (J)
 18    1,4    1,9  14:10    1,1  22:27    9,2    0,0    0,5    0,8    8,0  10:29    177 (J)
 19    2,0    7,1  14:22   -1,7  23:36    8,9    0,0    0,5    0,7    8,0  11:21    155 (JJV)
 20    1,2    5,0  14:01   -2,8  02:52    9,3    0,0    0,3    1,1   12,9  14:12     30 (SSV)
 21    0,3    6,4  14:08   -3,4  23:59    9,8    0,0    0,0    0,4    8,0  13:02     36 (SV)
 22   -0,1    9,3  14:25   -4,6  07:31   10,1    0,0    0,3    1,1    8,0  11:31    349 (S)
 23   -1,5    5,1  14:28   -4,7  07:04   10,8    0,0    0,0    0,9    9,7  12:41    150 (JJV)
 24   -1,8    4,4  14:15   -5,4  04:21   11,0    0,0    0,0    0,7    6,4  12:09     89 (V)
 25    2,7    8,3  15:36   -1,1  00:00    8,5    0,0    0,8    0,8   11,3  21:21     55 (SV)
 26    4,7    7,1  15:59    2,9  01:26    7,4    0,0    1,8    0,4    8,0  06:27    167 (JJV)
 27    4,6    5,4  15:30    3,2  23:44    7,4    0,0    0,3    0,9    6,4  11:08    342 (SSZ)
 28    5,9    9,6  14:11    3,0  02:36    6,7    0,0   11,9    1,6   19,3  13:28    302 (ZSZ)
 29    4,1    9,7  14:14    0,3  22:33    7,7    0,0    0,0    1,1   11,3  12:42    135 (JV)
 30    1,1    5,9  15:31   -1,4  05:40    9,4    0,0    0,3    1,2   12,9  01:06    170 (J)
 31    6,6   12,8  14:39    2,1  06:58    6,3    0,0    0,0    2,9   30,6  14:48    139 (JV)
---------------------------------------------------------------------------------------
       0,9   12,8     31   -6,7     07    294,9    0,0   18,3    1,0   30,6  31    140  (JV)
    
Tropske noci (Tmin >= 20): 0
Vroci dnevi (Tmax >= 30): 0
Topli dnevi (Tmax >= 25): 0
Hladni dnevi (Tmin < 0): 25
Ledeni dnevi (Tmax < 0): 0