Vremenska postaja OŠ Trzin, Slovenija

46.134 N| 14.5613 E| 300 m | Prikaži na zemljevidu

Osnovna šola Trzin v sodelovanju s CZ Trzin in Vremenskim društvom ZEVS

Vreme na kratko
3,7°C 82% 1023 mbar 1,4 km/h 3,2 km/h 0,0 mm
-1,9°C/h 9%/h 0 mbar/h S (9°) S (9°) 0,0 mm/h

14. 04. 2021 22:25:00 CEST

Vremenska statistika za 2019

Vremenska postaja:Vantage Pro2
Programska oprema:weewx v3.8.0
WeeWX aktiven:33 d, 15 h, 8 min
Strežnik aktiven:33 d, 14 h, 20 min
                     CLIMATOLOGICAL SUMMARY for year 2019


NAME: OS Trzin, Slovenija                  
ELEV: 300 m    LAT: 46-08.04 S    LONG: 14-33.66 V


                                       TEMPERATURE (°C)

                              HEAT    COOL                             Tropske Vroci  Topli  Hladni  Ledeni
          MEAN   MEAN         DEG     DEG                                >=     >=     >=      <       < 
 YR  MO   MAX    MIN    MEAN  DAYS    DAYS      HI  DAY     LOW  DAY     20     30     25      0       0
---------------------------------------------------------------------------------------------------------
2019 01    4,3   -2,9    0,4  303,9    0,0    12,3   14   -11,1   26      0      0      0     29      2
2019 02   11,2   -1,2    3,8  220,9    0,0    19,8   28    -5,7   24      0      0      0     23      0
2019 03   15,4    1,9    8,1  171,0    0,0    23,2   24    -1,3   21      0      0      0      7      0
2019 04   16,7    6,3   11,2  114,1    0,0    24,1   21     1,4   16      0      0      0      0      0
2019 05   17,7    8,5   12,5   95,7    0,3    25,7   24     1,6   07      0      0      2      0      0
2019 06   29,5   16,0   22,2    0,6   70,4    35,4   27     9,0   01      0     12     29      0      0
2019 07   28,9   16,4   21,7    0,0   64,0    34,8   25    10,8   11      2     15     26      0      0
2019 08   28,3   16,8   21,7    0,0   63,2    33,7   12    11,4   15      0     10     26      0      0
2019 09   22,3   11,9   16,1   36,9    5,7    31,5   01     4,3   21      0      1      9      0      0
2019 10   18,5    8,2   12,3   98,4    0,0    23,4   21     4,1   08      0      0      0      0      0
2019 11   10,9    6,7    8,7  155,0    0,0    17,9   05     0,9   30      0      0      0      0      0
2019 12    6,9    0,1    3,0  258,6    0,0    15,6   17    -6,5   30      0      0      0     19      0
---------------------------------------------------------------------------------------------------------
          17,6    7,4   11,8 1455,3  203,5    35,4  jun   -11,1  jan      2     38     92     78      2


                  PRECIPITATION (mm)

                  MAX         ---DAYS OF RAIN---
                  OBS.               OVER
 YR  MO  TOTAL    DAY  DATE   0.20   2.00  20.00
------------------------------------------------
2019 01   52,8   21,6    18     16      5      1
2019 02   79,8   32,5    02     12      5      1
2019 03   48,8   21,6    25      9      4      1
2019 04   74,4   18,3    05     15      9      0
2019 05  203,2   39,9    28     23     14      3
2019 06  163,3   94,5    20     13      4      3
2019 07  126,0   26,9    28     19     13      2
2019 08  108,7   42,4    02     11      8      2
2019 09  175,5   34,0    23     24      9      4
2019 10   77,7   26,9    02     18      6      1
2019 11  154,4   17,5    06     25     17      0
2019 12  101,1   24,6    02     22      7      1
------------------------------------------------
        1365,8   94,5   jun    207    101     19


           WIND SPEED (km/h)

                                DOM
 YR  MO    AVG     HI   DATE    DIR
-----------------------------------
2019 01    1,4   41,8     03     16 (SSV)
2019 02    1,7   38,6     28    133 (JV)
2019 03    2,4   45,1     07    124 (JV)
2019 04    2,0   54,7     26    136 (JV)
2019 05    1,8   45,1     08    146 (JV)
2019 06    1,7   59,5     21    140 (JV)
2019 07    1,7   53,1     02    134 (JV)
2019 08    1,4   41,8     03    126 (JV)
2019 09    1,2   38,6     08    140 (JV)
2019 10    1,2   33,8     02    124 (JV)
2019 11    1,2   40,2     05    166 (JJV)
2019 12    1,2   30,6     17    153 (JJV)
-----------------------------------
           1,6   59,5    jun    135 (JV)