Vremenska postaja OŠ Trzin, Slovenija

46.134 N| 14.5613 E| 300 m | Prikaži na zemljevidu

Osnovna šola Trzin v sodelovanju s CZ Trzin in Vremenskim društvom ZEVS

Vreme na kratko
6,0°C 71% 1022 mbar 4,2 km/h 9,7 km/h 0,0 mm
-1,2°C/h 6%/h 1 mbar/h J (179°) J (179°) 0,0 mm/h

14. 04. 2021 21:15:00 CEST

Vremenska statistika za 12-2019

Vremenska postaja:Vantage Pro2
Programska oprema:weewx v3.8.0
WeeWX aktiven:33 d, 13 h, 58 min
Strežnik aktiven:33 d, 13 h, 10 min
                   MONTHLY CLIMATOLOGICAL SUMMARY for dec 2019


NAME: OS Trzin, Slovenija                  
ELEV: 300 m    LAT: 46-08.04 S    LONG: 14-33.66 V


                   TEMPERATURE (°C), RAIN (mm), WIND SPEED (km/h)

                                         HEAT   COOL         AVG
      MEAN                               DEG    DEG          WIND                   DOM
DAY   TEMP   HIGH   TIME    LOW   TIME   DAYS   DAYS   RAIN  SPEED   HIGH   TIME    DIR
---------------------------------------------------------------------------------------
 01    2,2    4,1  14:41    0,3  05:59    8,8    0,0    0,8    0,5    8,0  05:46    169 (JJV)
 02    3,7    4,9  13:23    2,9  00:00    7,9    0,0   24,6    1,7   17,7  20:49    153 (JJV)
 03    2,7    7,3  13:46   -1,3  23:33    8,5    0,0    0,0    1,1   14,5  14:37     78 (VSV)
 04   -0,3    5,2  13:46   -2,9  08:21   10,2    0,0    0,3    1,9   17,7  16:50    157 (JJV)
 05   -0,6    1,1  14:27   -3,2  23:32   10,4    0,0    0,0    1,3    8,0  05:32     78 (VSV)
 06   -0,6    5,1  14:07   -4,1  07:49   10,3    0,0    0,3    0,5    6,4  03:39     41 (SV)
 07    1,3    8,0  14:01   -2,4  07:15    9,3    0,0    0,0    0,7    9,7  09:11    320 (SZ)
 08    1,4    5,0  14:43   -1,9  07:18    9,2    0,0    0,3    0,3    6,4  12:44     80 (V)
 09    6,5    9,3  13:48    3,7  00:19    6,4    0,0    9,4    1,3   16,1  20:25    205 (JJZ)
 10    3,5    8,3  14:05   -1,7  23:35    8,0    0,0    0,3    1,5   14,5  14:05    157 (JJV)
 11   -1,5    5,6  13:15   -4,9  07:50   10,8    0,0    0,3    0,7    6,4  12:51    198 (JJZ)
 12   -1,4    0,9  14:51   -4,6  03:15   10,8    0,0    0,0    1,3   14,5  13:47    177 (J)
 13    0,6    2,6  23:55   -0,7  04:54    9,6    0,0   19,1    1,6   20,9  19:00    250 (ZJZ)
 14    1,0    2,7  00:12   -0,7  23:15    9,4    0,0    3,0    1,8   11,3  00:22    160 (JJV)
 15    1,0    3,4  23:20   -1,0  03:44    9,4    0,0    0,5    0,6    8,0  00:08      2 (S)
 16    7,4   11,8  14:36    3,4  00:00    5,9    0,0    0,0    1,0   16,1  18:42    200 (JJZ)
 17   11,0   15,6  14:54    7,6  04:38    3,9    0,0    0,0    2,0   30,6  14:50    151 (JJV)
 18   10,3   15,3  12:38    6,8  06:25    4,3    0,0    0,3    1,0   12,9  02:07    122 (VJV)
 19   10,0   11,3  13:48    9,0  00:00    4,4    0,0    1,8    0,6    9,7  20:24    169 (J)
 20    9,8   13,6  14:26    6,7  07:23    4,6    0,0    4,1    2,9   27,4  14:05    158 (JJV)
 21    9,9   11,4  17:15    8,3  23:59    4,5    0,0   19,8    2,1   22,5  17:06    325 (SZ)
 22    7,1    8,4  10:49    5,8  23:08    6,0    0,0   14,7    2,6   24,1  12:59    322 (SZ)
 23    5,2    8,3  15:13    2,3  23:59    7,1    0,0    0,3    0,8    8,0  07:30    334 (SSZ)
 24    2,9    8,1  14:20   -0,4  08:32    8,4    0,0    0,5    1,4   14,5  19:27    133 (JV)
 25    1,5    6,9  14:10   -1,8  08:48    9,2    0,0    0,3    1,5   14,5  20:58    163 (JJV)
 26    1,8    8,8  14:10   -1,4  08:16    9,0    0,0    0,3    1,0   11,3  00:11     76 (VSV)
 27    2,3    4,7  14:08    0,4  03:52    8,7    0,0    0,0    0,6    8,0  08:42    169 (JJV)
 28   -0,1    4,6  14:10   -2,9  23:07   10,1    0,0    0,0    1,3   12,9  11:08    152 (JJV)
 29   -2,0    3,6  13:42   -5,7  06:54   11,1    0,0    0,3    1,1   12,9  15:21    141 (JV)
 30   -2,9    3,2  14:13   -6,5  08:07   11,6    0,0    0,3    0,9    8,0  12:24     39 (SV)
 31   -1,2    4,3  14:20   -4,8  04:14   10,7    0,0    0,0    0,6    8,0  04:38     96 (V)
---------------------------------------------------------------------------------------
       3,0   15,6     17   -6,5     30    258,6    0,0  101,1    1,2   30,6  17    153  (JJV)
    
Tropske noci (Tmin >= 20): 0
Vroci dnevi (Tmax >= 30): 0
Topli dnevi (Tmax >= 25): 0
Hladni dnevi (Tmin < 0): 19
Ledeni dnevi (Tmax < 0): 0