Vremenska postaja OŠ Trzin, Slovenija

46.134 N| 14.5613 E| 300 m | Prikaži na zemljevidu

Osnovna šola Trzin v sodelovanju s CZ Trzin in Vremenskim društvom ZEVS

Vreme na kratko
6,2°C 70% 1022 mbar 4,9 km/h 9,7 km/h 0,0 mm
-1,3°C/h 9%/h 1 mbar/h J (179°) J (179°) 0,0 mm/h

14. 04. 2021 21:00:00 CEST

Vremenska statistika za 11-2019

Vremenska postaja:Vantage Pro2
Programska oprema:weewx v3.8.0
WeeWX aktiven:33 d, 13 h, 43 min
Strežnik aktiven:33 d, 12 h, 55 min
                   MONTHLY CLIMATOLOGICAL SUMMARY for nov 2019


NAME: OS Trzin, Slovenija                  
ELEV: 300 m    LAT: 46-08.04 S    LONG: 14-33.66 V


                   TEMPERATURE (°C), RAIN (mm), WIND SPEED (km/h)

                                         HEAT   COOL         AVG
      MEAN                               DEG    DEG          WIND                   DOM
DAY   TEMP   HIGH   TIME    LOW   TIME   DAYS   DAYS   RAIN  SPEED   HIGH   TIME    DIR
---------------------------------------------------------------------------------------
 01    7,1    9,0  11:19    5,9  06:33    6,0    0,0    0,0    1,3   11,3  07:58    117 (VJV)
 02    8,7   10,9  16:29    6,2  01:38    5,2    0,0    3,0    1,0    6,4  00:00     38 (SV)
 03   13,4   17,8  14:18   10,4  00:00    2,5    0,0   12,4    1,4   22,5  15:18    297 (ZSZ)
 04   12,4   14,1  14:17   10,0  20:02    3,1    0,0    7,1    1,1   17,7  04:23    323 (SZ)
 05   12,6   17,9  11:48   10,3  00:02    3,0    0,0   14,7    2,8   40,2  11:15    165 (JJV)
 06   10,4   13,2  10:39    8,6  22:28    4,2    0,0   17,5    1,2   16,1  00:15    355 (S)
 07    8,8   13,3  14:05    4,7  23:55    5,1    0,0    1,0    0,9    9,7  13:10    184 (J)
 08    7,3    9,9  14:52    4,2  01:01    6,0    0,0    6,9    1,6   19,3  19:12    354 (S)
 09    8,8   12,4  12:44    5,7  20:55    5,1    0,0    2,8    1,8   16,1  07:51    355 (S)
 10    7,0    9,8  13:57    4,2  23:41    6,1    0,0    0,0    0,9    6,4  01:09    130 (JV)
 11    6,4    8,2  12:19    4,2  00:50    6,4    0,0    1,0    0,9    8,0  02:12    162 (JJV)
 12    7,7    8,4  23:53    7,0  02:23    5,7    0,0   13,5    0,9    9,7  15:03    320 (SZ)
 13    7,7    8,8  07:44    6,1  20:53    5,7    0,0   12,2    2,6   22,5  15:09    335 (SSZ)
 14    7,1    8,5  13:56    5,5  04:27    6,1    0,0    0,5    1,3    6,4  01:04    345 (SSZ)
 15    8,5   10,1  22:53    7,1  04:26    5,3    0,0    8,9    0,7   12,9  23:42    146 (JV)
 16   10,3   13,1  13:56    8,7  07:11    4,3    0,0    5,6    0,9    9,7  03:25    327 (SSZ)
 17   11,7   15,2  13:32    9,6  01:04    3,5    0,0   12,4    1,6   14,5  11:37      9 (S)
 18    9,3   12,1  11:50    7,2  07:41    4,8    0,0    6,6    2,2   29,0  02:30    126 (JV)
 19    8,9   11,9  12:47    7,0  07:14    5,1    0,0    0,5    1,1    8,0  00:28    341 (SSZ)
 20    8,2    9,1  13:14    7,3  02:32    5,4    0,0    6,4    0,5    6,4  01:26    161 (JJV)
 21    8,8   10,5  15:19    7,3  07:38    5,1    0,0    1,0    0,4    6,4  07:20    323 (SZ)
 22    8,2    8,9  15:07    7,3  08:10    5,4    0,0    0,0    0,7    8,0  05:06    347 (SSZ)
 23    9,2   10,5  15:07    8,3  04:32    4,9    0,0    0,5    0,4    6,4  13:02    194 (JJZ)
 24    8,7   10,1  13:57    7,5  07:33    5,2    0,0    0,0    1,0    8,0  06:28    170 (J)
 25    7,7    8,3  00:00    6,9  23:38    5,7    0,0    0,3    2,3   11,3  16:23    172 (J)
 26    6,3    7,1  00:11    5,7  07:35    6,5    0,0    0,5    2,4   11,3  06:57    168 (JJV)
 27    7,5   10,1  23:56    5,6  00:17    5,8    0,0    8,6    0,7    9,7  00:44    161 (JJV)
 28   10,3   12,1  12:52    7,6  23:55    4,3    0,0    6,6    0,7    8,0  00:05    314 (SZ)
 29    7,5   10,0  14:41    5,1  05:41    5,8    0,0    0,0    0,9    9,7  19:47    359 (S)
 30    4,3    6,3  14:04    0,9  23:57    7,6    0,0    3,8    0,9   12,9  09:35     72 (VSV)
---------------------------------------------------------------------------------------
       8,7   17,9     05    0,9     30    155,0    0,0  154,4    1,2   40,2  05    166  (JJV)
    
Tropske noci (Tmin >= 20): 0
Vroci dnevi (Tmax >= 30): 0
Topli dnevi (Tmax >= 25): 0
Hladni dnevi (Tmin < 0): 0
Ledeni dnevi (Tmax < 0): 0