Vremenska postaja OŠ Trzin, Slovenija

46.134 N| 14.5613 E| 300 m | Prikaži na zemljevidu

Osnovna šola Trzin v sodelovanju s CZ Trzin in Vremenskim društvom ZEVS

Vreme na kratko
5,3°C 74% 1022 mbar 2,5 km/h 4,8 km/h 0,0 mm
-1,3°C/h 5%/h 0 mbar/h JJZ (194°) JJZ (194°) 0,0 mm/h

14. 04. 2021 21:40:00 CEST

Vremenska statistika za 09-2019

Vremenska postaja:Vantage Pro2
Programska oprema:weewx v3.8.0
WeeWX aktiven:33 d, 14 h, 23 min
Strežnik aktiven:33 d, 13 h, 35 min
                   MONTHLY CLIMATOLOGICAL SUMMARY for sep 2019


NAME: OS Trzin, Slovenija                  
ELEV: 300 m    LAT: 46-08.04 S    LONG: 14-33.66 V


                   TEMPERATURE (°C), RAIN (mm), WIND SPEED (km/h)

                                         HEAT   COOL         AVG
      MEAN                               DEG    DEG          WIND                   DOM
DAY   TEMP   HIGH   TIME    LOW   TIME   DAYS   DAYS   RAIN  SPEED   HIGH   TIME    DIR
---------------------------------------------------------------------------------------
 01   22,6   31,5  15:04   16,7  06:59    0,0    2,5    0,0    1,4   20,9  18:26      6 (S)
 02   19,3   27,4  14:14   16,2  06:07    0,0    0,7   17,5    1,0   32,2  14:58    161 (JJV)
 03   17,7   23,3  15:57   13,2  23:56    0,2    0,0   11,4    2,3   17,7  10:34    167 (JJV)
 04   16,3   24,5  15:33   10,0  06:41    0,9    0,0    0,3    1,4   16,1  13:46    144 (JV)
 05   17,1   26,7  16:46    9,8  06:32    0,5    0,0    0,3    1,1   16,1  14:37    140 (JV)
 06   16,2   18,5  09:49   14,3  21:15    1,0    0,0    9,4    1,2   25,7  14:44     67 (VSV)
 07   15,8   17,7  14:24   14,1  23:44    1,2    0,0   18,8    0,9   16,1  22:51    175 (J)
 08   14,7   16,2  15:13   13,6  01:10    1,8    0,0   23,9    1,4   38,6  19:38      4 (S)
 09   14,8   20,7  15:29   11,2  23:58    1,8    0,0    7,1    1,2   19,3  12:28    153 (JJV)
 10   14,2   22,9  16:06   10,2  07:07    2,1    0,0    0,3    1,0   14,5  15:32     59 (VSV)
 11   14,5   20,8  15:50    8,4  07:05    1,9    0,0    0,3    1,5   14,5  14:21    164 (JJV)
 12   16,6   25,4  15:20   11,9  07:13    0,8    0,0    0,3    1,1   14,5  12:42    159 (JJV)
 13   16,9   25,8  15:12   11,1  05:44    0,6    0,0    0,3    0,7   12,9  13:27    142 (JV)
 14   18,2   25,2  16:02   11,8  06:31    0,0    0,1    0,3    0,7    9,7  12:20    144 (JV)
 15   19,5   25,6  14:59   15,5  23:59    0,0    0,8    0,0    1,1   16,1  12:27     60 (VSV)
 16   18,5   27,7  15:23   12,9  03:41    0,0    0,3    0,3    0,4    9,7  11:29    140 (JV)
 17   19,9   27,0  14:29   15,2  06:44    0,0    1,1    0,3    1,2   29,0  16:43    150 (JJV)
 18   15,1   18,9  00:06   12,5  22:52    1,6    0,0   21,6    1,6   19,3  10:05    134 (JV)
 19   14,3   19,2  15:04   10,6  22:42    2,0    0,0    0,0    2,1   19,3  13:00     36 (SV)
 20   11,8   18,5  15:17    6,1  07:02    3,4    0,0    0,0    1,6   17,7  13:02    103 (VJV)
 21   10,9   20,0  15:42    4,3  06:55    3,9    0,0    0,0    0,8   16,1  14:30    149 (JJV)
 22   10,9   18,4  14:28    5,4  06:57    3,9    0,0    1,8    0,8   16,1  13:53    140 (JV)
 23   15,3   19,4  11:45   12,4  07:10    1,5    0,0   34,0    0,6   11,3  17:15    163 (JJV)
 24   16,6   21,2  13:32   13,2  23:05    0,8    0,0    0,5    0,8   12,9  11:17    144 (JV)
 25   14,6   17,0  12:33   12,4  06:38    1,9    0,0   22,6    0,9   12,9  21:51    158 (JJV)
 26   15,2   21,4  14:12   12,1  06:50    1,5    0,0    1,8    0,7    9,7  11:58    178 (J)
 27   15,6   22,8  16:13   11,5  04:52    1,3    0,0    0,3    0,7   14,5  16:33    133 (JV)
 28   16,1   19,4  11:18   13,4  07:07    1,0    0,0    1,8    0,7   12,9  20:23    155 (JJV)
 29   16,4   21,2  15:10   13,9  05:34    0,9    0,0    0,8    0,7   12,9  23:36     88 (V)
 30   18,3   23,4  14:56   14,4  23:08    0,0    0,1    0,0    4,6   37,0  13:50    148 (JJV)
---------------------------------------------------------------------------------------
      16,1   31,5     01    4,3     21     36,9    5,7  175,5    1,2   38,6  08    140  (JV)
    
Tropske noci (Tmin >= 20): 0
Vroci dnevi (Tmax >= 30): 1
Topli dnevi (Tmax >= 25): 9
Hladni dnevi (Tmin < 0): 0
Ledeni dnevi (Tmax < 0): 0