Vremenska postaja OŠ Trzin, Slovenija

46.134 N| 14.5613 E| 300 m | Prikaži na zemljevidu

Osnovna šola Trzin v sodelovanju s CZ Trzin in Vremenskim društvom ZEVS

Vreme na kratko
5,7°C 73% 1022 mbar 2,1 km/h 4,8 km/h 0,0 mm
-1,3°C/h 6%/h 0 mbar/h J (184°) J (184°) 0,0 mm/h

14. 04. 2021 21:25:00 CEST

Vremenska statistika za 08-2019

Vremenska postaja:Vantage Pro2
Programska oprema:weewx v3.8.0
WeeWX aktiven:33 d, 14 h, 8 min
Strežnik aktiven:33 d, 13 h, 20 min
                   MONTHLY CLIMATOLOGICAL SUMMARY for avg 2019


NAME: OS Trzin, Slovenija                  
ELEV: 300 m    LAT: 46-08.04 S    LONG: 14-33.66 V


                   TEMPERATURE (°C), RAIN (mm), WIND SPEED (km/h)

                                         HEAT   COOL         AVG
      MEAN                               DEG    DEG          WIND                   DOM
DAY   TEMP   HIGH   TIME    LOW   TIME   DAYS   DAYS   RAIN  SPEED   HIGH   TIME    DIR
---------------------------------------------------------------------------------------
 01   23,8   29,0  16:15   18,9  06:10    0,0    3,2    0,0    1,9   16,1  12:58    146 (JV)
 02   20,4   23,0  17:20   16,5  23:51    0,0    1,3   42,4    0,9   27,4  12:02    327 (SSZ)
 03   18,8   27,7  16:09   15,3  05:02    0,0    0,5   10,2    1,3   41,8  16:45    151 (JJV)
 04   20,0   27,5  16:25   14,6  06:35    0,0    1,1    0,0    1,8   17,7  17:40    101 (V)
 05   21,4   29,1  15:20   15,0  06:25    0,0    1,9    0,0    1,8   29,0  14:00    141 (JV)
 06   22,7   30,1  16:24   16,7  05:57    0,0    2,6    0,0    1,9   25,7  16:05    139 (JV)
 07   23,7   30,0  14:00   18,6  05:47    0,0    3,2    1,8    2,3   35,4  14:37    146 (JJV)
 08   21,3   24,7  12:52   19,4  23:32    0,0    1,9    3,6    1,1   16,1  11:25    356 (S)
 09   22,9   30,4  15:50   17,9  06:29    0,0    2,7    0,0    0,7   11,3  13:13    126 (JV)
 10   24,6   32,3  15:08   18,2  06:05    0,0    3,6    0,0    2,4   30,6  15:23    144 (JV)
 11   24,1   28,8  15:53   19,7  23:49    0,0    3,4    0,0    1,0   16,1  15:41     52 (SV)
 12   24,5   33,7  16:11   17,5  06:14    0,0    3,6    0,0    0,6   17,7  16:11    155 (JJV)
 13   22,1   24,8  14:49   17,4  23:59    0,0    2,3   12,2    1,9   22,5  15:31     65 (VSV)
 14   18,4   23,7  15:27   14,2  23:57    0,0    0,2    2,5    1,7   22,5  00:28    150 (JJV)
 15   18,2   25,7  15:23   11,4  05:53    0,0    0,1    0,0    1,3   12,9  11:46    136 (JV)
 16   18,9   25,5  16:44   14,5  06:14    0,0    0,5   11,7    2,5   27,4  02:43     25 (SSV)
 17   19,0   28,1  15:32   12,7  05:01    0,0    0,6    0,0    1,3   29,0  17:14    141 (JV)
 18   21,2   29,1  14:49   14,0  06:26    0,0    1,8    0,0    2,5   33,8  15:44    138 (JV)
 19   22,5   31,5  16:08   15,7  06:22    0,0    2,5    0,0    1,0   17,7  16:40    132 (JV)
 20   23,3   31,8  15:31   16,4  06:05    0,0    2,9    0,0    0,9    9,7  12:03    155 (JJV)
 21   22,1   25,5  10:20   19,3  06:07    0,0    2,3    0,0    1,8   19,3  13:25    107 (VJV)
 22   20,1   24,2  16:25   16,2  06:50    0,0    1,2    0,0    1,3   11,3  16:20      5 (S)
 23   20,9   25,0  16:30   18,1  01:05    0,0    1,6    0,0    1,2   14,5  15:08    322 (SZ)
 24   21,4   29,9  15:37   17,5  23:59    0,0    1,9   21,6    1,9   33,8  17:13     14 (SSV)
 25   21,0   28,1  15:51   16,7  07:13    0,0    1,7    0,3    1,6   12,9  14:37    115 (VJV)
 26   21,0   26,8  15:33   17,5  04:29    0,0    1,7    2,3    0,8   16,1  11:54    337 (SSZ)
 27   22,5   29,9  15:30   18,2  06:03    0,0    2,5    0,0    1,3   17,7  13:54    155 (JJV)
 28   22,8   30,7  15:43   17,7  06:02    0,0    2,7    0,3    0,9   14,5  12:09    155 (JJV)
 29   23,2   30,4  14:50   18,9  07:16    0,0    2,9    0,0    0,9   16,1  18:27    105 (VJV)
 30   22,1   28,3  16:22   18,8  06:32    0,0    2,3    0,0    0,7    9,7  16:00    270 (Z)
 31   22,6   30,9  15:19   16,6  06:32    0,0    2,6    0,0    0,3   12,9  15:37    150 (JJV)
---------------------------------------------------------------------------------------
      21,7   33,7     12   11,4     15      0,0   63,2  108,7    1,4   41,8  03    126  (JV)
    
Tropske noci (Tmin >= 20): 0
Vroci dnevi (Tmax >= 30): 10
Topli dnevi (Tmax >= 25): 26
Hladni dnevi (Tmin < 0): 0
Ledeni dnevi (Tmax < 0): 0