Vremenska postaja OŠ Trzin, Slovenija

46.134 N| 14.5613 E| 300 m | Prikaži na zemljevidu

Osnovna šola Trzin v sodelovanju s CZ Trzin in Vremenskim društvom ZEVS

Vreme na kratko
6,2°C 70% 1022 mbar 5,5 km/h 9,7 km/h 0,0 mm
-1,3°C/h 7%/h 1 mbar/h J (180°) J (180°) 0,0 mm/h

14. 04. 2021 21:05:00 CEST

Vremenska statistika za 07-2019

Vremenska postaja:Vantage Pro2
Programska oprema:weewx v3.8.0
WeeWX aktiven:33 d, 13 h, 48 min
Strežnik aktiven:33 d, 13 h, 0 min
                   MONTHLY CLIMATOLOGICAL SUMMARY for jul 2019


NAME: OS Trzin, Slovenija                  
ELEV: 300 m    LAT: 46-08.04 S    LONG: 14-33.66 V


                   TEMPERATURE (°C), RAIN (mm), WIND SPEED (km/h)

                                         HEAT   COOL         AVG
      MEAN                               DEG    DEG          WIND                   DOM
DAY   TEMP   HIGH   TIME    LOW   TIME   DAYS   DAYS   RAIN  SPEED   HIGH   TIME    DIR
---------------------------------------------------------------------------------------
 01   24,5   34,4  15:34   15,8  05:36    0,0    3,6    0,0    1,8   32,2  13:57    148 (JJV)
 02   22,1   32,1  14:53   17,1  04:34    0,0    2,3   26,2    2,7   53,1  16:50    149 (JJV)
 03   21,2   29,5  16:30   17,1  06:38    0,0    1,8    3,3    2,0   30,6  17:55    123 (VJV)
 04   19,6   25,6  17:54   17,0  23:55    0,0    0,9    4,6    0,9   19,3  10:39     73 (VSV)
 05   21,8   30,9  16:49   15,0  04:47    0,0    2,1    0,0    0,0   11,3  15:31    128 (JV)
 06   24,3   31,3  15:15   17,7  05:51    0,0    3,5    2,5    3,2   35,4  17:16    145 (JV)
 07   20,9   29,2  13:42   17,0  05:46    0,0    1,6    5,1    1,2   30,6  15:18    151 (JJV)
 08   19,3   24,4  14:02   16,1  03:41    0,0    0,7   18,5    1,7   16,1  14:02     93 (V)
 09   18,6   22,0  12:35   16,1  05:22    0,0    0,4    2,0    0,2   11,3  13:21    170 (J)
 10   18,9   24,0  17:13   14,5  23:50    0,0    0,5    1,8    2,6   19,3  09:33     85 (V)
 11   18,1   24,8  14:12   10,8  05:33    0,0    0,0    0,0    0,0    0,0  00:00     90 (V)
 12   19,9   26,7  16:13   16,0  06:19    0,0    1,1    0,5    0,7   25,7  17:01    127 (JV)
 13   19,1   25,1  15:46   14,9  05:43    0,0    0,6    0,0    1,3   37,0  16:07    157 (JJV)
 14   19,2   26,3  17:04   13,8  06:20    0,0    0,7    0,0    1,2   17,7  15:35     54 (SV)
 15   19,8   25,7  14:21   14,9  00:58    0,0    1,0    0,0    2,1   20,9  15:16     65 (VSV)
 16   19,7   27,9  15:30   11,8  05:25    0,0    0,9    0,0    1,8   16,1  14:03    147 (JJV)
 17   21,0   29,3  15:22   12,3  05:52    0,0    1,6    0,0    2,7   27,4  17:25    140 (JV)
 18   20,6   27,7  14:13   16,3  05:41    0,0    1,5    1,8    1,8   20,9  01:06     93 (V)
 19   21,7   30,7  16:04   16,2  05:40    0,0    2,1    3,6    1,7   20,9  17:04    139 (JV)
 20   22,5   30,4  15:28   14,8  05:59    0,0    2,5    0,3    3,2   32,2  16:17    145 (JV)
 21   22,8   32,3  15:05   17,4  05:40    0,0    2,7   12,4    1,8   24,1  12:55    106 (VJV)
 22   23,9   30,6  16:35   18,4  03:53    0,0    3,3    0,0    1,3   14,5  14:51    145 (JV)
 23   24,9   33,2  15:55   17,6  05:49    0,0    3,9    0,0    1,5   12,9  14:23    144 (JV)
 24   26,2   34,6  16:27   18,3  05:45    0,0    4,6    0,0    1,7   14,5  18:10    120 (VJV)
 25   26,7   34,8  15:54   20,6  06:11    0,0    4,8    0,0    1,5   12,9  15:40    140 (JV)
 26   25,9   34,0  14:23   21,1  06:22    0,0    4,4    0,3    2,8   29,0  13:42    147 (JJV)
 27   23,9   30,6  15:14   18,3  23:57    0,0    3,3    9,7    3,3   40,2  23:00    141 (JV)
 28   18,4   20,0  17:40   17,2  03:47    0,0    0,2   26,9    0,7   11,3  09:21    328 (SSZ)
 29   20,5   25,4  15:12   17,8  01:41    0,0    1,4    4,3    0,8   11,3  10:54    153 (JJV)
 30   23,2   31,4  15:37   17,8  03:37    0,0    2,9    0,3    1,3   11,3  11:33    145 (JV)
 31   23,8   31,2  14:50   19,4  06:11    0,0    3,2    2,0    1,8   17,7  15:24    161 (JJV)
---------------------------------------------------------------------------------------
      21,7   34,8     25   10,8     11      0,0   64,0  126,0    1,7   53,1  02    134  (JV)
    
Tropske noci (Tmin >= 20): 2
Vroci dnevi (Tmax >= 30): 15
Topli dnevi (Tmax >= 25): 26
Hladni dnevi (Tmin < 0): 0
Ledeni dnevi (Tmax < 0): 0