Vremenska postaja OŠ Trzin, Slovenija

46.134 N| 14.5613 E| 300 m | Prikaži na zemljevidu

Osnovna šola Trzin v sodelovanju s CZ Trzin in Vremenskim društvom ZEVS

Vreme na kratko
6,2°C 70% 1022 mbar 4,9 km/h 9,7 km/h 0,0 mm
-1,3°C/h 9%/h 1 mbar/h J (179°) J (179°) 0,0 mm/h

14. 04. 2021 21:00:00 CEST

Vremenska statistika za 06-2019

Vremenska postaja:Vantage Pro2
Programska oprema:weewx v3.8.0
WeeWX aktiven:33 d, 13 h, 43 min
Strežnik aktiven:33 d, 12 h, 55 min
                   MONTHLY CLIMATOLOGICAL SUMMARY for jun 2019


NAME: OS Trzin, Slovenija                  
ELEV: 300 m    LAT: 46-08.04 S    LONG: 14-33.66 V


                   TEMPERATURE (°C), RAIN (mm), WIND SPEED (km/h)

                                         HEAT   COOL         AVG
      MEAN                               DEG    DEG          WIND                   DOM
DAY   TEMP   HIGH   TIME    LOW   TIME   DAYS   DAYS   RAIN  SPEED   HIGH   TIME    DIR
---------------------------------------------------------------------------------------
 01   17,0   26,6  16:40    9,0  05:30    0,6    0,0    1,3    1,0   16,1  18:03    158 (JJV)
 02   19,5   27,5  14:05   14,1  05:07    0,0    0,8    1,5    1,3   20,9  14:31    148 (JJV)
 03   20,1   29,1  15:20   12,4  05:14    0,0    1,2    0,5    1,3   20,9  17:12    124 (JV)
 04   21,1   29,7  15:28   13,9  05:43    0,0    1,7    0,3    1,6   24,1  17:39    130 (JV)
 05   21,5   27,6  15:47   14,5  05:40    0,0    1,9    0,0    4,3   37,0  14:20    146 (JV)
 06   21,4   26,9  14:03   17,7  06:32    0,0    1,9    0,0    5,6   41,8  14:52    141 (JV)
 07   21,1   27,0  14:24   14,9  05:53    0,0    1,7    0,0    5,3   40,2  12:30    139 (JV)
 08   22,2   30,1  15:17   14,1  06:03    0,0    2,3    0,0    3,4   33,8  12:07    132 (JV)
 09   22,9   29,3  16:13   15,8  05:55    0,0    2,7    0,0    1,5   17,7  14:48    133 (JV)
 10   23,2   31,2  16:37   16,3  05:28    0,0    2,9    0,0    1,4   14,5  14:12    132 (JV)
 11   22,2   30,3  13:02   17,9  04:33    0,0    2,3    1,3    1,5   30,6  17:41    138 (JV)
 12   23,5   30,8  15:22   16,4  05:32    0,0    3,1    0,5    1,5   14,5  12:35    160 (JJV)
 13   23,4   29,8  13:55   16,7  05:29    0,0    3,0    0,0    4,7   33,8  15:25    146 (JV)
 14   23,5   33,0  15:45   13,2  05:42    0,0    3,1    0,0    1,1   11,3  18:53     65 (VSV)
 15   23,9   31,6  16:58   17,4  04:48    0,0    3,3    0,0    1,1   14,5  09:23    154 (JJV)
 16   24,1   32,5  14:38   16,4  05:48    0,0    3,4    0,0    2,3   25,7  19:08    142 (JV)
 17   22,2   27,7  14:55   18,2  06:03    0,0    2,3    0,5    2,4   24,1  13:37    116 (VJV)
 18   22,0   27,9  14:55   17,4  05:14    0,0    2,2    0,8    1,6   19,3  15:20    146 (JV)
 19   21,1   28,1  12:54   15,9  05:15    0,0    1,7    0,3    1,9   25,7  16:33    139 (JV)
 20   20,3   31,7  14:30   15,1  04:52    0,0    1,3   94,5    1,7   54,7  16:55    120 (VJV)
 21   20,0   29,8  14:30   14,7  04:57    0,0    1,1   20,8    1,3   59,5  15:30    149 (JJV)
 22   19,5   23,6  16:57   17,6  03:30    0,0    0,8   38,6    0,8   14,5  12:39     18 (SSV)
 23   20,0   25,3  16:58   17,4  05:32    0,0    1,1    2,5    0,5   11,3  15:48    143 (JV)
 24   22,8   29,7  16:03   17,1  02:05    0,0    2,7    0,0    0,2   16,1  15:35    140 (JV)
 25   24,0   30,6  16:11   17,4  05:47    0,0    3,4    0,0    0,2   12,9  11:01    152 (JJV)
 26   25,3   32,7  15:46   18,5  05:23    0,0    4,0    0,0    0,1   11,3  13:24    142 (JV)
 27   27,0   35,4  15:49   19,5  05:17    0,0    5,0    0,0    0,0    6,4  09:23    124 (JV)
 28   25,4   29,7  14:19   19,9  23:58    0,0    4,1    0,0    0,2   17,7  15:45    134 (JV)
 29   22,4   28,9  16:33   15,2  05:40    0,0    2,4    0,0    0,2   14,5  16:16    147 (JJV)
 30   23,0   31,6  15:45   14,3  05:28    0,0    2,8    0,0    0,0    8,0  13:30    138 (JV)
---------------------------------------------------------------------------------------
      22,2   35,4     27    9,0     01      0,6   70,4  163,3    1,7   59,5  21    140  (JV)
    
Tropske noci (Tmin >= 20): 0
Vroci dnevi (Tmax >= 30): 12
Topli dnevi (Tmax >= 25): 29
Hladni dnevi (Tmin < 0): 0
Ledeni dnevi (Tmax < 0): 0