Vremenska postaja OŠ Trzin, Slovenija

46.134 N| 14.5613 E| 300 m | Prikaži na zemljevidu

Osnovna šola Trzin v sodelovanju s CZ Trzin in Vremenskim društvom ZEVS

Vreme na kratko
3,3°C 84% 1023 mbar 2,2 km/h 4,8 km/h 0,0 mm
-1,9°C/h 9%/h 1 mbar/h S (8°) S (8°) 0,0 mm/h

14. 04. 2021 22:45:00 CEST

Vremenska statistika za 04-2019

Vremenska postaja:Vantage Pro2
Programska oprema:weewx v3.8.0
WeeWX aktiven:33 d, 15 h, 28 min
Strežnik aktiven:33 d, 14 h, 40 min
                   MONTHLY CLIMATOLOGICAL SUMMARY for apr 2019


NAME: OS Trzin, Slovenija                  
ELEV: 300 m    LAT: 46-08.04 S    LONG: 14-33.66 V


                   TEMPERATURE (°C), RAIN (mm), WIND SPEED (km/h)

                                         HEAT   COOL         AVG
      MEAN                               DEG    DEG          WIND                   DOM
DAY   TEMP   HIGH   TIME    LOW   TIME   DAYS   DAYS   RAIN  SPEED   HIGH   TIME    DIR
---------------------------------------------------------------------------------------
 01   12,3   21,1  16:15    3,2  06:55    3,2    0,0    0,0    2,1   24,1  13:04     58 (VSV)
 02   12,0   20,3  15:26    4,3  07:02    3,3    0,0    0,0    1,2   12,9  13:53    151 (JJV)
 03   11,4   17,6  15:52    7,1  05:32    3,7    0,0    2,8    1,8   19,3  12:42     90 (V)
 04   11,8   16,9  16:27    7,2  01:31    3,4    0,0    0,3    2,9   37,0  15:05    163 (JJV)
 05   10,4   14,2  00:06    7,5  23:00    4,2    0,0   18,3    2,7   24,1  15:55     11 (S)
 06    9,0   12,4  14:54    5,7  23:58    5,0    0,0    0,0    0,0    3,2  00:03    156 (JJV)
 07    9,0   16,1  14:44    4,5  06:48    5,0    0,0    0,0    0,5   16,1  15:46    133 (JV)
 08   10,6   15,7  17:05    7,8  00:17    4,1    0,0    2,5    1,8   14,5  16:12    164 (JJV)
 09   10,1   12,2  13:19    8,0  06:19    4,4    0,0    1,5    0,6    9,7  10:58    151 (JJV)
 10   11,1   13,5  15:21    9,1  00:07    3,8    0,0    6,1    1,0   14,5  05:22    335 (SSZ)
 11    9,5   10,8  00:00    7,3  22:08    4,7    0,0    7,1    2,2   16,1  14:53    172 (J)
 12    6,1    7,3  00:00    5,1  20:48    6,6    0,0    2,8    3,1   14,5  13:05    174 (J)
 13    7,3   10,8  14:15    4,9  06:25    5,9    0,0    0,3    1,9   17,7  16:56    155 (JJV)
 14    7,6    9,7  13:21    5,7  06:26    5,8    0,0    0,5    1,5   17,7  15:08    112 (VJV)
 15   10,9   16,9  15:32    6,3  23:59    3,9    0,0    0,0    2,7   30,6  10:08     21 (SSV)
 16    9,7   18,9  17:02    1,4  06:49    4,6    0,0    0,0    1,1   14,5  15:27    128 (JV)
 17   11,5   21,4  16:11    2,1  06:34    3,6    0,0    0,0    1,7   17,7  13:20    117 (VJV)
 18   11,8   19,3  16:58    3,9  06:27    3,4    0,0    0,0    2,0   24,1  16:28     54 (SV)
 19   12,3   22,1  16:46    3,6  06:38    3,2    0,0    0,0    1,2   14,5  12:45    145 (JV)
 20   13,4   22,8  15:37    4,1  06:25    2,6    0,0    0,0    1,7   17,7  12:57    146 (JV)
 21   13,8   24,1  16:48    3,8  06:39    2,3    0,0    0,0    1,8   24,1  18:11    136 (JV)
 22   13,7   21,8  14:48    4,6  06:07    2,4    0,0    0,0    5,0   40,2  15:33    150 (JJV)
 23   11,4   13,7  00:00   10,4  06:23    3,7    0,0   14,5    0,3    6,4  12:25    344 (SSZ)
 24   14,5   20,3  14:25   11,1  00:00    1,9    0,0    1,8    1,8   29,0  14:56    142 (JV)
 25   17,6   23,5  15:44   11,6  05:19    0,2    0,0    0,0    3,9   41,8  14:42    125 (JV)
 26   16,6   23,4  13:50   11,8  05:58    0,8    0,0    0,0    5,0   54,7  14:39    150 (JJV)
 27   11,5   17,1  16:04    7,0  23:56    3,6    0,0    4,1    1,8   22,5  11:36    115 (VJV)
 28    7,4    9,2  09:57    5,4  04:11    5,9    0,0   11,7    3,2   33,8  10:34    333 (SSZ)
 29    9,5   13,7  12:04    6,0  05:49    4,7    0,0    0,0    1,1   16,1  12:50    163 (JJV)
 30   10,8   15,3  14:58    7,4  06:07    4,0    0,0    0,3    2,5   30,6  10:40    339 (SSZ)
---------------------------------------------------------------------------------------
      11,2   24,1     21    1,4     16    114,1    0,0   74,4    2,0   54,7  26    136  (JV)
    
Tropske noci (Tmin >= 20): 0
Vroci dnevi (Tmax >= 30): 0
Topli dnevi (Tmax >= 25): 0
Hladni dnevi (Tmin < 0): 0
Ledeni dnevi (Tmax < 0): 0