Vremenska postaja OŠ Trzin, Slovenija

46.134 N| 14.5613 E| 300 m | Prikaži na zemljevidu

Osnovna šola Trzin v sodelovanju s CZ Trzin in Vremenskim društvom ZEVS

Vreme na kratko
3,6°C 82% 1023 mbar 0,0 km/h 3,2 km/h 0,0 mm
-1,8°C/h 8%/h 0 mbar/h N/A ( N/A) N/A ( N/A) 0,0 mm/h

14. 04. 2021 22:30:00 CEST

Vremenska statistika za 03-2019

Vremenska postaja:Vantage Pro2
Programska oprema:weewx v3.8.0
WeeWX aktiven:33 d, 15 h, 13 min
Strežnik aktiven:33 d, 14 h, 25 min
                   MONTHLY CLIMATOLOGICAL SUMMARY for mar 2019


NAME: OS Trzin, Slovenija                  
ELEV: 300 m    LAT: 46-08.04 S    LONG: 14-33.66 V


                   TEMPERATURE (°C), RAIN (mm), WIND SPEED (km/h)

                                         HEAT   COOL         AVG
      MEAN                               DEG    DEG          WIND                   DOM
DAY   TEMP   HIGH   TIME    LOW   TIME   DAYS   DAYS   RAIN  SPEED   HIGH   TIME    DIR
---------------------------------------------------------------------------------------
 01    7,1   15,7  14:24   -0,3  06:15    6,0    0,0    0,0    1,3   19,3  19:38     24 (SSV)
 02    7,3   15,3  13:52    0,4  06:47    5,9    0,0    0,0    1,0    9,7  20:38    349 (SSZ)
 03    8,3   17,4  14:39    0,8  07:11    5,4    0,0    0,0    2,4   30,6  15:29    152 (JJV)
 04    8,4   15,9  12:54    0,9  06:14    5,4    0,0    5,1    3,8   37,0  12:23    103 (VJV)
 05    6,5   14,2  15:15    2,3  23:58    6,4    0,0    0,0    1,0   11,3  13:15      6 (S)
 06    7,4   15,4  13:20    0,1  05:47    5,9    0,0    0,3    2,7   37,0  16:40    141 (JV)
 07   11,4   15,8  11:37    7,4  00:25    3,7    0,0    0,0    4,1   45,1  10:41    148 (JJV)
 08   11,5   17,7  13:26    6,7  23:56    3,6    0,0    0,0    5,0   41,8  13:59    148 (JJV)
 09   10,3   16,8  14:08    5,2  06:44    4,3    0,0    0,0    4,1   41,8  15:45    152 (JJV)
 10   10,5   12,9  13:56    6,3  06:58    4,2    0,0    0,0    2,7   22,5  15:47      3 (S)
 11    5,1    9,8  10:22    1,7  22:42    7,1    0,0    5,8    2,3   19,3  10:23    173 (J)
 12    4,8   12,7  15:25    0,4  23:56    7,3    0,0    0,3    2,4   22,5  12:54    153 (JJV)
 13    4,7   11,4  14:46   -0,4  02:09    7,4    0,0    0,8    2,0   29,0  15:39    157 (JJV)
 14    6,8   13,3  13:20    2,4  07:39    6,2    0,0    0,0    2,9   27,4  15:50    146 (JJV)
 15    8,0   16,2  13:46   -0,4  06:18    5,6    0,0    0,0    2,0   25,7  14:51     47 (SV)
 16    9,2   17,3  15:46    1,8  06:37    4,9    0,0    0,0    2,4   32,2  14:59    140 (JV)
 17   11,5   15,4  14:03    7,3  00:00    3,6    0,0    0,0    4,5   33,8  14:46    152 (JJV)
 18    5,8   11,6  01:16    1,7  13:00    6,8    0,0   14,5    2,2   17,7  07:24    195 (JJZ)
 19    5,2    8,3  15:50    2,8  04:20    7,1    0,0    0,3    1,9   20,9  12:09     85 (V)
 20    6,3   11,4  13:17    1,2  06:30    6,5    0,0    0,0    4,8   30,6  11:34     17 (SSV)
 21    6,5   14,6  15:47   -1,3  06:22    6,4    0,0    0,0    2,0   20,9  11:08     66 (VSV)
 22    7,6   18,6  15:53   -1,3  06:22    5,8    0,0    0,0    0,8   12,9  11:53    155 (JJV)
 23    9,7   21,1  15:16    0,3  06:13    4,6    0,0    0,0    0,8   14,5  13:56    160 (JJV)
 24   11,2   23,2  15:17    1,9  05:49    3,8    0,0    0,0    0,5   11,3  14:06     91 (V)
 25    8,5   17,7  14:38    3,7  06:32    5,3    0,0   21,6    2,1   24,1  16:49     81 (V)
 26    7,4   13,6  15:08    2,5  06:33    5,9    0,0    0,0    3,4   25,7  16:20     20 (SSV)
 27    5,1   11,0  13:46   -0,2  03:50    7,2    0,0    0,3    1,9   20,9  13:56     44 (SV)
 28    7,3   14,7  15:15    1,0  05:24    6,0    0,0    0,0    2,5   30,6  15:57     86 (V)
 29   10,2   16,3  14:37    4,1  23:50    4,3    0,0    0,0    2,0   22,5  10:30     92 (V)
 30    8,8   19,6  15:35    0,3  06:12    5,1    0,0    0,0    0,5   11,3  13:42     93 (V)
 31   11,7   22,8  16:41    0,4  07:03    3,5    0,0    0,0    1,1   19,3  14:57    141 (JV)
---------------------------------------------------------------------------------------
       8,1   23,2     24   -1,3     21    171,0    0,0   48,8    2,4   45,1  07    124  (JV)
    
Tropske noci (Tmin >= 20): 0
Vroci dnevi (Tmax >= 30): 0
Topli dnevi (Tmax >= 25): 0
Hladni dnevi (Tmin < 0): 6
Ledeni dnevi (Tmax < 0): 0