Vremenska postaja OŠ Trzin, Slovenija

46.134 N| 14.5613 E| 300 m | Prikaži na zemljevidu

Osnovna šola Trzin v sodelovanju s CZ Trzin in Vremenskim društvom ZEVS

Vreme na kratko
3,9°C 81% 1023 mbar 0,8 km/h 1,6 km/h 0,0 mm
-1,9°C/h 9%/h 0 mbar/h S (9°) S (9°) 0,0 mm/h

14. 04. 2021 22:20:00 CEST

Vremenska statistika za 02-2019

Vremenska postaja:Vantage Pro2
Programska oprema:weewx v3.8.0
WeeWX aktiven:33 d, 15 h, 3 min
Strežnik aktiven:33 d, 14 h, 15 min
                   MONTHLY CLIMATOLOGICAL SUMMARY for feb 2019


NAME: OS Trzin, Slovenija                  
ELEV: 300 m    LAT: 46-08.04 S    LONG: 14-33.66 V


                   TEMPERATURE (°C), RAIN (mm), WIND SPEED (km/h)

                                         HEAT   COOL         AVG
      MEAN                               DEG    DEG          WIND                   DOM
DAY   TEMP   HIGH   TIME    LOW   TIME   DAYS   DAYS   RAIN  SPEED   HIGH   TIME    DIR
---------------------------------------------------------------------------------------
 01    1,6    3,1  23:31   -0,1  00:00    9,1    0,0   11,7    0,5   11,3  22:21    184 (J)
 02    5,7    8,8  10:54    2,9  00:33    6,8    0,0   32,5    0,9   17,7  21:14    335 (SSZ)
 03    7,0   10,6  15:53    5,1  06:05    6,1    0,0   17,8    2,1   24,1  01:53    182 (J)
 04    4,3    8,4  13:58    0,4  21:36    7,6    0,0    0,5    2,1   17,7  14:04    156 (JJV)
 05    2,4    4,9  14:38   -1,4  23:57    8,7    0,0    0,0    0,4   12,9  00:15    150 (JJV)
 06    0,8    9,1  14:24   -3,6  06:45    9,5    0,0    0,0    0,8   14,5  16:14    146 (JV)
 07   -0,8    6,6  14:58   -5,4  07:13   10,4    0,0    0,3    1,2   11,3  11:14    153 (JJV)
 08    1,7    8,2  15:05   -1,3  01:31    9,0    0,0    0,0    0,9   12,9  14:18    162 (JJV)
 09    2,3   11,0  14:47   -2,9  07:13    8,7    0,0    0,3    1,6   30,6  15:00    153 (JJV)
 10    3,4    7,1  23:48   -0,1  04:13    8,1    0,0    3,6    0,5   11,3  06:20    187 (J)
 11    4,8    7,6  01:23    2,6  23:46    7,3    0,0   12,2    2,4   30,6  03:25    194 (JJZ)
 12    3,6   11,1  13:29   -1,2  07:01    8,0    0,0    0,3    3,6   33,8  16:40    326 (SZ)
 13    1,6   10,1  14:34   -3,5  07:02    9,1    0,0    0,0    1,3    9,7  04:14     95 (V)
 14    2,8   12,3  14:56   -1,9  03:55    8,5    0,0    0,0    0,9    8,0  09:59      6 (S)
 15    3,1   13,1  14:49   -2,6  06:38    8,3    0,0    0,3    1,2   17,7  15:17    141 (JV)
 16    2,9   13,4  14:51   -2,6  06:55    8,4    0,0    0,0    0,8    9,7  11:18    116 (VJV)
 17    3,4   14,7  15:18   -3,1  06:57    8,1    0,0    0,0    0,5    6,4  10:52     53 (SV)
 18    3,7   15,3  14:41   -3,2  07:16    7,9    0,0    0,3    0,5    6,4  09:28     81 (V)
 19    4,7   15,5  14:13   -2,5  06:49    7,4    0,0    0,0    2,3   24,1  14:22    151 (JJV)
 20    4,7   14,4  14:17   -1,9  06:46    7,4    0,0    0,3    0,6    9,7  13:21    130 (JV)
 21    5,8   14,9  15:14   -0,6  07:20    6,8    0,0    0,0    0,6    8,0  10:47     69 (VSV)
 22    7,2   14,4  16:59    0,8  07:16    6,0    0,0    0,0    3,5   29,0  17:22    118 (VJV)
 23    2,1    5,8  14:28   -1,1  23:59    8,9    0,0    0,0    7,8   37,0  07:29    105 (VJV)
 24    0,8    6,2  15:36   -5,7  06:48    9,6    0,0    0,0    1,3   11,3  03:26    335 (SSZ)
 25    4,5   12,7  14:59   -0,4  04:53    7,5    0,0    0,0    2,3   19,3  15:00    187 (J)
 26    6,8   17,1  15:06   -0,2  06:28    6,2    0,0    0,0    1,4   12,9  18:26     49 (SV)
 27    7,5   17,1  14:58    0,1  06:35    5,8    0,0    0,0    1,8   17,7  12:56    159 (JJV)
 28    7,9   19,8  13:27   -1,4  07:04    5,6    0,0    0,0    3,9   38,6  15:23    155 (JJV)
---------------------------------------------------------------------------------------
       3,8   19,8     28   -5,7     24    220,9    0,0   79,8    1,7   38,6  28    133  (JV)
    
Tropske noci (Tmin >= 20): 0
Vroci dnevi (Tmax >= 30): 0
Topli dnevi (Tmax >= 25): 0
Hladni dnevi (Tmin < 0): 22
Ledeni dnevi (Tmax < 0): 0