Vremenska postaja OŠ Trzin, Slovenija

46.134 N| 14.5613 E| 300 m | Prikaži na zemljevidu

Osnovna šola Trzin v sodelovanju s CZ Trzin in Vremenskim društvom ZEVS

Vreme na kratko
4,3°C 79% 1022 mbar 2,5 km/h 4,8 km/h 0,0 mm
-1,8°C/h 9%/h 0 mbar/h S (356°) S (356°) 0,0 mm/h

14. 04. 2021 22:05:00 CEST

Vremenska statistika za 01-2019

Vremenska postaja:Vantage Pro2
Programska oprema:weewx v3.8.0
WeeWX aktiven:33 d, 14 h, 48 min
Strežnik aktiven:33 d, 14 h, 0 min
                   MONTHLY CLIMATOLOGICAL SUMMARY for jan 2019


NAME: OS Trzin, Slovenija                  
ELEV: 300 m    LAT: 46-08.04 S    LONG: 14-33.66 V


                   TEMPERATURE (°C), RAIN (mm), WIND SPEED (km/h)

                                         HEAT   COOL         AVG
      MEAN                               DEG    DEG          WIND                   DOM
DAY   TEMP   HIGH   TIME    LOW   TIME   DAYS   DAYS   RAIN  SPEED   HIGH   TIME    DIR
---------------------------------------------------------------------------------------
 01    2,3    7,1  12:00   -2,5  23:55    8,7    0,0    0,0    0,5    9,7  12:35     17 (SSV)
 02    0,7    8,6  12:17   -3,8  04:33    9,6    0,0    0,3    2,8   32,2  12:53    339 (SSZ)
 03    2,2    4,9  11:54   -2,3  07:43    8,8    0,0    0,0    6,3   41,8  01:14    335 (SSZ)
 04   -0,5    3,8  13:29   -3,6  08:01   10,3    0,0    0,0    3,7   16,1  11:32    167 (JJV)
 05   -1,3    2,1  14:59   -3,6  23:37   10,7    0,0    0,0    1,1   16,1  16:44    341 (SSZ)
 06   -0,4    7,9  13:08   -4,3  02:23   10,2    0,0    0,0    2,1   20,9  15:19    149 (JJV)
 07   -0,4    1,4  14:49   -2,8  00:29   10,2    0,0    0,3    0,5    6,4  06:09    355 (S)
 08   -1,1    0,7  16:02   -3,7  03:29   10,6    0,0    0,0    0,8   11,3  13:57    334 (SSZ)
 09   -1,4    1,1  16:42   -4,5  07:00   10,8    0,0    1,0    0,7   19,3  16:28     35 (SV)
 10   -0,1    3,7  14:55   -3,4  07:00   10,1    0,0    0,0    0,8   11,3  18:04    175 (J)
 11   -1,1    4,8  14:24   -4,3  20:31   10,6    0,0    0,0    0,2    9,7  13:13    127 (JV)
 12   -1,2    2,8  14:44   -4,2  07:45   10,7    0,0    0,0    0,2    6,4  12:34     22 (SSV)
 13    0,8    6,9  13:30   -4,3  07:55    9,6    0,0    0,0    0,5    8,0  10:10    357 (S)
 14    5,0   12,3  13:42    0,0  08:15    7,2    0,0    0,0    2,7   35,4  18:49    334 (SSZ)
 15    3,2   10,1  14:16   -3,6  07:46    8,2    0,0    0,0    3,1   24,1  14:20    125 (JV)
 16    3,3    9,9  14:43   -1,7  08:09    8,2    0,0    0,0    2,7   24,1  15:14      2 (S)
 17    7,3    9,2  09:17    5,8  22:06    5,9    0,0    6,6    2,6   24,1  09:42    113 (VJV)
 18    2,4    5,9  00:00    0,1  23:53    8,7    0,0   21,6    0,7   14,5  05:27    337 (SSZ)
 19    0,8    2,3  13:03   -0,2  00:12    9,5    0,0    2,5    0,5   11,3  06:18     23 (SSV)
 20   -0,7    2,7  13:20   -4,1  08:14   10,4    0,0    3,3    0,2    6,4  23:51     69 (VSV)
 21    0,3    1,8  13:02   -1,1  23:20    9,8    0,0    0,3    1,8   11,3  12:16    354 (S)
 22   -0,9    1,8  13:40   -3,8  06:45   10,5    0,0    0,5    1,6   16,1  13:16     71 (VSV)
 23   -1,6   -0,5  11:38   -2,3  04:16   10,9    0,0    0,3    0,6    8,0  17:25    145 (JV)
 24   -0,5    1,1  11:21   -2,0  04:38   10,3    0,0    1,5    1,1   11,3  14:11    167 (JJV)
 25   -3,1    1,9  14:30   -8,8  23:58   11,7    0,0    0,8    0,8   14,5  15:53    158 (JJV)
 26   -6,0   -0,2  14:15  -11,1  04:35   13,3    0,0    0,3    0,6    8,0  22:40     45 (SV)
 27   -2,6    2,1  23:52   -8,2  05:06   11,5    0,0    1,5    0,6    8,0  17:23     57 (VSV)
 28    2,1    3,4  15:05    1,1  23:54    8,8    0,0   11,9    1,5   17,7  01:14    182 (J)
 29    1,8    5,7  13:58   -0,1  07:02    9,0    0,0    0,3    0,7    9,7  15:45    157 (JJV)
 30    1,4    5,5  13:53   -0,9  22:54    9,2    0,0    0,0    0,8   12,9  11:28    142 (JV)
 31    0,3    2,3  13:42   -2,4  03:23    9,8    0,0    0,0    0,9    9,7  10:54    341 (SSZ)
---------------------------------------------------------------------------------------
       0,4   12,3     14  -11,1     26    303,9    0,0   52,8    1,4   41,8  03     16  (SSV)
    
Tropske noci (Tmin >= 20): 0
Vroci dnevi (Tmax >= 30): 0
Topli dnevi (Tmax >= 25): 0
Hladni dnevi (Tmin < 0): 27
Ledeni dnevi (Tmax < 0): 2