Vremenska postaja OŠ Trzin, Slovenija

46.134 N| 14.5613 E| 300 m | Prikaži na zemljevidu

Osnovna šola Trzin v sodelovanju s CZ Trzin in Vremenskim društvom ZEVS

Vreme na kratko
3,1°C 84% 1023 mbar 0,6 km/h 4,8 km/h 0,0 mm
-1,8°C/h 8%/h 0 mbar/h S (5°) S (5°) 0,0 mm/h

14. 04. 2021 22:55:00 CEST

Vremenska statistika za 12-2018

Vremenska postaja:Vantage Pro2
Programska oprema:weewx v3.8.0
WeeWX aktiven:33 d, 15 h, 38 min
Strežnik aktiven:33 d, 14 h, 50 min
                   MONTHLY CLIMATOLOGICAL SUMMARY for dec 2018


NAME: OS Trzin, Slovenija                  
ELEV: 300 m    LAT: 46-08.04 S    LONG: 14-33.66 V


                   TEMPERATURE (°C), RAIN (mm), WIND SPEED (km/h)

                                         HEAT   COOL         AVG
      MEAN                               DEG    DEG          WIND                   DOM
DAY   TEMP   HIGH   TIME    LOW   TIME   DAYS   DAYS   RAIN  SPEED   HIGH   TIME    DIR
---------------------------------------------------------------------------------------
 01    0,6    4,1  13:37   -1,8  02:16    9,7    0,0    0,0    0,8    8,0  14:23    151 (JJV)
 02    3,0    7,5  22:18   -0,2  06:51    8,4    0,0    0,0    0,7   16,1  20:23    173 (J)
 03    6,4    9,9  14:04    3,3  01:52    6,4    0,0    1,0    0,3    8,0  23:02    162 (JJV)
 04    7,9   14,3  14:10    3,6  23:59    5,6    0,0    0,0    0,6   12,9  02:31      5 (S)
 05    5,6    7,9  13:43    2,6  02:13    6,9    0,0    0,3    0,5    9,7  07:06    129 (JV)
 06    3,7    5,7  14:24    2,4  08:03    8,0    0,0    1,3    0,3    6,4  07:12      5 (S)
 07    4,9    8,9  23:10    3,1  04:53    7,3    0,0    0,0    0,4   16,1  19:35     67 (VSV)
 08    5,9    8,6  00:05    1,3  21:20    6,7    0,0    8,1    2,5   20,9  02:05    171 (J)
 09    2,4    6,8  14:14   -0,3  06:50    8,7    0,0    0,3    1,0   11,3  13:20    351 (S)
 10    1,3    3,7  15:03    0,1  00:57    9,3    0,0    0,3    1,1   16,1  10:27    152 (JJV)
 11    1,1    7,6  15:32   -1,2  07:41    9,4    0,0    0,0    1,3   16,1  15:28    165 (JJV)
 12   -1,2    3,7  14:08   -3,4  00:00   10,6    0,0    0,3    0,2    8,0  23:02    352 (S)
 13   -0,6    2,0  13:25   -4,3  02:59   10,3    0,0    0,0    1,3   17,7  20:18     20 (SSV)
 14    1,0    2,2  13:12    0,4  23:58    9,4    0,0    0,0    3,3   22,5  12:39     35 (SV)
 15    0,1    3,3  12:39   -2,1  19:59    9,9    0,0    0,0    1,4   14,5  14:13    170 (J)
 16   -1,0    1,3  12:37   -3,3  07:41   10,6    0,0    0,0    2,1   11,3  03:21    162 (JJV)
 17   -1,0    2,2  13:10   -3,8  23:47   10,6    0,0    0,0    0,3    8,0  03:18    190 (J)
 18   -2,3    0,3  19:46   -5,3  05:12   11,3    0,0    0,0    0,5    8,0  13:01    147 (JJV)
 19    0,4    2,7  14:09   -2,6  02:02    9,8    0,0    0,0    0,2    6,4  10:35    105 (VJV)
 20    1,8    3,1  15:56    0,5  00:37    9,0    0,0    0,3    0,3    8,0  04:38    159 (JJV)
 21    2,7    6,4  15:33   -0,7  07:25    8,5    0,0    0,0    1,1   16,1  15:38    118 (VJV)
 22    6,6    9,6  15:06    2,3  23:59    6,3    0,0    0,0    2,9   20,9  06:52    347 (SSZ)
 23    4,1    8,9  13:17    0,9  08:21    7,7    0,0    0,0    0,5   11,3  23:48     71 (VSV)
 24    6,9   10,7  16:05    1,6  23:59    6,2    0,0    0,3    1,9   29,0  06:00    138 (JV)
 25   -0,0    3,5  14:57   -2,5  23:27   10,0    0,0    0,0    0,3    9,7  20:45      9 (S)
 26   -0,9    4,1  14:55   -3,7  03:36   10,5    0,0    0,3    0,3    8,0  16:42     45 (SV)
 27   -1,7    5,5  14:03   -5,5  07:49   10,9    0,0    0,3    0,3    6,4  12:01    128 (JV)
 28   -1,5    2,4  14:23   -3,8  05:22   10,8    0,0    0,0    0,1    6,4  13:52    176 (J)
 29   -1,7    3,9  14:46   -5,4  08:09   10,9    0,0    0,3    0,2    6,4  08:07    139 (JV)
 30   -0,8    2,6  14:37   -2,8  07:50   10,5    0,0    0,0    1,0   16,1  22:20    165 (JJV)
 31    0,8    4,4  14:17   -2,1  06:37    9,5    0,0    0,0    0,9   25,7  02:55    305 (SZ)
---------------------------------------------------------------------------------------
       1,8   14,3     04   -5,5     27    279,8    0,0   12,7    0,9   29,0  24    106  (VJV)
    
Tropske noci (Tmin >= 20): 0
Vroci dnevi (Tmax >= 30): 0
Topli dnevi (Tmax >= 25): 0
Hladni dnevi (Tmin < 0): 19
Ledeni dnevi (Tmax < 0): 0