Vremenska postaja OŠ Trzin, Slovenija

46.134 N| 14.5613 E| 300 m | Prikaži na zemljevidu

Osnovna šola Trzin v sodelovanju s CZ Trzin in Vremenskim društvom ZEVS

Vreme na kratko
3,3°C 84% 1023 mbar 2,2 km/h 4,8 km/h 0,0 mm
-1,9°C/h 9%/h 1 mbar/h S (8°) S (8°) 0,0 mm/h

14. 04. 2021 22:45:00 CEST

Vremenska statistika za 11-2018

Vremenska postaja:Vantage Pro2
Programska oprema:weewx v3.8.0
WeeWX aktiven:33 d, 15 h, 28 min
Strežnik aktiven:33 d, 14 h, 40 min
                   MONTHLY CLIMATOLOGICAL SUMMARY for nov 2018


NAME: OS Trzin, Slovenija                  
ELEV: 300 m    LAT: 46-08.04 S    LONG: 14-33.66 V


                   TEMPERATURE (°C), RAIN (mm), WIND SPEED (km/h)

                                         HEAT   COOL         AVG
      MEAN                               DEG    DEG          WIND                   DOM
DAY   TEMP   HIGH   TIME    LOW   TIME   DAYS   DAYS   RAIN  SPEED   HIGH   TIME    DIR
---------------------------------------------------------------------------------------
 01    9,4   11,2  12:36    6,8  03:15    4,8    0,0    9,7    0,7   14,5  12:12    210 (JJZ)
 02   12,5   13,9  16:52   10,9  00:00    3,1    0,0   13,7    0,4    8,0  23:09    179 (J)
 03   14,5   17,5  11:47   13,1  06:58    1,9    0,0    1,3    0,7    9,7  12:27    163 (JJV)
 04   14,6   17,1  13:33   13,0  00:15    1,9    0,0    0,0    0,5    8,0  14:00     16 (SSV)
 05   13,7   15,4  14:48   12,8  07:02    2,4    0,0    0,5    0,6    6,4  07:34    336 (SSZ)
 06   13,4   15,1  14:39   12,6  03:26    2,6    0,0    5,8    0,1    6,4  00:32    169 (J)
 07   13,2   15,1  11:39   11,7  22:22    2,7    0,0    1,0    1,2   11,3  11:24    159 (JJV)
 08   12,4   17,2  14:30   10,2  22:45    3,1    0,0    0,3    0,7    9,7  11:30    145 (JV)
 09   11,9   13,7  14:34   10,5  00:12    3,4    0,0    0,0    1,2    9,7  10:49    161 (JJV)
 10   11,1   14,5  12:32    8,6  03:19    3,8    0,0    0,0    2,0   30,6  13:34    162 (JJV)
 11   13,6   16,7  13:06   11,1  03:21    2,4    0,0    0,0    1,6   19,3  14:41    130 (JV)
 12   15,0   18,7  14:14   11,6  23:23    1,7    0,0    0,3    4,9   30,6  12:44    156 (JJV)
 13   11,8   16,3  12:10    8,1  04:14    3,4    0,0    0,0    2,2   24,1  11:49    161 (JJV)
 14    9,4   12,9  15:16    6,2  22:42    4,8    0,0    0,0    0,9    9,7  02:19    348 (SSZ)
 15    8,8   12,6  14:50    5,6  23:12    5,1    0,0    0,0    0,7   16,1  23:58    136 (JV)
 16    7,4   11,6  13:45    4,5  20:53    5,9    0,0    0,3    1,8   19,3  10:48     58 (VSV)
 17    5,8    9,8  12:42    0,7  23:46    6,8    0,0    0,0    2,1   24,1  14:23     70 (VSV)
 18    3,4    5,8  12:55    0,8  00:21    8,1    0,0    0,0    1,8   14,5  13:48     79 (V)
 19    2,5    3,8  13:59    1,4  23:09    8,6    0,0    1,5    2,0   16,1  19:35     66 (VSV)
 20    2,1    2,9  15:50    1,1  07:23    8,8    0,0    4,3    1,1   20,9  03:07     30 (SSV)
 21    3,9    5,1  15:13    2,5  00:00    7,8    0,0    0,0    0,5    8,0  23:46    185 (J)
 22    5,0    5,9  13:18    4,0  01:31    7,2    0,0    0,8    0,8    8,0  00:03    153 (JJV)
 23    6,1    7,6  13:49    5,3  04:59    6,6    0,0    0,5    1,1    9,7  18:09    171 (J)
 24    6,4    7,3  14:50    5,4  05:06    6,4    0,0   16,3    0,6    8,0  07:15    177 (J)
 25    7,6    8,7  14:50    6,9  01:36    5,8    0,0   10,9    0,2    4,8  00:00    156 (JJV)
 26    7,2    8,0  13:46    6,5  06:56    6,0    0,0   14,5    0,7    8,0  15:10    159 (JJV)
 27    5,6    7,1  12:45    3,0  23:55    6,9    0,0    0,0    1,7   16,1  23:11    167 (JJV)
 28    2,1    4,8  13:50   -0,6  23:53    8,8    0,0    0,0    1,7   14,5  09:02    122 (VJV)
 29   -0,2    3,8  13:26   -3,4  07:25   10,1    0,0    0,0    1,0   14,5  13:04    159 (JJV)
 30    0,1    1,5  12:53   -1,4  23:56   10,0    0,0    0,0    1,0   11,3  17:43    163 (JJV)
---------------------------------------------------------------------------------------
       8,3   18,7     12   -3,4     29    160,9    0,0   81,5    1,2   30,6  10    140  (JV)
    
Tropske noci (Tmin >= 20): 0
Vroci dnevi (Tmax >= 30): 0
Topli dnevi (Tmax >= 25): 0
Hladni dnevi (Tmin < 0): 3
Ledeni dnevi (Tmax < 0): 0