Vremenska postaja OŠ Trzin, Slovenija

46.134 N| 14.5613 E| 300 m | Prikaži na zemljevidu

Osnovna šola Trzin v sodelovanju s CZ Trzin in Vremenskim društvom ZEVS

Vreme na kratko
3,6°C 82% 1023 mbar 0,0 km/h 3,2 km/h 0,0 mm
-1,8°C/h 8%/h 0 mbar/h N/A ( N/A) N/A ( N/A) 0,0 mm/h

14. 04. 2021 22:30:00 CEST

Vremenska statistika za 10-2018

Vremenska postaja:Vantage Pro2
Programska oprema:weewx v3.8.0
WeeWX aktiven:33 d, 15 h, 13 min
Strežnik aktiven:33 d, 14 h, 25 min
                   MONTHLY CLIMATOLOGICAL SUMMARY for okt 2018


NAME: OS Trzin, Slovenija                  
ELEV: 300 m    LAT: 46-08.04 S    LONG: 14-33.66 V


                   TEMPERATURE (°C), RAIN (mm), WIND SPEED (km/h)

                                         HEAT   COOL         AVG
      MEAN                               DEG    DEG          WIND                   DOM
DAY   TEMP   HIGH   TIME    LOW   TIME   DAYS   DAYS   RAIN  SPEED   HIGH   TIME    DIR
---------------------------------------------------------------------------------------
 01    9,2   14,8  13:51    3,6  05:27    4,9    0,0    7,9    0,4    9,7  13:24    160 (JJV)
 02   10,5   15,3  15:48    6,1  23:59    4,2    0,0    0,8    0,7   14,5  11:43    155 (JJV)
 03    9,5   18,1  15:06    4,7  03:29    4,7    0,0    0,3    0,3    8,0  11:57    318 (SZ)
 04   10,9   19,6  15:10    5,2  06:18    3,9    0,0    0,3    0,5   12,9  13:33    131 (JV)
 05   10,6   20,0  14:25    4,5  05:30    4,1    0,0    0,0    0,8   14,5  15:46    160 (JJV)
 06   13,3   19,6  14:22    8,4  04:48    2,6    0,0   10,2    0,0    9,7  16:37    165 (JJV)
 07   15,6   19,2  15:56   13,7  05:26    1,3    0,0    9,1    0,0    6,4  14:46    127 (JV)
 08   16,0   20,9  15:23   13,7  23:45    1,1    0,0    1,5    0,2   14,5  15:33     39 (SV)
 09   15,5   21,6  14:58   12,2  23:53    1,4    0,0    0,3    0,0    4,8  00:03    335 (SSZ)
 10   14,1   21,9  14:45   10,6  23:54    2,2    0,0    0,3    0,3   12,9  14:26    159 (JJV)
 11   12,5   21,3  15:20    8,6  06:43    3,1    0,0    0,3    0,5    8,0  10:21    139 (JV)
 12   12,1   20,7  15:06    8,2  03:13    3,3    0,0    0,3    0,4    8,0  11:06    145 (JV)
 13   12,2   21,3  15:08    8,2  06:14    3,2    0,0    0,3    0,6   14,5  15:14     97 (V)
 14   11,3   20,0  14:51    6,5  06:28    3,7    0,0    0,3    0,6   11,3  13:13    156 (JJV)
 15   11,1   13,3  14:03    8,7  06:21    3,9    0,0    0,5    0,1    8,0  13:30    152 (JJV)
 16   12,6   15,7  15:06   10,7  07:54    3,0    0,0    0,0    0,3    6,4  11:43     41 (SV)
 17   14,4   18,9  14:37   11,7  06:01    2,0    0,0    0,5    0,3    6,4  12:03    327 (SSZ)
 18   15,4   20,8  14:21   12,1  23:57    1,4    0,0    0,5    0,3    8,0  14:11    151 (JJV)
 19   12,6   20,3  15:12    8,7  06:14    3,0    0,0    0,3    0,5    9,7  11:15    149 (JJV)
 20   11,5   18,9  15:22    8,2  02:57    3,6    0,0    0,3    0,3   11,3  11:50    145 (JV)
 21    8,6   10,9  09:03    4,2  22:57    5,2    0,0    3,6    1,2   19,3  09:35    156 (JJV)
 22    9,0   16,1  14:02    4,7  04:58    5,0    0,0    0,0    1,2   16,1  14:54    126 (JV)
 23    9,1   17,2  14:28    3,2  07:40    4,9    0,0    0,3    0,7    9,7  10:05    135 (JV)
 24   12,4   21,4  17:21    5,5  07:02    3,1    0,0    0,0    1,6   25,7  21:45    178 (J)
 25   11,2   16,5  15:33    7,5  23:55    3,8    0,0    0,0    0,8    9,7  08:28     70 (VSV)
 26   10,6   14,7  19:04    6,2  02:43    4,1    0,0    1,8    0,4   11,3  18:59    143 (JV)
 27   15,2   19,4  13:27   12,4  02:22    1,6    0,0    2,5    3,0   38,6  13:52    158 (JJV)
 28   14,8   16,2  13:36   14,1  02:06    1,8    0,0   36,8    0,8    8,0  02:29    333 (SSZ)
 29   15,4   18,7  19:06   13,1  02:00    1,5    0,0   19,6    1,2   22,5  18:30    137 (JV)
 30   12,7   17,3  13:52    9,7  18:39    3,0    0,0   12,2    5,9   54,7  13:40    159 (JJV)
 31   10,0   14,8  14:40    7,5  03:16    4,4    0,0    0,3    0,6    8,0  12:20    341 (SSZ)
---------------------------------------------------------------------------------------
      12,3   21,9     10    3,2     23     98,9    0,0  110,5    0,8   54,7  30    151  (JJV)
    
Tropske noci (Tmin >= 20): 0
Vroci dnevi (Tmax >= 30): 0
Topli dnevi (Tmax >= 25): 0
Hladni dnevi (Tmin < 0): 0
Ledeni dnevi (Tmax < 0): 0