Vremenska postaja OŠ Trzin, Slovenija

46.134 N| 14.5613 E| 300 m | Prikaži na zemljevidu

Osnovna šola Trzin v sodelovanju s CZ Trzin in Vremenskim društvom ZEVS

Vreme na kratko
6,2°C 70% 1022 mbar 4,9 km/h 9,7 km/h 0,0 mm
-1,3°C/h 9%/h 1 mbar/h J (179°) J (179°) 0,0 mm/h

14. 04. 2021 21:00:00 CEST

Vremenska statistika za 09-2018

Vremenska postaja:Vantage Pro2
Programska oprema:weewx v3.8.0
WeeWX aktiven:33 d, 13 h, 43 min
Strežnik aktiven:33 d, 12 h, 55 min
                   MONTHLY CLIMATOLOGICAL SUMMARY for sep 2018


NAME: OS Trzin, Slovenija                  
ELEV: 300 m    LAT: 46-08.04 S    LONG: 14-33.66 V


                   TEMPERATURE (°C), RAIN (mm), WIND SPEED (km/h)

                                         HEAT   COOL         AVG
      MEAN                               DEG    DEG          WIND                   DOM
DAY   TEMP   HIGH   TIME    LOW   TIME   DAYS   DAYS   RAIN  SPEED   HIGH   TIME    DIR
---------------------------------------------------------------------------------------
 01   17,3   18,4  12:36   16,3  04:42    0,4    0,0   15,7    1,1   19,3  03:38    332 (SSZ)
 02   18,3   24,2  15:15   14,7  03:49    0,0    0,1    2,0    1,0   20,9  16:35    117 (VJV)
 03   17,0   18,7  11:09   15,6  23:48    0,5    0,0   14,5    0,4   12,9  13:36    325 (SZ)
 04   18,4   25,3  16:33   15,2  06:48    0,0    0,2    0,3    0,6   11,3  12:01    135 (JV)
 05   19,7   27,0  14:51   15,9  06:43    0,0    1,0    0,0    1,1   12,9  15:21    142 (JV)
 06   19,4   27,2  14:52   15,5  03:57    0,0    0,8    1,0    1,1   20,9  18:53    152 (JJV)
 07   18,2   25,2  13:50   14,1  03:36    0,0    0,1    0,0    1,0   16,1  15:59    347 (SSZ)
 08   19,8   26,5  15:38   15,8  23:56    0,0    1,0    0,0    1,0   14,5  13:12    152 (JJV)
 09   18,9   27,1  14:54   13,6  04:39    0,0    0,5    0,3    0,6   11,3  14:55    159 (JJV)
 10   19,6   28,2  15:28   13,9  05:56    0,0    0,9    0,0    0,8   12,9  14:37    151 (JJV)
 11   19,9   28,9  15:33   14,4  06:59    0,0    1,0    0,0    0,7   14,5  15:19    141 (JV)
 12   19,9   29,2  15:00   13,5  06:51    0,0    1,1    0,3    0,6    9,7  13:22    136 (JV)
 13   20,1   28,5  16:09   14,5  06:06    0,0    1,2    0,0    0,8   12,9  16:58    152 (JJV)
 14   19,6   27,8  15:24   14,9  04:56    0,0    0,9    6,6    1,0   32,2  20:52    110 (VJV)
 15   18,6   24,9  16:15   16,1  23:59    0,0    0,4    0,5    0,4    8,0  14:39    197 (JJZ)
 16   18,9   26,2  15:07   14,8  07:52    0,0    0,5    0,3    0,8   11,3  12:56    134 (JV)
 17   18,9   27,3  14:52   13,6  05:33    0,0    0,5    0,0    0,6    9,7  10:58    144 (JV)
 18   19,5   27,6  15:05   14,7  06:02    0,0    0,8    0,0    0,7   12,9  14:16    151 (JJV)
 19   19,5   27,9  15:01   13,9  07:21    0,0    0,9    0,3    1,0   16,1  16:44    133 (JV)
 20   19,9   27,6  15:28   14,6  07:23    0,0    1,1    0,0    1,0   14,5  13:34    149 (JJV)
 21   19,1   27,6  14:54   13,9  05:36    0,0    0,6    0,0    0,6   11,3  13:19    150 (JJV)
 22   14,2   18,6  09:49   11,3  19:56    2,1    0,0   11,7    1,1   24,1  10:51     20 (SSV)
 23   12,5   14,7  17:56   11,2  07:06    3,1    0,0    0,8    0,5    9,7  19:51    161 (JJV)
 24   13,7   16,3  15:28    8,2  23:58    2,4    0,0   13,5    2,7   40,2  04:55    154 (JJV)
 25    9,7   15,9  12:39    5,6  04:17    4,6    0,0   10,2    1,4   25,7  13:43    119 (VJV)
 26    8,6   16,9  15:42    2,3  07:21    5,2    0,0    0,0    1,2   16,1  15:47    156 (JJV)
 27   10,0   20,6  15:35    3,0  07:07    4,4    0,0    0,0    0,5    9,7  14:18    131 (JV)
 28   12,1   22,4  14:55    5,3  06:53    3,3    0,0    0,0    0,7    9,7  09:37    142 (JV)
 29   12,6   19,5  13:48    7,7  03:58    3,0    0,0    0,0    1,5   22,5  14:17    113 (VJV)
 30    9,7   17,7  15:30    3,4  07:12    4,6    0,0    0,0    0,9   16,1  15:35    156 (JJV)
---------------------------------------------------------------------------------------
      16,8   29,2     12    2,3     26     33,7   13,5   77,7    0,9   40,2  24    141  (JV)
    
Tropske noci (Tmin >= 20): 0
Vroci dnevi (Tmax >= 30): 0
Topli dnevi (Tmax >= 25): 17
Hladni dnevi (Tmin < 0): 0
Ledeni dnevi (Tmax < 0): 0