Vremenska postaja OŠ Trzin, Slovenija

46.134 N| 14.5613 E| 300 m | Prikaži na zemljevidu

Osnovna šola Trzin v sodelovanju s CZ Trzin in Vremenskim društvom ZEVS

Vreme na kratko
3,1°C 85% 1023 mbar 0,1 km/h 1,6 km/h 0,0 mm
-1,3°C/h 6%/h 0 mbar/h S (5°) S (5°) 0,0 mm/h

14. 04. 2021 23:05:00 CEST

Vremenska statistika za 08-2018

Vremenska postaja:Vantage Pro2
Programska oprema:weewx v3.8.0
WeeWX aktiven:33 d, 15 h, 48 min
Strežnik aktiven:33 d, 15 h, 0 min
                   MONTHLY CLIMATOLOGICAL SUMMARY for avg 2018


NAME: OS Trzin, Slovenija                  
ELEV: 300 m    LAT: 46-08.04 S    LONG: 14-33.66 V


                   TEMPERATURE (°C), RAIN (mm), WIND SPEED (km/h)

                                         HEAT   COOL         AVG
      MEAN                               DEG    DEG          WIND                   DOM
DAY   TEMP   HIGH   TIME    LOW   TIME   DAYS   DAYS   RAIN  SPEED   HIGH   TIME    DIR
---------------------------------------------------------------------------------------
 01   24,5   33,0  14:30   18,8  06:00    0,0    3,6   13,7    1,1   17,7  17:30    144 (JV)
 02   23,0   29,7  15:30   19,3  05:30    0,0    2,8    7,6    1,6   33,8  16:30    192 (JJZ)
 03   23,5   31,5  16:00   19,4  06:30    0,0    3,0    4,6    1,5   27,4  17:30    113 (VJV)
 04   24,0   31,3  16:00   17,7  06:00    0,0    3,4    0,0    1,3   16,1  17:00    152 (JJV)
 05   23,4   32,0  16:00   17,7  06:00    0,0    3,0    0,8    1,5   20,9  18:00    156 (JJV)
 06   24,9   32,1  16:00   18,6  06:00    0,0    3,8    0,0    1,0   12,9  18:30    140 (JV)
 07   25,3   32,8  14:39   19,2  06:00    0,0    4,1    0,0    1,3   19,3  16:01    154 (JJV)
 08   25,3   33,6  15:39   18,8  06:00    0,0    4,0    0,0    1,2   22,5  14:57    135 (JV)
 09   25,0   34,0  15:43   17,8  06:19    0,0    3,9    0,0    1,0   12,9  17:34    148 (JJV)
 10   23,8   31,5  14:40   18,0  05:54    0,0    3,2    0,0    1,3   27,4  15:48    148 (JJV)
 11   23,3   28,3  15:38   20,7  05:45    0,0    3,0    0,0    1,8   16,1  14:36    138 (JV)
 12   22,9   28,8  16:14   18,8  23:57    0,0    2,7    0,0    1,1   19,3  12:22    137 (JV)
 13   23,1   31,0  14:58   16,2  06:17    0,0    2,8    0,0    2,9   38,6  15:42    142 (JV)
 14   20,7   24,8  16:20   18,4  07:33    0,0    1,5   16,0    1,4   14,5  14:22    144 (JV)
 15   21,6   26,8  12:50   17,6  06:16    0,0    2,0    0,0    1,1   16,1  16:29    107 (VJV)
 16   20,9   28,2  15:35   14,2  06:30    0,0    1,6    0,0    1,7   20,9  15:24    141 (JV)
 17   21,3   29,5  16:03   14,1  05:40    0,0    1,8    0,0    0,8   16,1  12:17    162 (JJV)
 18   22,7   31,1  17:00   15,8  06:40    0,0    2,6    0,0    1,5   20,9  13:46    144 (JV)
 19   22,9   31,9  16:14   15,8  06:10    0,0    2,7    0,0    1,1   17,7  12:34    125 (JV)
 20   23,0   32,3  15:34   15,6  06:24    0,0    2,8    0,0    1,4   19,3  15:54    157 (JJV)
 21   23,9   32,9  15:30   16,6  06:19    0,0    3,3    0,0    1,2   17,7  12:50    147 (JJV)
 22   23,7   32,2  16:01   16,4  06:42    0,0    3,2    0,0    1,4   19,3  14:25    148 (JJV)
 23   23,7   32,1  14:42   16,9  06:16    0,0    3,2    0,0    1,4   19,3  14:49    150 (JJV)
 24   20,7   31,1  13:47   16,8  06:37    0,0    1,5    4,3    1,4   30,6  15:05     67 (VSV)
 25   17,5   19,7  13:45   15,1  23:58    0,3    0,0   52,6    1,1   19,3  21:30    359 (S)
 26   12,8   15,1  00:00   11,7  07:46    2,9    0,0   31,5    1,1   17,7  03:06    168 (JJV)
 27   15,8   23,8  15:37   10,5  07:20    1,2    0,0    0,0    1,0   14,5  14:23    151 (JJV)
 28   17,7   27,2  15:44   10,4  05:50    0,2    0,0    0,0    0,9   14,5  15:32    153 (JJV)
 29   18,6   27,7  15:14   11,7  06:06    0,0    0,4    0,0    0,9   14,5  13:33    121 (VJV)
 30   19,2   28,7  15:43   12,4  06:30    0,0    0,7    2,3    1,5   24,1  19:24    154 (JJV)
 31   17,8   20,4  13:05   16,7  03:35    0,1    0,0   12,4    0,7    9,7  12:17    325 (SZ)
---------------------------------------------------------------------------------------
      21,8   34,0     09   10,4     28      4,6   70,6  145,8    1,3   38,6  13    143  (JV)
    
Tropske noci (Tmin >= 20): 1
Vroci dnevi (Tmax >= 30): 17
Topli dnevi (Tmax >= 25): 26
Hladni dnevi (Tmin < 0): 0
Ledeni dnevi (Tmax < 0): 0