Vremenska postaja OŠ Trzin, Slovenija

46.134 N| 14.5613 E| 300 m | Prikaži na zemljevidu

Osnovna šola Trzin v sodelovanju s CZ Trzin in Vremenskim društvom ZEVS

Vreme na kratko
3,1°C 84% 1023 mbar 1,1 km/h 4,8 km/h 0,0 mm
-1,9°C/h 9%/h 0 mbar/h S (5°) S (5°) 0,0 mm/h

14. 04. 2021 22:50:00 CEST

Vremenska statistika za 07-2018

Vremenska postaja:Vantage Pro2
Programska oprema:weewx v3.8.0
WeeWX aktiven:33 d, 15 h, 33 min
Strežnik aktiven:33 d, 14 h, 45 min
                   MONTHLY CLIMATOLOGICAL SUMMARY for jul 2018


NAME: OS Trzin, Slovenija                  
ELEV: 300 m    LAT: 46-08.04 S    LONG: 14-33.66 V


                   TEMPERATURE (°C), RAIN (mm), WIND SPEED (km/h)

                                         HEAT   COOL         AVG
      MEAN                               DEG    DEG          WIND                   DOM
DAY   TEMP   HIGH   TIME    LOW   TIME   DAYS   DAYS   RAIN  SPEED   HIGH   TIME    DIR
---------------------------------------------------------------------------------------
 01   18,4   22,1  14:30   15,0  06:30    0,0    0,2    0,0    1,9   17,7  13:00    156 (JJV)
 02   19,5   24,4  16:00   15,8  05:30    0,0    0,8    0,0    0,6    9,7  14:00    217 (JZ)
 03   21,8   28,4  17:00   17,3  23:30    0,0    2,1    8,6    1,3   25,7  21:00    262 (Z)
 04   20,7   27,6  17:00   17,0  06:30    0,0    1,5   19,0    0,8    9,7  02:30    246 (ZJZ)
 05   22,5   30,2  15:30   16,4  05:30    0,0    2,5    0,0    2,1   29,0  14:30    133 (JV)
 06   20,4   24,9  17:00   16,8  06:00    0,0    1,4    0,5    1,1   22,5  01:00    150 (JJV)
 07   21,8   29,0  15:30   17,1  06:00    0,0    2,1    0,3    1,4   17,7  16:30    135 (JV)
 08   19,7   26,9  13:30   13,4  06:00    0,0    0,9    0,5    1,3   17,7  17:00    120 (VJV)
 09   21,0   28,3  16:30   15,8  05:30    0,0    1,7    0,0    0,9   12,9  16:00    129 (JV)
 10   21,0   29,0  14:00   13,4  06:00    0,0    1,6    0,3    1,5   19,3  14:30    111 (VJV)
 11   16,8   18,9  00:30   14,7  00:00    0,7    0,0   54,9    0,7   20,9  00:30    316 (SZ)
 12   18,4   24,2  15:30   14,3  03:00    0,0    0,2    0,8    0,8   11,3  14:00    169 (J)
 13   21,1   27,5  17:00   17,2  06:00    0,0    1,7    9,9    1,2   17,7  04:30    176 (J)
 14   21,5   29,6  14:30   15,9  04:30    0,0    1,9    0,0    1,6   24,1  16:30    152 (JJV)
 15   20,1   25,3  16:00   16,2  00:00    0,0    1,2   13,7    1,3   20,9  17:00     19 (SSV)
 16   19,8   27,2  15:30   14,9  05:00    0,0    1,0    0,0    1,0   20,9  20:00    331 (SSZ)
 17   21,9   29,4  16:30   16,1  05:30    0,0    2,2    0,0    1,4   20,9  18:30    348 (SSZ)
 18   21,8   31,2  14:30   13,5  06:00    0,0    2,1    0,0    2,2   25,7  14:00     14 (SSV)
 19   22,7   31,5  16:00   14,1  05:30    0,0    2,6    0,0    1,1   14,5  14:30    141 (JV)
 20   21,7   30,6  14:30   15,9  06:00    0,0    2,1    1,3    1,6   30,6  18:00      6 (S)
 21   19,7   27,2  15:00   15,2  06:00    0,0    0,9    2,8    1,0   14,5  12:30    181 (J)
 22   20,0   27,3  15:00   17,1  05:30    0,0    1,1   20,3    1,1   17,7  16:30    316 (SZ)
 23   19,3   23,3  17:30   15,7  00:00    0,0    0,7    0,0    0,7   20,9  15:30    159 (JJV)
 24   21,4   30,1  15:30   13,3  06:00    0,0    1,9    0,0    1,2   14,5  15:30    149 (JJV)
 25   22,9   31,3  15:30   15,5  06:00    0,0    2,7    3,8    0,9   14,5  17:30    128 (JV)
 26   20,1   28,1  14:30   15,7  06:00    0,0    1,2   15,7    0,9   19,3  00:30    196 (JJZ)
 27   21,4   28,4  14:00   15,8  04:00    0,0    1,9    0,3    0,8   14,5  13:00    146 (JV)
 28   22,9   31,3  15:00   16,3  06:00    0,0    2,7    1,3    0,7   12,9  12:30     97 (V)
 29   24,8   31,6  17:00   19,7  05:30    0,0    3,8    1,5    0,8   14,5  14:00    176 (J)
 30   25,3   32,7  15:00   19,0  06:00    0,0    4,0    0,0    1,1   20,9  15:30     95 (V)
 31   25,8   32,9  16:00   18,9  06:00    0,0    4,3    0,0    1,3   12,9  15:30    157 (JJV)
---------------------------------------------------------------------------------------
      21,2   32,9     31   13,3     24      0,7   55,2  155,4    1,2   30,6  20    143  (JV)
    
Tropske noci (Tmin >= 20): 0
Vroci dnevi (Tmax >= 30): 10
Topli dnevi (Tmax >= 25): 25
Hladni dnevi (Tmin < 0): 0
Ledeni dnevi (Tmax < 0): 0