Vremenska postaja OŠ Trzin, Slovenija

46.134 N| 14.5613 E| 300 m | Prikaži na zemljevidu

Osnovna šola Trzin v sodelovanju s CZ Trzin in Vremenskim društvom ZEVS

Vreme na kratko
3,3°C 83% 1023 mbar 0,3 km/h 3,2 km/h 0,0 mm
-1,9°C/h 9%/h 1 mbar/h S (9°) S (9°) 0,0 mm/h

14. 04. 2021 22:40:00 CEST

Vremenska statistika za 06-2018

Vremenska postaja:Vantage Pro2
Programska oprema:weewx v3.8.0
WeeWX aktiven:33 d, 15 h, 23 min
Strežnik aktiven:33 d, 14 h, 35 min
                   MONTHLY CLIMATOLOGICAL SUMMARY for jun 2018


NAME: OS Trzin, Slovenija                  
ELEV: 300 m    LAT: 46-08.04 S    LONG: 14-33.66 V


                   TEMPERATURE (°C), RAIN (mm), WIND SPEED (km/h)

                                         HEAT   COOL         AVG
      MEAN                               DEG    DEG          WIND                   DOM
DAY   TEMP   HIGH   TIME    LOW   TIME   DAYS   DAYS   RAIN  SPEED   HIGH   TIME    DIR
---------------------------------------------------------------------------------------
 01   21,9   28,2  13:00   15,7  05:30    0,0    2,2    0,0    1,5   22,5  17:30    127 (JV)
 02   20,6   29,1  16:00   14,4  05:00    0,0    1,5    0,4    1,9   29,0  19:00    170 (J)
 03   21,0   28,7  15:30   13,1  05:30    0,0    1,7    0,0    1,0   16,1  13:30    159 (JJV)
 04   22,1   29,6  15:30   15,2  05:30    0,0    2,3    0,0    2,0   33,8  14:30    142 (JV)
 05   18,4   27,6  12:30   15,1  05:30    0,0    0,2    8,0    1,3   27,4  15:00    166 (JJV)
 06   20,4   27,6  15:00   15,1  05:30    0,0    1,3    0,2    1,8   38,6  15:30    143 (JV)
 07   20,7   27,4  14:00   15,2  05:30    0,0    1,5    0,0    1,7   27,4  14:30    137 (JV)
 08   20,1   26,4  17:00   15,1  05:30    0,0    1,2   10,0    0,7   19,3  19:00    345 (SSZ)
 09   20,9   27,4  14:30   16,8  04:30    0,0    1,6    6,4    0,3   16,1  17:00    152 (JJV)
 10   22,2   30,3  15:00   17,1  06:00    0,0    2,3    1,6    0,0    8,0  16:00     90 (V)
 11   24,0   31,2  16:30   17,2  05:30    0,0    3,3    0,0    0,1   16,1  17:00    165 (JJV)
 12   22,2   29,9  15:30   17,6  06:00    0,0    2,4    0,4    0,6   25,7  17:30     60 (VSV)
 13   19,3   23,8  18:00   15,1  04:30    0,0    0,7    1,8    1,4   19,3  13:30     97 (V)
 14   19,1   23,2  12:30   15,9  05:30    0,0    0,6    0,2    1,9   22,5  15:30    105 (VJV)
 15   19,6   24,4  18:00   14,9  06:30    0,0    0,9    0,0    1,9   19,3  18:00    125 (JV)
 16   20,7   26,8  15:00   12,9  04:30    0,0    1,5    0,0    1,7   22,5  13:30     45 (SV)
 17   19,6   26,2  17:30   14,9  06:30    0,0    0,9    1,6    1,1   17,7  18:00    169 (J)
 18   21,3   28,4  13:00   13,9  05:00    0,0    1,8    0,0    1,2   20,9  17:00    144 (JV)
 19   21,7   29,3  17:00   13,2  05:30    0,0    2,0    0,0    1,2   14,5  17:00    133 (JV)
 20   22,3   29,4  17:00   14,8  05:30    0,0    2,4    0,0    1,7   19,3  16:30    170 (J)
 21   23,6   30,8  15:30   15,8  06:00    0,0    3,1    7,0    3,8   33,8  17:30    142 (JV)
 22   15,5   18,9  00:30   10,9  00:00    1,4    0,0   18,8    2,0   22,5  12:00    153 (JJV)
 23   15,9   22,7  17:00    9,7  04:00    1,2    0,0    0,0    1,8   16,1  14:00    148 (JJV)
 24   17,1   23,4  15:00   12,3  05:30    0,5    0,0    3,0    1,4   16,1  14:00    157 (JJV)
 25   16,3   22,2  16:30   12,8  00:00    1,0    0,0    7,6    1,5   20,9  16:30     99 (V)
 26   17,5   24,3  16:00   10,6  06:00    0,3    0,0    0,0    2,0   25,7  13:30     68 (VSV)
 27   18,1   22,7  16:00   13,7  06:00    0,0    0,1    2,8    1,9   22,5  16:30    294 (ZSZ)
 28   17,7   22,4  15:30   14,7  07:30    0,2    0,0    0,8    0,8   12,9  16:00    149 (JJV)
 29   20,4   28,4  15:00   14,9  01:00    0,0    1,3    0,3    0,9   14,5  13:30     89 (V)
 30   21,8   30,4  17:30   17,1  06:00    0,0    2,1    4,1    1,7   24,1  18:30    136 (JV)
---------------------------------------------------------------------------------------
      20,1   31,2     11    9,7     23      4,5   39,0   74,9    1,4   38,6  06    138  (JV)
    
Tropske noci (Tmin >= 20): 0
Vroci dnevi (Tmax >= 30): 4
Topli dnevi (Tmax >= 25): 20
Hladni dnevi (Tmin < 0): 0
Ledeni dnevi (Tmax < 0): 0