Vremenska postaja OŠ Trzin, Slovenija

46.134 N| 14.5613 E| 300 m | Prikaži na zemljevidu

Osnovna šola Trzin v sodelovanju s CZ Trzin in Vremenskim društvom ZEVS

Vreme na kratko
11,7°C 96% 1012 mbar 0,0 km/h 0,0 km/h 0,0 mm
0,9°C/h -1%/h 1 mbar/h N/A ( N/A) N/A ( N/A) 0,0 mm/h

22. 05. 2019 07:25:00 CEST

Vremenska statistika za 05-2018

Vremenska postaja:Vantage Pro2
Programska oprema:weewx v3.8.0
WeeWX aktiven:50 d, 20 h, 18 min
Strežnik aktiven:51 d, 0 h, 45 min
                   MONTHLY CLIMATOLOGICAL SUMMARY for maj 2018


NAME: OS Trzin, Slovenija                  
ELEV: 300 m    LAT: 46-08.04 S    LONG: 14-33.66 V


                   TEMPERATURE (°C), RAIN (mm), WIND SPEED (km/h)

                                         HEAT   COOL         AVG
      MEAN                               DEG    DEG          WIND                   DOM
DAY   TEMP   HIGH   TIME    LOW   TIME   DAYS   DAYS   RAIN  SPEED   HIGH   TIME    DIR
---------------------------------------------------------------------------------------
 01   15,0   20,8  16:30    8,1  06:30    1,7    0,0    0,0    1,8   19,3  11:30      4
 02   18,4   26,1  16:30   12,4  06:00    0,0    0,2    0,6    1,4   24,1  22:30      7
 03   19,3   26,1  15:00   12,7  04:30    0,0    0,7    0,0    2,4   24,1  18:00     17
 04   16,5   20,7  01:30   15,3  06:30    0,9    0,0   12,4    1,9   25,7  02:00    213
 05   17,7   22,9  14:00   13,9  03:30    0,2    0,0    0,4    1,4   19,3  15:00    110
 06   18,3   25,5  16:30   12,4  06:00    0,0    0,1    0,2    2,4   19,3  14:00    154
 07   18,1   25,1  16:00   11,4  06:00    0,0    0,1    0,0    1,9   17,7  16:00    165
 08   17,0   24,4  14:30   10,3  06:00    0,6    0,0    2,8    2,6   25,7  22:00     96
 09   16,3   22,0  14:30   11,8  05:30    1,0    0,0    0,2    1,7   16,1  16:00    332
 10   17,6   24,4  13:30   12,6  06:00    0,2    0,0    0,0    1,3   25,7  16:00    160
 11   15,8   21,4  17:30   13,1  03:00    1,2    0,0    5,8    0,8   16,1  08:30    165
 12   16,8   25,3  14:30   12,2  04:00    0,7    0,0    1,2    1,6   17,7  16:00    136
 13   16,8   23,2  14:30   11,7  05:00    0,7    0,0    0,2    2,2   32,2  16:30    147
 14   15,1   19,8  13:00   12,6  05:00    1,6    0,0   15,0    1,7   30,6  14:00    151
 15   12,7   17,3  16:00   10,2  00:00    2,9    0,0   10,8    3,2   25,7  14:00    144
 16   12,7   18,8  14:00    7,8  06:30    2,9    0,0    1,8    1,0   17,7  14:00    164
 17   14,8   19,4  13:30   11,6  00:00    1,8    0,0    1,2    3,1   30,6  15:30    154
 18   15,4   22,7  14:00   10,7  03:00    1,4    0,0    0,0    1,2   22,5  16:00    112
 19   15,2   21,2  12:30   10,7  03:00    1,6    0,0    7,8    1,4   22,5  13:00    306
 20   16,7   22,6  14:30   10,4  05:30    0,7    0,0    0,0    1,8   19,3  12:00     30
 21   18,1   23,9  17:00   11,5  06:00    0,0    0,1    0,0    1,7   19,3  13:00     38
 22   16,1   20,6  18:00   12,7  02:30    1,0    0,0    3,8    1,0   17,7  16:30    338
 23   18,0   23,8  17:00   13,8  06:00    0,0    0,0    0,2    1,1   12,9  16:30    157
 24   19,0   25,6  16:30   14,8  04:30    0,0    0,5    0,8    1,2   17,7  13:00    336
 25   19,1   25,6  16:30   13,2  06:00    0,0    0,6    0,2    1,6   17,7  17:30     90
 26   20,6   26,9  17:00   14,4  03:00    0,0    1,4    0,0    1,3   16,1  15:30    157
 27   20,6   28,8  16:30   15,2  00:00    0,0    1,4    1,4    2,1   30,6  19:00    167
 28   20,6   29,2  17:00   13,6  05:30    0,0    1,5    0,2    1,3   19,3  00:00    202
 29   19,7   27,9  14:00   16,1  06:00    0,0    1,0    5,4    1,5   20,9  00:30    333
 30   20,5   28,0  17:00   15,6  06:30    0,0    1,4    0,0    1,3   17,7  19:30    207
 31   21,7   29,0  15:00   15,4  05:30    0,0    2,0    0,0    1,9   29,0  16:00    147
---------------------------------------------------------------------------------------
      17,4   29,2     28    7,8     16   21,0   11,1   72,4    1,7   32,2     13    138
    
Tropske noci (Tmin >= 20): 0
Vroci dnevi (Tmax >= 30): 0
Topli dnevi (Tmax >= 25): 13
Hladni dnevi (Tmin < 0): 0
Ledeni dnevi (Tmax < 0): 0