Vremenska postaja OŠ Trzin, Slovenija

46.134 N| 14.5613 E| 300 m | Prikaži na zemljevidu

Osnovna šola Trzin v sodelovanju s CZ Trzin in Vremenskim društvom ZEVS

Vreme na kratko
4,2°C 79% 1022 mbar 0,6 km/h 4,8 km/h 0,0 mm
-1,8°C/h 8%/h 0 mbar/h S (7°) S (7°) 0,0 mm/h

14. 04. 2021 22:10:00 CEST

Vremenska statistika za 04-2018

Vremenska postaja:Vantage Pro2
Programska oprema:weewx v3.8.0
WeeWX aktiven:33 d, 14 h, 53 min
Strežnik aktiven:33 d, 14 h, 5 min
                   MONTHLY CLIMATOLOGICAL SUMMARY for apr 2018


NAME: OS Trzin, Slovenija                  
ELEV: 300 m    LAT: 46-08.04 S    LONG: 14-33.66 V


                   TEMPERATURE (°C), RAIN (mm), WIND SPEED (km/h)

                                         HEAT   COOL         AVG
      MEAN                               DEG    DEG          WIND                   DOM
DAY   TEMP   HIGH   TIME    LOW   TIME   DAYS   DAYS   RAIN  SPEED   HIGH   TIME    DIR
---------------------------------------------------------------------------------------
 01    9,9   16,2  16:00    6,1  07:30    4,5    0,0    0,0    2,5   25,7  14:30     24 (SSV)
 02    9,0   16,8  15:00    1,2  07:30    5,0    0,0    0,0    4,1   45,1  18:00    150 (JJV)
 03   12,1   17,4  14:30    7,3  06:00    3,3    0,0    0,0    4,5   41,8  13:00    121 (VJV)
 04   11,3   15,2  14:00    7,8  03:00    3,7    0,0    0,0    3,3   33,8  16:00    133 (JV)
 05   11,6   16,3  17:30    7,8  00:00    3,6    0,0   15,4    1,9   19,3  02:30    173 (J)
 06   10,2   18,3  17:00    5,4  06:00    4,3    0,0    0,2    1,5   14,5  13:30    137 (JV)
 07   10,2   17,7  17:00    2,5  07:00    4,3    0,0    0,0    1,8   17,7  19:00    151 (JJV)
 08   12,1   21,6  16:00    4,7  07:00    3,3    0,0    0,0    2,1   25,7  16:00    129 (JV)
 09   12,0   21,8  14:00    5,1  06:30    3,4    0,0    1,2    3,0   40,2  18:00    151 (JJV)
 10   12,1   17,5  16:30   10,0  00:30    3,3    0,0    4,2    2,6   35,4  17:00    142 (JV)
 11   14,7   19,6  15:30   10,3  07:00    1,8    0,0    0,0    1,1   16,1  13:00     17 (SSV)
 12   12,1   13,5  01:00   11,1  00:00    3,3    0,0   17,6    0,8   12,9  15:00    331 (SSZ)
 13   12,9   18,4  15:00    7,8  00:00    2,8    0,0    0,6    3,9   38,6  13:00    146 (JV)
 14   13,0   22,7  16:30    3,8  06:30    2,8    0,0    0,0    1,5   14,5  15:30     96 (V)
 15   14,8   19,7  13:30   11,2  06:30    1,8    0,0    1,2    1,2   12,9  18:30    168 (JJV)
 16   15,6   21,6  15:00   13,3  06:30    1,3    0,0   10,0    2,6   22,5  18:30    317 (SZ)
 17   15,7   21,5  17:00   12,2  06:00    1,3    0,0    3,6    1,3   12,9  14:30    104 (VJV)
 18   16,6   23,8  15:00    8,8  06:30    0,8    0,0    0,0    2,6   20,9  13:30     99 (V)
 19   16,1   26,1  16:00    7,4  06:30    1,0    0,0    0,0    1,6   17,7  14:30    149 (JJV)
 20   16,8   26,9  17:00    7,5  06:00    0,7    0,0    0,0    1,3   16,1  14:30    170 (J)
 21   18,0   27,8  16:00    8,6  06:30    0,0    0,0    0,0    2,0   27,4  22:00    135 (JV)
 22   17,6   26,5  15:00    8,7  06:30    0,2    0,0    0,0    5,1   38,6  17:00    146 (JV)
 23   17,2   27,2  15:00    8,6  06:00    0,4    0,0    0,0    3,2   32,2  18:30    133 (JV)
 24   17,0   25,1  16:00   10,0  06:00    0,6    0,0    0,0    0,9   19,3  18:00    188 (J)
 25   17,4   25,6  16:30    9,5  06:00    0,3    0,0    0,0    3,6   41,8  16:00    141 (JV)
 26   15,8   24,0  15:00   10,2  06:30    1,2    0,0    0,0    1,9   27,4  19:00     23 (SSV)
 27   14,8   21,3  17:00   10,4  05:30    1,8    0,0    0,4    1,3   19,3  11:30     39 (SV)
 28   16,8   27,3  15:30    7,8  06:30    0,7    0,0    0,0    1,0   17,7  16:00     59 (VSV)
 29   17,6   27,4  14:30    9,8  06:30    0,2    0,0    0,0    0,8   11,3  11:30     66 (VSV)
 30   16,6   21,8  16:30   11,4  06:30    0,8    0,0    0,0    5,0   38,6  13:30    144 (JV)
---------------------------------------------------------------------------------------
      14,2   27,8     21    1,2     02     62,5    0,0   54,4    2,3   45,1  02    135  (JV)
    
Tropske noci (Tmin >= 20): 0
Vroci dnevi (Tmax >= 30): 0
Topli dnevi (Tmax >= 25): 9
Hladni dnevi (Tmin < 0): 0
Ledeni dnevi (Tmax < 0): 0