Vremenska postaja OŠ Trzin, Slovenija

46.134 N| 14.5613 E| 300 m | Prikaži na zemljevidu

Osnovna šola Trzin v sodelovanju s CZ Trzin in Vremenskim društvom ZEVS

Vreme na kratko
4,9°C 76% 1022 mbar 2,6 km/h 4,8 km/h 0,0 mm
-1,4°C/h 7%/h 0 mbar/h JZ (216°) JZ (216°) 0,0 mm/h

14. 04. 2021 21:55:00 CEST

Vremenska statistika za 03-2018

Vremenska postaja:Vantage Pro2
Programska oprema:weewx v3.8.0
WeeWX aktiven:33 d, 14 h, 38 min
Strežnik aktiven:33 d, 13 h, 50 min
                   MONTHLY CLIMATOLOGICAL SUMMARY for mar 2018


NAME: OS Trzin, Slovenija                  
ELEV: 300 m    LAT: 46-08.04 S    LONG: 14-33.66 V


                   TEMPERATURE (°C), RAIN (mm), WIND SPEED (km/h)

                                         HEAT   COOL         AVG
      MEAN                               DEG    DEG          WIND                   DOM
DAY   TEMP   HIGH   TIME    LOW   TIME   DAYS   DAYS   RAIN  SPEED   HIGH   TIME    DIR
---------------------------------------------------------------------------------------
 01   -6,5   -3,3  17:00  -10,7  04:30   13,6    0,0    0,0    1,4   11,3  13:30    133 (JV)
 02   -3,6   -2,2  22:30   -5,2  05:30   12,0    0,0    0,0    1,3   12,9  09:30    162 (JJV)
 03   -1,8   -0,6  12:00   -3,5  05:00   11,0    0,0    0,8    1,1    9,7  10:30    149 (JJV)
 04    0,7    3,3  14:30   -1,4  00:30    9,6    0,0    2,0    0,8   12,9  14:30    162 (JJV)
 05    1,1    2,8  12:30    0,2  23:30    9,4    0,0    2,0    0,3    6,4  05:00    147 (JJV)
 06    1,1    3,1  13:00   -0,8  06:00    9,4    0,0   11,2    0,7    9,7  16:30    148 (JJV)
 07    3,8    8,4  14:30    1,2  06:30    7,9    0,0    5,2    0,7   11,3  16:00     47 (SV)
 08    4,8   12,3  15:00    1,8  00:00    7,3    0,0    0,2    0,7   11,3  16:30     44 (SV)
 09    5,3   13,2  14:30   -1,1  06:30    7,1    0,0    0,0    2,9   33,8  15:30    155 (JJV)
 10    8,3   11,7  13:00    3,3  06:30    5,4    0,0    0,0    2,8   22,5  09:30    150 (JJV)
 11    5,6    7,1  16:30    4,0  07:30    6,9    0,0    4,8    0,8   25,7  00:00    251 (ZJZ)
 12    8,5   13,1  11:30    4,4  00:00    5,3    0,0    3,6    3,0   38,6  12:00    158 (JJV)
 13    8,4   15,3  15:30    2,7  05:00    5,3    0,0    2,0    3,5   40,2  16:00    141 (JV)
 14    7,1   13,2  14:00    3,2  07:00    6,0    0,0    1,2    1,5   19,3  15:30    149 (JJV)
 15    8,1   12,4  14:30    5,1  06:30    5,5    0,0    0,4    1,7   17,7  14:30    351 (S)
 16    7,0    9,8  16:00    5,0  22:00    6,1    0,0    6,8    1,5   16,1  14:00    341 (SSZ)
 17    4,9    6,2  12:30    3,8  04:00    7,3    0,0    9,4    1,2   12,9  18:00     23 (SSV)
 18    2,6    4,0  00:30    0,2  00:00    8,5    0,0    1,0    2,3   19,3  20:00     85 (V)
 19    0,3    1,7  15:00   -0,8  08:00    9,8    0,0    0,4    2,7   17,7  06:00     81 (V)
 20    0,7    2,5  12:30   -1,2  06:00    9,6    0,0    0,0    2,6   17,7  22:30    118 (VJV)
 21    3,1    7,1  15:00    0,1  02:30    8,3    0,0    0,0    5,1   32,2  12:00     32 (SSV)
 22    2,6    7,3  14:30   -1,7  06:30    8,6    0,0    0,0    4,2   29,0  14:30     79 (VSV)
 23    3,4    9,5  14:30   -1,4  06:30    8,1    0,0    0,0    4,0   27,4  17:00    174 (J)
 24    4,9   10,6  14:30    0,9  00:30    7,3    0,0    0,0    1,6   22,5  15:00    128 (JV)
 25    4,6    8,8  17:00    2,7  06:30    7,4    0,0    0,0    1,3   19,3  16:00    350 (S)
 26    5,8   13,2  16:00   -1,8  07:30    6,8    0,0    0,0    1,4   14,5  13:30    354 (S)
 27    6,8   11,9  14:30    3,4  00:00    6,2    0,0    0,4    2,4   25,7  17:30    157 (JJV)
 28    8,6   15,9  16:00    2,1  07:30    5,2    0,0    0,2    4,5   33,8  14:30    152 (JJV)
 29    9,3   10,2  00:30    8,6  09:30    4,8    0,0   12,4    1,5   25,7  00:30    106 (VJV)
 30   10,9   15,8  16:00    7,5  08:00    3,9    0,0    7,6    5,0   46,7  16:00    156 (JJV)
 31    9,6   10,8  17:30    7,6  21:30    4,7    0,0    7,2    2,0   24,1  23:30    332 (SSZ)
---------------------------------------------------------------------------------------
       4,4   15,9     28  -10,7     01    234,3    0,0   78,8    2,1   46,7  30    124  (VJV)
    
Tropske noci (Tmin >= 20): 0
Vroci dnevi (Tmax >= 30): 0
Topli dnevi (Tmax >= 25): 0
Hladni dnevi (Tmin < 0): 11
Ledeni dnevi (Tmax < 0): 3