Vremenska postaja OŠ Trzin, Slovenija

46.134 N| 14.5613 E| 300 m | Prikaži na zemljevidu

Osnovna šola Trzin v sodelovanju s CZ Trzin in Vremenskim društvom ZEVS

Vreme na kratko
5,3°C 74% 1022 mbar 2,5 km/h 4,8 km/h 0,0 mm
-1,3°C/h 5%/h 0 mbar/h JJZ (194°) JJZ (194°) 0,0 mm/h

14. 04. 2021 21:40:00 CEST

Vremenska statistika za 02-2018

Vremenska postaja:Vantage Pro2
Programska oprema:weewx v3.8.0
WeeWX aktiven:33 d, 14 h, 23 min
Strežnik aktiven:33 d, 13 h, 35 min
                   MONTHLY CLIMATOLOGICAL SUMMARY for feb 2018


NAME: OS Trzin, Slovenija                  
ELEV: 300 m    LAT: 46-08.04 S    LONG: 14-33.66 V


                   TEMPERATURE (°C), RAIN (mm), WIND SPEED (km/h)

                                         HEAT   COOL         AVG
      MEAN                               DEG    DEG          WIND                   DOM
DAY   TEMP   HIGH   TIME    LOW   TIME   DAYS   DAYS   RAIN  SPEED   HIGH   TIME    DIR
---------------------------------------------------------------------------------------
 01    7,3    9,3  15:30    5,8  00:30    6,0    0,0    8,6    1,2   20,9  15:30    226 (JZ)
 02    2,3    6,6  00:30    0,8  23:00    8,7    0,0   11,4    1,0   16,1  04:30    339 (SSZ)
 03    1,2    2,4  14:00    0,8  03:00    9,3    0,0    6,6    0,4    8,0  08:30    193 (JJZ)
 04    1,2    3,1  13:30    0,1  08:00    9,3    0,0   14,8    0,7    8,0  06:30     34 (SSV)
 05    1,0    3,2  15:00   -0,2  06:30    9,4    0,0    6,6    1,3   11,3  11:00    357 (S)
 06    0,8    2,8  12:00   -0,3  06:30    9,5    0,0    3,8    0,5    9,7  14:00    115 (VJV)
 07    0,5    1,9  13:00   -0,7  04:00    9,7    0,0    3,6    0,2    8,0  13:30     85 (V)
 08    1,9    4,8  14:30    0,3  04:30    9,0    0,0    9,8    0,3    6,4  10:30    118 (VJV)
 09    2,1    4,0  14:30    1,2  04:30    8,8    0,0    1,8    0,4    6,4  15:30    145 (JV)
 10    2,2    5,2  15:00   -0,5  23:30    8,8    0,0    0,2    1,3   17,7  13:00     47 (SV)
 11    1,3    5,6  13:00   -2,4  00:00    9,3    0,0    0,0    1,2   11,3  10:00    133 (JV)
 12   -0,2    1,1  16:00   -3,2  00:30   10,1    0,0    2,0    0,4   11,3  09:00    259 (ZJZ)
 13   -0,0    2,8  13:30   -3,7  22:30   10,0    0,0    4,2    1,4   11,3  11:30    166 (JJV)
 14   -2,7    3,4  15:30   -6,6  00:00   11,5    0,0    0,8    1,0    9,7  11:00     18 (SSV)
 15   -3,8    3,7  15:00   -8,6  05:00   12,1    0,0    0,2    0,6    6,4  05:30     63 (VSV)
 16   -1,1    6,4  15:00   -8,1  07:00   10,6    0,0    0,0    0,6   11,3  15:30     84 (V)
 17    2,6    7,3  13:30   -1,5  07:30    8,5    0,0    0,0    0,7    9,7  07:00    132 (JV)
 18    2,4    4,2  13:00    0,9  05:00    8,7    0,0    5,8    2,1   20,9  23:30    131 (JV)
 19    1,3    2,7  14:00    0,3  00:00    9,3    0,0    0,0    3,7   20,9  12:00     44 (SV)
 20    1,4    3,8  14:00   -0,3  05:00    9,2    0,0    0,0    1,6   16,1  15:00    168 (JJV)
 21    2,2    4,4  12:30    0,2  05:30    8,8    0,0    0,0    2,3   20,9  13:00     84 (V)
 22    1,0    2,0  13:30   -0,4  22:00    9,4    0,0    1,6    2,8   17,7  00:30     76 (VSV)
 23    0,9    2,8  12:00   -0,6  04:00    9,5    0,0    3,4    1,3   12,9  12:30    178 (J)
 24    0,4    2,6  13:30   -2,7  00:00    9,8    0,0    0,0    2,5   25,7  20:00    121 (VJV)
 25   -4,6   -1,5  14:00   -7,3  00:00   12,5    0,0    0,0    5,9   29,0  18:00     58 (VSV)
 26   -6,7   -5,4  15:00   -8,5  03:00   13,7    0,0    0,0    6,1   32,2  11:00      7 (S)
 27   -5,6   -2,5  13:30   -8,8  00:00   13,1    0,0    0,0    4,7   22,5  00:30     46 (SV)
 28   -7,9   -2,6  15:00  -12,1  07:30   14,4    0,0    0,0    1,4   11,3  13:30    151 (JJV)
---------------------------------------------------------------------------------------
       0,0    9,3     01  -12,1     28    279,3    0,0   85,2    1,7   32,2  26     65  (VSV)
    
Tropske noci (Tmin >= 20): 0
Vroci dnevi (Tmax >= 30): 0
Topli dnevi (Tmax >= 25): 0
Hladni dnevi (Tmin < 0): 19
Ledeni dnevi (Tmax < 0): 4