Vremenska postaja OŠ Trzin, Slovenija

46.134 N| 14.5613 E| 300 m | Prikaži na zemljevidu

Osnovna šola Trzin v sodelovanju s CZ Trzin in Vremenskim društvom ZEVS

Vreme na kratko
10,9°C 97% 1011 mbar 0,8 km/h 4,8 km/h 0,0 mm
0,8°C/h 1%/h 1 mbar/h SSZ (342°) SSZ (342°) 0,0 mm/h

22. 05. 2019 06:40:00 CEST

Vremenska statistika za 01-2018

Vremenska postaja:Vantage Pro2
Programska oprema:weewx v3.8.0
WeeWX aktiven:50 d, 19 h, 33 min
Strežnik aktiven:51 d, 0 h, 0 min
                   MONTHLY CLIMATOLOGICAL SUMMARY for jan 2018


NAME: OS Trzin, Slovenija                  
ELEV: 300 m    LAT: 46-08.04 S    LONG: 14-33.66 V


                   TEMPERATURE (°C), RAIN (mm), WIND SPEED (km/h)

                                         HEAT   COOL         AVG
      MEAN                               DEG    DEG          WIND                   DOM
DAY   TEMP   HIGH   TIME    LOW   TIME   DAYS   DAYS   RAIN  SPEED   HIGH   TIME    DIR
---------------------------------------------------------------------------------------
 01    6,0    8,6  07:30    3,2  22:30    6,7    0,0   16,8    1,8   17,7  04:00    332
 02    2,5    3,4  14:30    1,4  23:30    8,6    0,0    0,0    1,7   12,9  21:00    346
 03    2,7    7,7  16:00    0,1  23:30    8,5    0,0    0,4    2,6   32,2  14:30    340
 04    0,9    3,2  16:00   -1,3  04:00    9,5    0,0    0,0    0,6   14,5  04:30    157
 05    6,2    8,7  21:30    3,2  00:30    6,6    0,0    2,2    0,6   11,3  08:00    191
 06    9,3   13,7  14:30    7,2  03:30    4,8    0,0    0,4    0,2    9,7  14:00     19
 07    8,7   10,1  15:30    6,6  23:00    5,2    0,0    1,2    0,2    8,0  14:00    183
 08    6,7    7,5  16:00    6,0  03:00    6,3    0,0    0,2    0,5    9,7  21:00     22
 09    7,0    8,2  14:00    6,0  05:00    6,1    0,0   15,2    0,7   14,5  16:30    328
 10    6,4    8,7  15:00    4,4  00:00    6,4    0,0    0,8    0,7    9,7  21:00    177
 11    5,0    6,4  14:30    3,9  06:00    7,2    0,0    0,0    0,4    6,4  03:30    178
 12    4,3    7,6  14:30    0,0  08:00    7,6    0,0    0,2    1,6   16,1  19:30    153
 13    5,2    6,6  14:00    3,8  00:00    7,1    0,0    0,0    2,2   20,9  10:30     59
 14    2,5    3,7  00:30    0,9  23:30    8,6    0,0    0,0    1,8   16,1  11:30     68
 15    0,9    2,0  14:30   -0,2  06:00    9,5    0,0    0,0    1,0    9,7  03:30    135
 16    2,7    6,7  23:00    0,3  04:00    8,5    0,0    0,8    0,7   17,7  22:30     28
 17    4,6    7,9  14:30    0,7  23:00    7,4    0,0    0,0    2,3   41,8  18:00    321
 18    2,9    9,7  14:30   -3,1  08:00    8,4    0,0    0,0    2,1   35,4  15:00     64
 19    5,1    7,2  03:30    2,1  22:00    7,2    0,0    8,8    2,5   20,9  04:30    331
 20    2,0    4,9  14:30    0,0  07:30    8,9    0,0    0,0    0,8    9,7  12:00     39
 21    4,1   10,2  14:00    0,2  08:00    7,7    0,0    0,4    3,6   40,2  14:30    331
 22    1,4    6,1  13:30   -1,8  06:30    9,2    0,0    0,0    0,8   11,3  01:30    113
 23    2,1   10,6  15:00   -1,7  08:00    8,8    0,0    0,0    0,5    6,4  05:30    337
 24    1,4    8,9  14:30   -2,7  07:00    9,2    0,0    0,2    0,4    8,0  13:00     35
 25    3,4    9,6  13:00   -2,3  08:00    8,1    0,0    0,0    2,1   37,0  14:00    157
 26    7,9   11,1  13:30    2,2  00:00    5,6    0,0    0,0    3,0   30,6  14:30    153
 27    4,4   13,3  14:30   -0,3  08:00    7,6    0,0    0,0    1,0   12,9  22:30    351
 28    2,9    4,3  16:00    1,1  01:30    8,4    0,0    0,2    0,8    8,0  14:00    342
 29    1,3    5,8  15:30   -0,4  08:00    9,3    0,0    0,0    0,7    6,4  01:30     20
 30    3,5   12,4  15:00   -0,8  02:30    8,0    0,0    0,2    1,1   16,1  12:30    346
 31    4,3    7,7  15:30   -0,2  01:00    7,6    0,0    0,4    2,2   24,1  16:00    161
---------------------------------------------------------------------------------------
       4,1   13,7     06   -3,1     18  238,8    0,0   48,4    1,3   41,8     17     27
    
Tropske noci (Tmin >= 20): 0
Vroci dnevi (Tmax >= 30): 0
Topli dnevi (Tmax >= 25): 0
Hladni dnevi (Tmin < 0): 11
Ledeni dnevi (Tmax < 0): 0