Vremenska postaja OŠ Trzin, Slovenija

46.134 N| 14.5613 E| 300 m | Prikaži na zemljevidu

Osnovna šola Trzin v sodelovanju s CZ Trzin in Vremenskim društvom ZEVS

Vreme na kratko
-1,2°C 88% 1035 mbar 0,3 km/h 3,2 km/h 0,0 mm
-0,1°C/h 1%/h 0 mbar/h SSV (20°) SSV (20°) 0,0 mm/h

21. 03. 2019 06:50:00 CET

Vremenska statistika za 12-2017

Vremenska postaja:Vantage Pro2
Programska oprema:weewx v3.8.0
WeeWX aktiven:101 d, 18 h, 3 min
Strežnik aktiven:103 d, 17 h, 12 min
                   MONTHLY CLIMATOLOGICAL SUMMARY for dec 2017


NAME: OS Trzin, Slovenija                  
ELEV: 300 m    LAT: 46-08.04 S    LONG: 14-33.66 V


                   TEMPERATURE (°C), RAIN (mm), WIND SPEED (km/h)

                                         HEAT   COOL         AVG
      MEAN                               DEG    DEG          WIND                   DOM
DAY   TEMP   HIGH   TIME    LOW   TIME   DAYS   DAYS   RAIN  SPEED   HIGH   TIME    DIR
---------------------------------------------------------------------------------------
 01    1,6    2,4  00:00    1,0  03:00    9,1    0,0    3,0    1,1   12,9  00:00    328
 02    2,2    4,5  12:30   -0,3  20:00    8,8    0,0    1,4    1,9   19,3  12:00     58
 03   -1,1    2,4  14:00   -4,1  00:00   10,6    0,0    0,2    0,6    8,0  14:00    330
 04   -4,0   -1,5  15:30   -6,0  05:00   12,2    0,0    0,0    0,4    6,4  06:30    107
 05   -2,0    3,6  14:00   -5,4  07:30   11,1    0,0    0,2    0,7    9,7  11:30    146
 06   -0,6    8,2  14:00   -4,1  07:30   10,3    0,0    0,2    0,2    4,8  00:30    337
 07    1,7    7,6  00:00   -4,0  06:00    9,1    0,0    0,0    0,9   17,7  23:30    339
 08    6,5    7,7  12:00    1,1  00:00    6,4    0,0   19,4    2,5   20,9  07:00    337
 09    0,4    2,4  13:00   -3,6  00:00    9,8    0,0    5,8    0,6    8,0  13:30    111
 10   -1,6    4,0  00:00   -4,7  04:30   10,9    0,0    1,0    3,2   25,7  00:00    343
 11    8,3   15,0  23:00    2,3  05:00    5,4    0,0   21,4    7,1   61,2  15:00    167
 12   10,5   15,0  02:30    7,4  00:00    4,2    0,0   11,0    4,8   51,5  05:00    162
 13    2,6    7,3  00:30    1,1  06:30    8,6    0,0   10,0    1,4   19,3  03:30    335
 14    4,5    6,3  15:00    1,3  04:00    7,5    0,0    1,2    1,0   12,9  08:30    329
 15    6,4    8,3  13:00    2,6  00:00    6,4    0,0   14,6    1,7   16,1  20:30    317
 16    1,8    4,6  15:00   -0,8  00:00    9,0    0,0    4,2    0,9    9,7  00:30    319
 17   -0,9   -0,1  15:00   -1,5  05:00   10,5    0,0    0,0    1,7    9,7  04:30    357
 18   -1,6   -0,9  00:30   -2,9  00:00   10,9    0,0    0,0    1,9    9,7  16:30    339
 19   -3,2   -2,7  14:00   -3,8  09:30   11,8    0,0    0,0    1,7   11,3  23:30    341
 20   -1,4    2,3  14:00   -3,2  00:30   10,8    0,0    0,0    0,5    6,4  11:30     35
 21   -2,5   -1,1  21:00   -4,2  02:30   11,4    0,0    0,2    0,4    6,4  03:00     74
 22   -1,9   -0,7  13:00   -3,0  05:30   11,1    0,0    0,0    0,5    8,0  13:00    166
 23   -1,7   -0,7  15:00   -2,6  00:30   10,9    0,0    0,0    0,7    8,0  04:00    164
 24   -0,9    4,6  14:30   -4,2  08:30   10,5    0,0    0,0    0,8    8,0  10:00     80
 25    0,1    6,8  14:30   -4,6  08:00   10,0    0,0    0,4    0,4   22,5  16:30    306
 26    5,3    8,4  14:00    1,3  00:30    7,1    0,0    0,4    0,5   11,3  12:00    156
 27    6,2    8,1  13:30    4,5  02:00    6,6    0,0   24,8    2,2   17,7  21:30    330
 28    4,1    7,1  01:30    1,3  16:00    7,7    0,0   12,2    2,0   17,7  01:30    172
 29    1,2    4,4  14:30   -0,6  21:30    9,4    0,0    0,2    0,4   11,3  10:30    142
 30   -0,2    1,1  16:30   -1,4  22:30   10,1    0,0    0,0    0,9    9,7  16:30    342
 31    3,4    7,2  21:30   -1,7  01:00    8,1    0,0    0,0    2,0   20,9  21:00    337
---------------------------------------------------------------------------------------
       1,4   15,0     11   -6,0     04  286,0    0,0  131,8    1,5   61,2     11    331
    
Tropske noci (Tmin >= 20): 0
Vroci dnevi (Tmax >= 30): 0
Topli dnevi (Tmax >= 25): 0
Hladni dnevi (Tmin < 0): 21
Ledeni dnevi (Tmax < 0): 7