Vremenska postaja OŠ Trzin, Slovenija

46.134 N| 14.5613 E| 300 m | Prikaži na zemljevidu

Osnovna šola Trzin v sodelovanju s CZ Trzin in Vremenskim društvom ZEVS

Vreme na kratko
4,2°C 79% 1022 mbar 0,6 km/h 4,8 km/h 0,0 mm
-1,8°C/h 8%/h 0 mbar/h S (7°) S (7°) 0,0 mm/h

14. 04. 2021 22:10:00 CEST

Vremenska statistika za 11-2017

Vremenska postaja:Vantage Pro2
Programska oprema:weewx v3.8.0
WeeWX aktiven:33 d, 14 h, 53 min
Strežnik aktiven:33 d, 14 h, 5 min
                   MONTHLY CLIMATOLOGICAL SUMMARY for nov 2017


NAME: OS Trzin, Slovenija                  
ELEV: 300 m    LAT: 46-08.04 S    LONG: 14-33.66 V


                   TEMPERATURE (°C), RAIN (mm), WIND SPEED (km/h)

                                         HEAT   COOL         AVG
      MEAN                               DEG    DEG          WIND                   DOM
DAY   TEMP   HIGH   TIME    LOW   TIME   DAYS   DAYS   RAIN  SPEED   HIGH   TIME    DIR
---------------------------------------------------------------------------------------
 01    5,2   12,7  14:00   -1,0  07:00    7,1    0,0    0,2    0,3    6,4  10:00     29 (SSV)
 02    7,9   14,2  14:00    1,2  06:30    5,6    0,0    0,0    1,3   27,4  13:00    143 (JV)
 03   10,1   17,1  14:30    5,5  04:30    4,4    0,0    0,0    1,1   19,3  13:30     50 (SV)
 04    9,6   13,2  20:30    4,7  05:30    4,7    0,0    0,0    1,6   17,7  00:00    147 (JJV)
 05   13,2   16,6  15:00    9,7  00:00    2,6    0,0    1,4    3,3   35,4  12:00    144 (JV)
 06    8,1   10,1  02:30    6,6  21:30    5,5    0,0   17,0    1,9   17,7  07:30    332 (SSZ)
 07    7,6    9,6  10:00    6,6  23:00    5,8    0,0   14,2    2,0   24,1  09:00    335 (SSZ)
 08    7,5    9,1  15:30    6,3  03:30    5,8    0,0    2,2    0,4    8,0  04:00    325 (SZ)
 09    8,5    9,7  15:30    7,6  06:00    5,3    0,0    0,0    0,3    6,4  09:30    329 (SSZ)
 10    8,4   12,0  14:30    5,2  00:00    5,3    0,0    0,0    0,7   14,5  12:30    160 (JJV)
 11    5,3    8,2  16:00    2,8  07:00    7,1    0,0    0,2    0,6    8,0  04:30     44 (SV)
 12    8,9   12,1  15:30    5,4  00:30    5,1    0,0    6,6    1,5   16,1  14:00    326 (SZ)
 13    3,2    8,7  01:00    1,1  08:00    8,2    0,0   29,4    2,3   22,5  02:00    186 (J)
 14    4,6    9,6  13:30   -0,1  00:00    7,4    0,0    0,0    1,9   19,3  13:00    109 (VJV)
 15    3,5    6,4  15:00   -0,6  01:00    8,1    0,0    0,2    1,5    9,7  12:30    352 (S)
 16    5,4    7,1  13:30    4,0  06:00    7,0    0,0    0,0    1,0    8,0  10:00    179 (J)
 17    6,2    7,8  14:30    4,8  00:00    6,6    0,0    0,2    1,0   12,9  22:00    181 (J)
 18    4,9    7,7  14:30    1,3  23:00    7,3    0,0    0,0    0,9    8,0  00:30    196 (JJZ)
 19    1,5    3,9  16:30   -0,1  23:00    9,2    0,0    0,0    1,2   17,7  18:30    354 (S)
 20    0,7    4,4  14:30   -1,3  00:00    9,6    0,0    0,0    0,9    9,7  00:30      6 (S)
 21    4,4   10,3  16:00   -1,7  02:00    7,6    0,0    0,2    1,4   17,7  16:00    158 (JJV)
 22    8,2   12,4  14:00    6,1  19:30    5,5    0,0    0,0    1,7   22,5  15:30    150 (JJV)
 23    6,7   13,4  14:00    2,3  00:00    6,3    0,0    0,0    0,9   17,7  14:00    149 (JJV)
 24    5,5   12,8  14:00    0,1  07:30    6,9    0,0    0,2    0,5   14,5  18:30     20 (SSV)
 25    8,2   11,0  13:30    4,1  04:00    5,4    0,0   17,0    1,4   25,7  00:00    336 (SSZ)
 26    2,7    6,9  00:30    0,2  00:00    8,5    0,0   21,2    1,1   19,3  00:30    279 (Z)
 27   -0,5    4,7  14:00   -2,9  07:00   10,3    0,0    0,2    0,4    8,0  09:00    164 (JJV)
 28   -0,6    2,2  23:30   -3,8  07:30   10,4    0,0    0,0    0,6   11,3  21:30    156 (JJV)
 29    1,9    2,6  10:30    1,2  12:30    8,9    0,0   16,8    0,9    9,7  00:30    331 (SSZ)
 30    1,1    1,6  13:30    0,8  07:00    9,4    0,0    5,8    0,5    9,7  13:00    173 (J)
---------------------------------------------------------------------------------------
       5,6   17,1     03   -3,8     28    206,8    0,0  133,0    1,2   35,4  05    129  (JV)
    
Tropske noci (Tmin >= 20): 0
Vroci dnevi (Tmax >= 30): 0
Topli dnevi (Tmax >= 25): 0
Hladni dnevi (Tmin < 0): 8
Ledeni dnevi (Tmax < 0): 0