Vremenska postaja OŠ Trzin, Slovenija

46.134 N| 14.5613 E| 300 m | Prikaži na zemljevidu

Osnovna šola Trzin v sodelovanju s CZ Trzin in Vremenskim društvom ZEVS

Vreme na kratko
4,9°C 76% 1022 mbar 2,6 km/h 4,8 km/h 0,0 mm
-1,4°C/h 7%/h 0 mbar/h JZ (216°) JZ (216°) 0,0 mm/h

14. 04. 2021 21:55:00 CEST

Vremenska statistika za 10-2017

Vremenska postaja:Vantage Pro2
Programska oprema:weewx v3.8.0
WeeWX aktiven:33 d, 14 h, 38 min
Strežnik aktiven:33 d, 13 h, 50 min
                   MONTHLY CLIMATOLOGICAL SUMMARY for okt 2017


NAME: OS Trzin, Slovenija                  
ELEV: 300 m    LAT: 46-08.04 S    LONG: 14-33.66 V


                   TEMPERATURE (°C), RAIN (mm), WIND SPEED (km/h)

                                         HEAT   COOL         AVG
      MEAN                               DEG    DEG          WIND                   DOM
DAY   TEMP   HIGH   TIME    LOW   TIME   DAYS   DAYS   RAIN  SPEED   HIGH   TIME    DIR
---------------------------------------------------------------------------------------
 01   10,8   18,5  15:00    4,3  07:30    4,0    0,0    0,0    1,5   17,7  16:00    161 (JJV)
 02    9,5   19,2  15:30    3,5  07:00    4,7    0,0    0,0    0,3   11,3  14:30    165 (JJV)
 03   11,3   15,8  15:30    7,0  03:00    3,7    0,0    1,2    0,2   12,9  17:30    172 (J)
 04   12,9   18,3  15:00    9,6  04:30    2,9    0,0    0,2    0,7   14,5  12:00    337 (SSZ)
 05   14,4   19,7  15:00   10,3  06:30    2,0    0,0    0,0    1,0   27,4  15:00    145 (JV)
 06   12,5   17,1  01:30    6,1  00:00    3,1    0,0    3,0    2,5   20,9  11:30    166 (JJV)
 07    9,0   17,4  15:30    4,6  02:30    5,0    0,0    0,0    0,7   11,3  06:00    110 (VJV)
 08   10,2   19,3  15:00    4,4  03:30    4,3    0,0    0,0    0,5   16,1  17:00    126 (JV)
 09   11,4   18,8  14:00    5,4  08:00    3,7    0,0    0,6    0,9   16,1  18:00    151 (JJV)
 10   12,9   18,7  15:30   10,6  22:30    2,9    0,0    4,2    0,6   11,3  14:00    171 (J)
 11   11,8   19,7  15:00    7,5  05:30    3,4    0,0    0,0    0,6   12,9  15:00    139 (JV)
 12   12,7   22,5  15:00    5,7  07:30    2,9    0,0    0,2    1,7   22,5  16:30    129 (JV)
 13   12,2   21,6  15:30    7,8  06:30    3,2    0,0    0,2    0,6    9,7  11:30    154 (JJV)
 14   12,0   21,1  15:30    7,8  08:30    3,3    0,0    0,2    0,3    9,7  15:00    127 (JV)
 15   12,0   20,3  15:30    8,6  02:00    3,3    0,0    0,2    0,4    9,7  14:00    136 (JV)
 16   12,1   21,3  16:00    8,2  08:00    3,3    0,0    0,2    0,4    9,7  12:30    134 (JV)
 17   12,5   22,7  15:00    5,8  07:30    3,0    0,0    0,2    0,5    9,7  15:00    146 (JV)
 18   12,8   22,6  15:00    8,0  08:00    2,9    0,0    0,2    1,7   43,5  16:00    142 (JV)
 19   11,6   22,6  15:00    4,2  07:30    3,5    0,0    0,2    1,4   24,1  15:00    146 (JV)
 20   10,8   19,2  13:30    4,7  07:30    4,0    0,0    0,0    3,4   33,8  15:00    150 (JJV)
 21   10,8   19,6  15:00    5,4  07:30    4,0    0,0    0,0    1,3   22,5  16:00    147 (JJV)
 22    9,7   11,7  14:00    7,4  23:00    4,6    0,0   25,0    1,3   12,9  21:30    261 (Z)
 23    9,9   14,3  20:30    6,3  08:30    4,5    0,0    0,0    3,5   35,4  18:30    337 (SSZ)
 24   11,2   19,8  15:00    5,3  06:30    3,8    0,0    0,0    3,0   24,1  16:30    195 (JJZ)
 25    7,9   15,9  15:30    2,8  06:30    5,6    0,0    0,0    0,4    8,0  15:00     25 (SSV)
 26    8,8   19,0  15:30    2,8  08:00    5,1    0,0    0,2    0,3    6,4  12:00     87 (V)
 27   10,8   17,9  15:00    5,2  08:00    4,0    0,0    0,0    3,0   54,7  19:00    338 (SSZ)
 28    7,1   12,5  16:00    3,3  07:00    6,1    0,0    0,0    0,8   16,1  01:30    235 (JZ)
 29    9,4   15,4  14:00    3,3  03:00    4,8    0,0    0,0    3,9   40,2  12:00    149 (JJV)
 30    6,5   15,3  14:30    0,8  00:00    6,4    0,0    0,0    1,0    9,7  01:00    354 (S)
 31    4,0   13,8  14:00   -1,6  06:30    7,8    0,0    0,0    0,4    8,0  13:30    101 (V)
---------------------------------------------------------------------------------------
      10,7   22,7     17   -1,6     31    125,8    0,0   36,0    1,3   54,7  27    148  (JJV)
    
Tropske noci (Tmin >= 20): 0
Vroci dnevi (Tmax >= 30): 0
Topli dnevi (Tmax >= 25): 0
Hladni dnevi (Tmin < 0): 1
Ledeni dnevi (Tmax < 0): 0