Vremenska postaja OŠ Trzin, Slovenija

46.134 N| 14.5613 E| 300 m | Prikaži na zemljevidu

Osnovna šola Trzin v sodelovanju s CZ Trzin in Vremenskim društvom ZEVS

Vreme na kratko
3,3°C 84% 1023 mbar 2,2 km/h 4,8 km/h 0,0 mm
-1,9°C/h 9%/h 1 mbar/h S (8°) S (8°) 0,0 mm/h

14. 04. 2021 22:45:00 CEST

Vremenska statistika za 09-2017

Vremenska postaja:Vantage Pro2
Programska oprema:weewx v3.8.0
WeeWX aktiven:33 d, 15 h, 28 min
Strežnik aktiven:33 d, 14 h, 40 min
                   MONTHLY CLIMATOLOGICAL SUMMARY for sep 2017


NAME: OS Trzin, Slovenija                  
ELEV: 300 m    LAT: 46-08.04 S    LONG: 14-33.66 V


                   TEMPERATURE (°C), RAIN (mm), WIND SPEED (km/h)

                                         HEAT   COOL         AVG
      MEAN                               DEG    DEG          WIND                   DOM
DAY   TEMP   HIGH   TIME    LOW   TIME   DAYS   DAYS   RAIN  SPEED   HIGH   TIME    DIR
---------------------------------------------------------------------------------------
 01   18,2   20,3  09:00   16,7  06:30    0,0    0,1   14,6    1,1   29,0  10:00    329 (SSZ)
 02   15,6   17,3  14:30   11,9  00:00    1,3    0,0   15,0    2,3   29,0  23:00     67 (VSV)
 03   15,0   20,4  13:30   11,7  00:00    1,7    0,0    0,0    1,1   14,5  12:00    169 (J)
 04   14,3   22,8  15:00    7,4  07:00    2,0    0,0    0,2    1,3   17,7  15:00    142 (JV)
 05   16,6   24,7  16:30   10,5  06:30    0,8    0,0    0,2    1,1   17,7  14:00    148 (JJV)
 06   17,7   25,6  16:30   11,5  05:30    0,1    0,0    0,0    1,5   27,4  18:00    114 (VJV)
 07   15,2   16,9  00:30   13,4  23:30    1,5    0,0   13,2    1,1   16,1  05:30    124 (VJV)
 08   15,0   18,2  15:00   13,1  02:00    1,7    0,0    0,0    1,3   16,1  15:30    152 (JJV)
 09   15,5   19,7  13:00   12,3  06:30    1,4    0,0    1,2    0,3   11,3  14:30    144 (JV)
 10   16,3   17,5  13:00   15,3  01:30    0,9    0,0   12,2    0,4    8,0  02:30    332 (SSZ)
 11   16,7   18,7  17:00   15,9  04:00    0,7    0,0   15,8    0,5    9,7  05:30    184 (J)
 12   13,2   16,5  02:00   10,5  23:30    2,7    0,0   21,6    1,6   22,5  16:30    317 (SZ)
 13   12,9   21,0  16:30    8,7  07:30    2,8    0,0    0,0    1,3   14,5  13:00     60 (VSV)
 14   15,1   19,1  13:00   10,9  02:30    1,6    0,0    3,6    1,0   14,5  13:30    355 (S)
 15   11,3   13,8  00:30   10,3  07:00    3,7    0,0   36,6    0,9   20,9  01:00     27 (SSV)
 16   12,4   14,2  17:30   10,7  02:00    3,1    0,0   23,8    0,5   11,3  02:30    289 (ZSZ)
 17   14,2   18,6  13:00   11,1  00:00    2,1    0,0   10,0    2,4   27,4  16:00    347 (SSZ)
 18   12,7   16,9  16:00    9,7  03:30    3,0    0,0   12,6    0,9   14,5  13:30    331 (SSZ)
 19    9,7   11,4  00:30    8,5  18:30    4,6    0,0   24,4    1,2   14,5  01:30    249 (ZJZ)
 20   10,2   14,3  16:30    8,3  07:00    4,3    0,0    0,0    1,1   11,3  22:00    151 (JJV)
 21   11,6   20,1  14:00    6,1  08:00    3,6    0,0    0,2    0,9   11,3  13:30    124 (JV)
 22   12,1   20,2  15:00    6,3  04:30    3,3    0,0    0,2    0,6   11,3  11:30     78 (VSV)
 23   13,2   21,3  15:30    8,3  07:00    2,6    0,0    0,2    0,8   19,3  14:30    143 (JV)
 24   13,8   16,3  13:30   12,4  06:30    2,3    0,0    0,4    0,8   16,1  15:30    170 (J)
 25   13,2   15,3  16:00   12,0  21:30    2,7    0,0    2,4    0,2    9,7  14:30    179 (J)
 26   13,1   15,4  16:00   11,9  05:00    2,7    0,0    0,6    0,6   11,3  14:00    324 (SZ)
 27   14,5   18,0  16:30   11,9  05:00    1,9    0,0    0,2    0,3    8,0  15:30     16 (SSV)
 28   14,0   20,9  14:30    9,6  08:00    2,2    0,0    0,2    1,5   19,3  13:00     59 (VSV)
 29   12,7   19,9  13:30    7,3  05:30    2,9    0,0    0,2    1,3   22,5  14:30    119 (VJV)
 30   12,1   19,1  15:30    6,1  07:00    3,3    0,0    0,0    1,4   17,7  14:30    155 (JJV)
---------------------------------------------------------------------------------------
      13,9   25,6     06    6,1     21     67,7    0,1  209,6    1,1   29,0  01    114  (VJV)
    
Tropske noci (Tmin >= 20): 0
Vroci dnevi (Tmax >= 30): 0
Topli dnevi (Tmax >= 25): 1
Hladni dnevi (Tmin < 0): 0
Ledeni dnevi (Tmax < 0): 0