Vremenska postaja OŠ Trzin, Slovenija

46.134 N| 14.5613 E| 300 m | Prikaži na zemljevidu

Osnovna šola Trzin v sodelovanju s CZ Trzin in Vremenskim društvom ZEVS

Vreme na kratko
3,6°C 82% 1023 mbar 0,0 km/h 3,2 km/h 0,0 mm
-1,8°C/h 8%/h 0 mbar/h N/A ( N/A) N/A ( N/A) 0,0 mm/h

14. 04. 2021 22:30:00 CEST

Vremenska statistika za 08-2017

Vremenska postaja:Vantage Pro2
Programska oprema:weewx v3.8.0
WeeWX aktiven:33 d, 15 h, 13 min
Strežnik aktiven:33 d, 14 h, 25 min
                   MONTHLY CLIMATOLOGICAL SUMMARY for avg 2017


NAME: OS Trzin, Slovenija                  
ELEV: 300 m    LAT: 46-08.04 S    LONG: 14-33.66 V


                   TEMPERATURE (°C), RAIN (mm), WIND SPEED (km/h)

                                         HEAT   COOL         AVG
      MEAN                               DEG    DEG          WIND                   DOM
DAY   TEMP   HIGH   TIME    LOW   TIME   DAYS   DAYS   RAIN  SPEED   HIGH   TIME    DIR
---------------------------------------------------------------------------------------
 01   26,0   34,9  16:30   18,6  06:00    0,0    4,4    0,0    0,7    9,7  08:30    113 (VJV)
 02   26,9   36,5  17:30   19,1  06:00    0,0    4,9    0,0    1,9   40,2  21:30      8 (S)
 03   26,0   35,3  17:30   17,8  06:00    0,0    4,5    0,0    1,2    9,7  16:00    351 (S)
 04   27,4   36,8  16:00   20,0  06:30    0,0    5,2    0,0    1,0   14,5  17:00    358 (S)
 05   27,8   34,7  17:00   20,3  06:00    0,0    5,4    0,0    1,4   16,1  13:00     64 (VSV)
 06   24,3   29,8  13:00   18,3  23:30    0,0    3,5   14,4    2,8   37,0  21:30    359 (S)
 07   21,3   27,1  16:00   15,8  06:30    0,0    1,8    1,2    2,3   22,5  13:30     14 (SSV)
 08   22,3   29,1  17:00   15,8  06:30    0,0    2,4    0,0    0,9   12,9  11:30    110 (VJV)
 09   24,8   31,6  16:30   18,0  05:30    0,0    3,8    0,2    1,4   14,5  16:00     57 (VSV)
 10   23,1   28,7  15:30   18,9  00:00    0,0    2,9    2,6    2,0   32,2  18:00    347 (SSZ)
 11   20,8   27,6  16:00   16,3  00:00    0,0    1,6    0,2    1,6   17,7  16:00     25 (SSV)
 12   17,8   23,7  17:30   14,4  02:30    0,1    0,0    0,0    1,6   14,5  06:30    161 (JJV)
 13   19,8   28,5  17:00   12,1  06:30    0,0    1,0    0,2    1,6   14,5  11:30    147 (JJV)
 14   21,3   28,1  16:00   14,3  06:30    0,0    1,9    0,0    1,2   17,7  14:00    142 (JV)
 15   21,7   30,3  16:00   14,0  06:30    0,0    2,1    0,0    1,1   14,5  15:00    143 (JV)
 16   22,4   31,4  16:30   15,0  06:30    0,0    2,5    0,0    1,6   20,9  20:30    350 (S)
 17   22,9   31,3  16:30   16,0  06:30    0,0    2,7    0,0    1,1   12,9  13:30    149 (JJV)
 18   23,9   33,4  17:00   16,5  06:30    0,0    3,3    0,0    0,9   12,9  15:00    104 (VJV)
 19   20,4   27,0  12:00   16,3  06:30    0,0    1,3    3,8    1,6   20,9  16:00    338 (SSZ)
 20   18,0   24,4  15:00   13,7  07:00    0,0    0,0    6,4    1,8   17,7  02:00     29 (SSV)
 21   17,0   24,1  13:30    9,8  06:30    0,5    0,0    0,0    1,3   14,5  13:30    128 (JV)
 22   16,2   24,3  16:30    9,1  06:00    1,0    0,0    0,0    1,1   17,7  17:00    151 (JJV)
 23   18,1   27,5  16:00   10,3  06:00    0,0    0,0    0,0    0,9   12,9  13:00    107 (VJV)
 24   20,7   30,1  16:00   12,2  06:30    0,0    1,5    0,0    1,6   24,1  16:30    130 (JV)
 25   22,3   31,8  15:30   14,7  06:30    0,0    2,4    0,0    1,7   29,0  15:00    127 (JV)
 26   23,3   32,7  15:30   15,3  06:30    0,0    2,9    0,0    1,0   19,3  18:00    144 (JV)
 27   24,8   34,6  16:00   17,4  07:00    0,0    3,8    0,0    0,4   25,7  22:00    330 (SSZ)
 28   20,6   29,0  15:00   15,3  00:00    0,0    1,4    5,8    1,6   35,4  15:30    341 (SSZ)
 29   18,6   26,3  16:30   13,9  06:30    0,0    0,4    0,0    1,7   14,5  12:00    159 (JJV)
 30   19,7   29,2  16:00   12,1  06:30    0,0    0,9    0,0    0,9   12,9  13:30    136 (JV)
 31   22,0   30,4  16:30   14,3  06:30    0,0    2,2    0,0    3,7   37,0  14:30    145 (JV)
---------------------------------------------------------------------------------------
      22,0   36,8     04    9,1     22      1,7   70,7   34,8    1,5   40,2  02    105  (VJV)
    
Tropske noci (Tmin >= 20): 2
Vroci dnevi (Tmax >= 30): 15
Topli dnevi (Tmax >= 25): 27
Hladni dnevi (Tmin < 0): 0
Ledeni dnevi (Tmax < 0): 0