Vremenska postaja OŠ Trzin, Slovenija

46.134 N| 14.5613 E| 300 m | Prikaži na zemljevidu

Osnovna šola Trzin v sodelovanju s CZ Trzin in Vremenskim društvom ZEVS

Vreme na kratko
4,1°C 80% 1023 mbar 0,6 km/h 3,2 km/h 0,0 mm
-1,9°C/h 9%/h 0 mbar/h S (9°) S (9°) 0,0 mm/h

14. 04. 2021 22:15:00 CEST

Vremenska statistika za 07-2017

Vremenska postaja:Vantage Pro2
Programska oprema:weewx v3.8.0
WeeWX aktiven:33 d, 14 h, 58 min
Strežnik aktiven:33 d, 14 h, 10 min
                   MONTHLY CLIMATOLOGICAL SUMMARY for jul 2017


NAME: OS Trzin, Slovenija                  
ELEV: 300 m    LAT: 46-08.04 S    LONG: 14-33.66 V


                   TEMPERATURE (°C), RAIN (mm), WIND SPEED (km/h)

                                         HEAT   COOL         AVG
      MEAN                               DEG    DEG          WIND                   DOM
DAY   TEMP   HIGH   TIME    LOW   TIME   DAYS   DAYS   RAIN  SPEED   HIGH   TIME    DIR
---------------------------------------------------------------------------------------
 01   19,0   24,9  15:30   14,8  00:00    0,0    0,6    4,6    2,5   30,6  17:00    144 (JV)
 02   18,3   24,7  15:00   11,9  05:30    0,0    0,2    0,0    1,1   14,5  15:30    341 (SSZ)
 03   20,6   26,8  14:30   15,9  06:00    0,0    1,5    1,8    1,5   16,1  15:00    116 (VJV)
 04   20,8   28,3  16:00   14,7  03:30    0,0    1,5    0,2    1,3   25,7  14:30    153 (JJV)
 05   22,7   30,3  16:00   15,0  05:30    0,0    2,6    0,0    2,5   30,6  18:00    138 (JV)
 06   24,5   33,4  15:30   16,5  05:30    0,0    3,6    0,0    1,5   24,1  18:00    134 (JV)
 07   23,5   32,3  14:30   16,9  05:30    0,0    3,1    0,0    2,5   29,0  16:30    103 (VJV)
 08   23,8   31,6  15:30   17,4  04:30    0,0    3,2    0,2    1,3   14,5  17:30     66 (VSV)
 09   26,4   33,6  16:00   20,3  05:30    0,0    4,7    0,0    1,7   12,9  05:30    155 (JJV)
 10   26,3   32,5  14:30   20,5  00:00    0,0    4,6    0,0    2,8   35,4  15:00    137 (JV)
 11   23,7   30,1  16:00   17,1  06:00    0,0    3,1   26,0    4,3   51,5  21:30    143 (JV)
 12   22,3   29,5  17:00   17,6  04:00    0,0    2,4    0,2    1,6   27,4  17:30    165 (JJV)
 13   21,1   26,3  11:00   18,3  06:00    0,0    1,7   10,2    1,4   20,9  13:30    318 (SZ)
 14   18,0   22,1  17:00   15,5  10:30    0,0    0,0    2,0    1,7   16,1  09:30    336 (SSZ)
 15   19,0   25,1  13:30   12,9  06:00    0,0    0,5    0,0    1,0   17,7  13:30    159 (JJV)
 16   17,6   24,6  16:30    9,8  05:30    0,2    0,0    0,0    1,5   20,9  13:00     45 (SV)
 17   19,3   28,3  16:30   10,7  05:30    0,0    0,7    0,0    0,6   12,9  13:30    180 (J)
 18   21,5   30,1  16:30   13,2  05:30    0,0    1,9    0,0    1,0   11,3  13:30     79 (VSV)
 19   22,3   31,0  14:30   14,6  06:00    0,0    2,4    0,0    2,1   30,6  14:00    138 (JV)
 20   23,4   31,3  14:30   15,4  05:30    0,0    3,0    0,0    1,9   30,6  16:00    141 (JV)
 21   24,7   32,6  16:30   16,9  06:30    0,0    3,7    0,0    1,3   14,5  18:00      3 (S)
 22   25,2   32,8  16:00   18,7  06:00    0,0    4,0    0,0    1,5   17,7  16:00    103 (VJV)
 23   24,4   31,7  15:30   16,8  06:00    0,0    3,6    0,0    2,2   32,2  16:00    109 (VJV)
 24   19,9   22,9  00:30   15,4  00:00    0,0    1,0   15,6    1,9   37,0  10:30    324 (SZ)
 25   17,7   26,2  16:00   13,8  00:00    0,2    0,0    6,4    2,1   43,5  17:30    316 (SZ)
 26   16,5   22,7  14:00   11,4  07:00    0,8    0,0    0,0    1,2   11,3  14:30    350 (S)
 27   19,4   26,9  16:00   14,5  00:30    0,0    0,8    0,0    0,8   11,3  12:00    101 (V)
 28   21,9   30,4  16:30   15,9  05:30    0,0    2,2    0,0    1,3   20,9  16:30     79 (V)
 29   22,9   29,9  17:00   17,0  05:30    0,0    2,7    0,0    1,1   11,3  10:30    152 (JJV)
 30   22,8   30,6  15:00   17,6  05:30    0,0    2,6    0,4    1,7   37,0  15:30    128 (JV)
 31   24,7   33,6  16:30   17,6  06:00    0,0    3,7    0,0    0,6   11,3  10:30    140 (JV)
---------------------------------------------------------------------------------------
      21,7   33,6     09    9,8     16      1,2   65,7   67,6    1,7   51,5  11    130  (JV)
    
Tropske noci (Tmin >= 20): 2
Vroci dnevi (Tmax >= 30): 16
Topli dnevi (Tmax >= 25): 25
Hladni dnevi (Tmin < 0): 0
Ledeni dnevi (Tmax < 0): 0