Vremenska postaja OŠ Trzin, Slovenija

46.134 N| 14.5613 E| 300 m | Prikaži na zemljevidu

Osnovna šola Trzin v sodelovanju s CZ Trzin in Vremenskim društvom ZEVS

Vreme na kratko
11,3°C 96% 1012 mbar 0,0 km/h 0,0 km/h 0,0 mm
0,7°C/h -1%/h 1 mbar/h N/A ( N/A) N/A ( N/A) 0,0 mm/h

22. 05. 2019 07:05:00 CEST

Vremenska statistika za 06-2017

Vremenska postaja:Vantage Pro2
Programska oprema:weewx v3.8.0
WeeWX aktiven:50 d, 19 h, 58 min
Strežnik aktiven:51 d, 0 h, 25 min
                   MONTHLY CLIMATOLOGICAL SUMMARY for jun 2017


NAME: OS Trzin, Slovenija                  
ELEV: 300 m    LAT: 46-08.04 S    LONG: 14-33.66 V


                   TEMPERATURE (°C), RAIN (mm), WIND SPEED (km/h)

                                         HEAT   COOL         AVG
      MEAN                               DEG    DEG          WIND                   DOM
DAY   TEMP   HIGH   TIME    LOW   TIME   DAYS   DAYS   RAIN  SPEED   HIGH   TIME    DIR
---------------------------------------------------------------------------------------
 01   22,6   29,4  17:00   15,4  06:00    0,0    2,6    0,0    1,9   24,1  15:00     59
 02   21,0   29,1  14:30   15,0  06:00    0,0    1,6    0,2    1,7   29,0  17:00    134
 03   20,9   28,4  14:00   14,2  05:30    0,0    1,6    0,0    1,7   29,0  14:30    306
 04   21,6   28,1  14:30   14,3  05:00    0,0    2,0    0,0    4,2   33,8  15:30    137
 05   19,9   25,3  17:00   17,2  09:30    0,0    1,0    0,2    1,2   14,5  15:30    316
 06   18,3   23,5  13:30   14,1  05:30    0,0    0,2   11,2    2,1   24,1  15:30    347
 07   14,3   16,0  12:30   11,3  00:00    2,0    0,0    6,2    1,6   17,7  05:30    328
 08   15,1   22,8  16:30    8,3  06:00    1,6    0,0    0,2    1,6   16,1  13:00    157
 09   18,1   27,2  16:30    9,3  05:30    0,0    0,1    0,0    1,2   14,5  12:30    146
 10   19,9   27,0  16:00   12,1  05:00    0,0    1,1    0,0    2,0   17,7  18:30    111
 11   20,8   27,4  16:30   13,6  06:00    0,0    1,6    0,0    1,9   16,1  13:00    169
 12   22,1   30,4  16:30   12,6  05:30    0,0    2,3    0,0    3,5   29,0  15:30    139
 13   23,5   31,1  17:30   15,8  05:30    0,0    3,1    0,0    1,7   17,7  12:00    159
 14   20,0   23,7  14:30   16,1  00:00    0,0    1,1    0,0    1,5   19,3  06:30     47
 15   21,7   29,3  17:00   14,8  02:30    0,0    2,0    0,0    1,3   14,5  13:30    155
 16   20,5   28,5  13:30   16,2  05:00    0,0    1,4    0,6    1,7   19,3  14:00    154
 17   20,1   26,3  17:00   16,0  02:00    0,0    1,2    0,0    2,6   19,3  10:30    146
 18   19,3   27,2  18:00   11,1  06:00    0,0    0,7    0,0    2,3   17,7  13:00    157
 19   20,8   28,7  16:00   11,9  05:30    0,0    1,6    0,0    1,6   17,7  15:30    160
 20   23,2   31,5  15:30   13,9  05:00    0,0    2,9    0,0    3,7   29,0  16:00    143
 21   24,0   33,8  16:30   17,1  06:00    0,0    3,3    0,4    2,3   33,8  17:30    143
 22   23,9   33,8  16:00   16,0  03:30    0,0    3,3    0,0    2,6   32,2  18:00    142
 23   26,5   32,2  14:30   20,4  06:00    0,0    4,7    0,0    3,4   43,5  14:00    150
 24   25,5   33,3  14:30   18,8  06:00    0,0    4,2    0,0    1,7   14,5  14:00    168
 25   21,3   26,5  11:30   18,1  23:00    0,0    1,8    6,2    1,6   43,5  12:30    352
 26   22,4   30,2  17:30   16,7  05:00    0,0    2,5    0,2    1,5   14,5  14:30    158
 27   20,9   26,7  12:00   16,7  04:00    0,0    1,6    0,6    1,6   16,1  13:30    136
 28   18,9   26,8  11:30   16,0  22:30    0,0    0,5   41,2    1,9   75,6  20:30     75
 29   19,1   25,4  17:00   14,2  08:00    0,0    0,6   16,2    3,6   43,5  16:00    133
 30   19,1   25,7  12:30   12,9  05:30    0,0    0,6   18,8    3,4   35,4  10:30    133
---------------------------------------------------------------------------------------
      20,9   33,8     21    8,3     08    3,7   51,2  102,2    2,2   75,6     28    143
    
Tropske noci (Tmin >= 20): 1
Vroci dnevi (Tmax >= 30): 8
Topli dnevi (Tmax >= 25): 26
Hladni dnevi (Tmin < 0): 0
Ledeni dnevi (Tmax < 0): 0