Vremenska postaja OŠ Trzin, Slovenija

46.134 N| 14.5613 E| 300 m | Prikaži na zemljevidu

Osnovna šola Trzin v sodelovanju s CZ Trzin in Vremenskim društvom ZEVS

Vreme na kratko
5,1°C 75% 1022 mbar 1,1 km/h 3,2 km/h 0,0 mm
-1,4°C/h 6%/h 0 mbar/h JJZ (209°) JJZ (209°) 0,0 mm/h

14. 04. 2021 21:50:00 CEST

Vremenska statistika za 05-2017

Vremenska postaja:Vantage Pro2
Programska oprema:weewx v3.8.0
WeeWX aktiven:33 d, 14 h, 33 min
Strežnik aktiven:33 d, 13 h, 45 min
                   MONTHLY CLIMATOLOGICAL SUMMARY for maj 2017


NAME: OS Trzin, Slovenija                  
ELEV: 300 m    LAT: 46-08.04 S    LONG: 14-33.66 V


                   TEMPERATURE (°C), RAIN (mm), WIND SPEED (km/h)

                                         HEAT   COOL         AVG
      MEAN                               DEG    DEG          WIND                   DOM
DAY   TEMP   HIGH   TIME    LOW   TIME   DAYS   DAYS   RAIN  SPEED   HIGH   TIME    DIR
---------------------------------------------------------------------------------------
 01   13,7   19,8  16:30    7,8  06:30    2,4    0,0    0,0    1,8   20,9  21:00     29 (SSV)
 02   12,8   19,1  17:30    8,3  05:30    2,9    0,0    0,0    2,8   30,6  10:00    147 (JJV)
 03   12,3   21,1  16:00    4,5  06:00    3,2    0,0    0,0    1,6   33,8  17:30    145 (JV)
 04   11,7   17,3  16:00    5,6  06:00    3,5    0,0    0,4    2,1   27,4  18:00    125 (JV)
 05   11,7   17,6  16:30    8,5  00:00    3,5    0,0    0,8    1,2   16,1  17:30    155 (JJV)
 06   12,6   20,2  12:30    5,8  05:00    3,0    0,0    3,0    3,0   38,6  14:30    148 (JJV)
 07   14,1   20,1  14:00   10,4  06:00    2,2    0,0    4,6    1,9   16,1  15:30    158 (JJV)
 08   13,8   21,1  13:30    9,7  02:00    2,4    0,0    1,8    2,2   35,4  14:30    123 (VJV)
 09   12,2   15,8  13:00    7,4  23:30    3,2    0,0    3,0    3,0   22,5  13:00    130 (JV)
 10   10,3   16,7  17:00    5,6  05:30    4,3    0,0    0,4    1,8   14,5  13:30    349 (S)
 11   14,4   19,1  16:30   10,1  00:30    2,0    0,0    0,0    1,9   22,5  17:00    356 (S)
 12   18,0   22,8  16:30   14,4  07:00    0,0    0,0    2,4    4,6   38,6  17:30    131 (JV)
 13   16,2   21,4  12:30   12,3  06:00    1,0    0,0    1,0    2,2   25,7  15:00     84 (V)
 14   17,6   24,7  13:30   13,7  01:30    0,2    0,0    0,6    2,4   27,4  15:00    132 (JV)
 15   15,6   19,8  16:30   12,9  04:00    1,4    0,0    1,0    1,0   16,1  14:30    149 (JJV)
 16   17,8   25,6  15:00   10,9  06:30    0,1    0,0    0,2    1,7   20,9  14:00    159 (JJV)
 17   18,1   23,1  16:30   13,2  00:00    0,0    0,0    0,0    1,4   16,1  12:00     96 (V)
 18   17,9   26,8  17:00    9,1  05:30    0,0    0,0    0,0    1,4   20,9  19:30    154 (JJV)
 19   18,5   26,4  14:30    9,6  05:30    0,0    0,3    0,0    3,8   38,6  16:30    132 (JV)
 20   14,7   19,7  11:00   10,8  06:00    1,8    0,0    7,8    2,2   22,5  17:30    145 (JV)
 21   16,8   23,4  15:00   12,1  00:30    0,7    0,0    0,0    1,7   14,5  07:30    166 (JJV)
 22   17,7   26,4  17:00   10,0  04:30    0,2    0,0    2,0    1,7   33,8  21:00    175 (J)
 23   18,6   26,4  15:00   11,6  06:00    0,0    0,3    1,6    1,5   17,7  16:00    151 (JJV)
 24   18,0   23,3  16:30   14,1  05:00    0,0    0,0    0,2    2,1   20,9  17:00    160 (JJV)
 25   16,8   22,4  15:30   11,6  06:00    0,7    0,0    1,0    2,4   20,9  03:30    142 (JV)
 26   16,8   23,9  16:00    9,0  06:00    0,7    0,0    0,0    2,0   16,1  14:00    147 (JJV)
 27   18,9   26,7  17:30   10,4  05:30    0,0    0,5    0,0    1,9   16,1  18:00    158 (JJV)
 28   19,6   26,4  14:30   11,7  06:00    0,0    0,9    0,0    1,9   16,1  13:00    154 (JJV)
 29   20,4   28,9  16:00   11,9  05:30    0,0    1,3    0,0    1,4   17,7  18:30    139 (JV)
 30   22,3   30,4  15:00   14,3  05:30    0,0    2,4    0,0    3,2   33,8  20:30    138 (JV)
 31   22,5   29,9  16:00   15,3  05:00    0,0    2,5    0,0    2,6   35,4  18:00    137 (JV)
---------------------------------------------------------------------------------------
      16,2   30,4     30    4,5     03     39,1    8,3   31,8    2,2   38,6  06    140  (JV)
    
Tropske noci (Tmin >= 20): 0
Vroci dnevi (Tmax >= 30): 1
Topli dnevi (Tmax >= 25): 10
Hladni dnevi (Tmin < 0): 0
Ledeni dnevi (Tmax < 0): 0