Vremenska postaja OŠ Trzin, Slovenija

46.134 N| 14.5613 E| 300 m | Prikaži na zemljevidu

Osnovna šola Trzin v sodelovanju s CZ Trzin in Vremenskim društvom ZEVS

Vreme na kratko
5,3°C 74% 1022 mbar 1,7 km/h 4,8 km/h 0,0 mm
-1,4°C/h 6%/h 0 mbar/h J (184°) J (184°) 0,0 mm/h

14. 04. 2021 21:35:00 CEST

Vremenska statistika za 04-2017

Vremenska postaja:Vantage Pro2
Programska oprema:weewx v3.8.0
WeeWX aktiven:33 d, 14 h, 18 min
Strežnik aktiven:33 d, 13 h, 30 min
                   MONTHLY CLIMATOLOGICAL SUMMARY for apr 2017


NAME: OS Trzin, Slovenija                  
ELEV: 300 m    LAT: 46-08.04 S    LONG: 14-33.66 V


                   TEMPERATURE (°C), RAIN (mm), WIND SPEED (km/h)

                                         HEAT   COOL         AVG
      MEAN                               DEG    DEG          WIND                   DOM
DAY   TEMP   HIGH   TIME    LOW   TIME   DAYS   DAYS   RAIN  SPEED   HIGH   TIME    DIR
---------------------------------------------------------------------------------------
 01   13,0   22,4  14:30    4,0  06:30    2,8    0,0    0,0    3,6   33,8  13:00    153 (JJV)
 02   13,2   22,7  16:30    5,8  07:00    2,6    0,0    0,0    0,9   12,9  15:00    335 (SSZ)
 03   13,9   24,1  14:30    4,1  07:00    2,3    0,0    0,0    2,4   25,7  13:30      6 (S)
 04   12,3   23,0  14:00    6,3  06:30    3,2    0,0    3,4    2,2   35,4  16:30     58 (VSV)
 05   12,6   17,9  15:30    9,2  05:30    3,0    0,0    0,0    1,4   14,5  16:00    117 (VJV)
 06   12,1   17,7  15:30    7,8  00:00    3,3    0,0    0,0    2,7   24,1  17:00    121 (VJV)
 07   10,4   18,0  15:30    4,0  03:30    4,2    0,0    0,0    2,6   38,6  16:30    134 (JV)
 08   14,0   23,1  15:00    4,9  06:30    2,2    0,0    0,0    1,6   14,5  13:00    119 (VJV)
 09   15,0   22,4  16:00    8,6  04:00    1,7    0,0    0,0    1,3   14,5  12:30     48 (SV)
 10   15,3   24,4  15:00    6,1  07:00    1,5    0,0    0,0    4,2   38,6  17:30    146 (JV)
 11   12,3   18,7  14:00    6,9  06:30    3,1    0,0    1,8    1,9   19,3  14:30    337 (SSZ)
 12   11,0   17,9  16:30    5,3  07:30    3,9    0,0    0,2    1,6   12,9  14:30    138 (JV)
 13   13,3   22,4  15:00    6,4  06:30    2,6    0,0    2,0    2,3   25,7  16:30     80 (V)
 14   15,2   21,8  17:00   10,0  06:30    1,5    0,0    0,0    2,7   20,9  19:00    302 (ZSZ)
 15   12,4   15,9  15:30   10,1  07:30    3,1    0,0    4,6    1,8   16,1  05:00     60 (VSV)
 16   10,9   17,3  12:30    6,8  00:00    4,0    0,0   10,8    1,9   29,0  18:00     35 (SV)
 17    8,8   14,4  16:00    3,8  05:30    5,1    0,0    0,2    1,8   22,5  16:30    144 (JV)
 18    5,7    7,8  10:30    2,8  00:00    6,8    0,0    6,4    2,0   22,5  16:00    165 (JJV)
 19    5,6    9,5  14:30    0,8  06:30    6,9    0,0    0,0    5,7   37,0  12:00    338 (SSZ)
 20    6,9   11,8  14:30    1,3  05:00    6,2    0,0    0,2    5,8   38,6  10:00    337 (SSZ)
 21    6,2   14,8  17:00   -1,5  06:00    6,5    0,0    0,0    1,5   17,7  14:30    139 (JV)
 22    9,4   17,5  16:00    0,4  06:30    4,8    0,0    0,0    4,0   35,4  17:00    145 (JV)
 23    8,1   11,1  16:00    5,9  09:00    5,5    0,0    1,0    2,3   12,9  06:00      4 (S)
 24   10,2   13,7  17:00    6,4  05:30    4,3    0,0    0,0    1,0   14,5  14:30      7 (S)
 25   13,3   16,7  16:30    9,5  04:00    2,6    0,0    0,0    3,7   35,4  16:30    143 (JV)
 26   13,5   15,2  11:30   11,6  00:00    2,5    0,0    2,2    5,3   41,8  11:00    161 (JJV)
 27   12,6   14,9  15:00   11,4  01:30    3,0    0,0   41,8    1,3   17,7  17:30    322 (SZ)
 28   11,5   16,0  17:30    9,3  23:00    3,6    0,0   30,0    5,4   45,1  15:30    133 (JV)
 29    9,8   15,7  15:30    4,6  03:30    4,6    0,0    0,0    1,7   16,1  16:30     76 (VSV)
 30   10,2   17,1  16:30    2,3  06:00    4,3    0,0    0,0    2,6   25,7  15:00    126 (JV)
---------------------------------------------------------------------------------------
      11,3   24,4     10   -1,5     21    111,8    0,0  104,6    2,6   45,1  28    108  (VJV)
    
Tropske noci (Tmin >= 20): 0
Vroci dnevi (Tmax >= 30): 0
Topli dnevi (Tmax >= 25): 0
Hladni dnevi (Tmin < 0): 1
Ledeni dnevi (Tmax < 0): 0