Vremenska postaja OŠ Trzin, Slovenija

46.134 N| 14.5613 E| 300 m | Prikaži na zemljevidu

Osnovna šola Trzin v sodelovanju s CZ Trzin in Vremenskim društvom ZEVS

Vreme na kratko
5,8°C 72% 1022 mbar 1,9 km/h 8,0 km/h 0,0 mm
-1,2°C/h 6%/h 1 mbar/h J (184°) J (184°) 0,0 mm/h

14. 04. 2021 21:20:00 CEST

Vremenska statistika za 03-2017

Vremenska postaja:Vantage Pro2
Programska oprema:weewx v3.8.0
WeeWX aktiven:33 d, 14 h, 3 min
Strežnik aktiven:33 d, 13 h, 15 min
                   MONTHLY CLIMATOLOGICAL SUMMARY for mar 2017


NAME: OS Trzin, Slovenija                  
ELEV: 300 m    LAT: 46-08.04 S    LONG: 14-33.66 V


                   TEMPERATURE (°C), RAIN (mm), WIND SPEED (km/h)

                                         HEAT   COOL         AVG
      MEAN                               DEG    DEG          WIND                   DOM
DAY   TEMP   HIGH   TIME    LOW   TIME   DAYS   DAYS   RAIN  SPEED   HIGH   TIME    DIR
---------------------------------------------------------------------------------------
 01    5,3   10,3  15:30    1,2  00:00    7,0    0,0   13,0    2,8   30,6  04:00    216 (JZ)
 02    5,3   13,8  15:00    0,1  03:00    7,1    0,0    0,2    2,2   25,7  16:00    141 (JV)
 03    7,8   13,5  15:00    2,4  07:00    5,7    0,0    0,0    1,0   12,9  22:30    126 (JV)
 04   10,0   14,3  12:00    7,4  07:00    4,4    0,0    8,6    2,7   35,4  12:30     71 (VSV)
 05    8,3   10,6  12:00    6,3  06:30    5,4    0,0    0,6    3,3   25,7  23:00    159 (JJV)
 06    7,8   12,6  15:00    4,5  06:00    5,6    0,0    1,4    2,2   20,9  10:30    145 (JV)
 07    8,6   13,8  15:00    4,5  07:00    5,2    0,0    0,4    2,7   27,4  15:00    350 (S)
 08    7,7   15,2  14:00    0,5  07:00    5,7    0,0    0,0    2,2   20,9  14:00    136 (JV)
 09    8,5   14,6  14:00    2,5  07:00    5,3    0,0    0,0    1,8   19,3  20:00    347 (SSZ)
 10    8,8   14,2  14:30    3,0  06:00    5,1    0,0    0,0    8,3   45,1  14:00    334 (SSZ)
 11    7,5   14,7  15:00    1,1  07:00    5,8    0,0    0,0    2,6   17,7  16:00    163 (JJV)
 12    5,7   12,2  14:00   -1,3  07:00    6,8    0,0    0,0    1,8   20,9  14:00    116 (VJV)
 13    5,6   14,0  15:30   -1,2  07:00    6,9    0,0    0,0    1,3   14,5  16:30    163 (JJV)
 14    7,5   17,5  15:00   -0,8  05:30    5,8    0,0    0,0    1,1   11,3  10:30    110 (VJV)
 15    8,3   15,6  13:30    1,1  06:30    5,4    0,0    0,0    1,3   14,5  11:30     62 (VSV)
 16    8,1   17,7  15:30    0,7  05:30    5,5    0,0    0,0    1,2   14,5  12:00     85 (V)
 17   10,1   20,2  14:30    0,9  06:30    4,4    0,0    0,0    4,2   35,4  16:00    156 (JJV)
 18    9,3   15,3  15:30    3,8  05:00    4,8    0,0    0,0    3,9   45,1  14:00    149 (JJV)
 19    9,8   15,3  13:30    4,0  04:30    4,5    0,0    0,0    2,0   17,7  15:30    156 (JJV)
 20   12,2   20,2  14:00    4,8  06:30    3,2    0,0    0,0    4,0   38,6  15:00    151 (JJV)
 21   12,7   19,3  14:00    5,0  06:30    3,0    0,0    0,0    2,4   30,6  14:00    139 (JV)
 22   11,0   14,7  15:00    7,4  06:30    3,9    0,0    0,0    0,7    9,7  14:30     13 (SSV)
 23   13,2   19,7  15:00    8,1  00:00    2,7    0,0    0,0    3,4   29,0  17:00    160 (JJV)
 24   12,7   20,3  13:30    4,8  06:00    2,9    0,0    0,0    1,8   12,9  00:00    360 (S)
 25   11,2   18,6  15:00    5,6  06:00    3,8    0,0    0,0    2,0   17,7  14:30    120 (VJV)
 26    6,7   10,3  16:30    2,8  07:30    6,3    0,0    0,0    2,5   19,3  23:00    152 (JJV)
 27    7,2   16,3  16:00   -1,3  07:00    6,0    0,0    0,0    1,9   22,5  14:30    138 (JV)
 28    8,7   20,7  16:00   -0,8  06:30    5,1    0,0    0,0    1,0   12,9  17:00    138 (JV)
 29   11,9   23,1  15:30    1,9  07:00    3,4    0,0    0,0    1,1   14,5  14:00    107 (VJV)
 30   13,3   22,9  15:00    3,8  07:00    2,6    0,0    0,0    1,3   12,9  12:30    104 (VJV)
 31   13,5   23,6  16:00    5,1  06:30    2,5    0,0    0,0    2,6   32,2  17:30    155 (JJV)
---------------------------------------------------------------------------------------
       9,2   23,6     31   -1,3     27    151,9    0,0   24,2    2,4   45,1  10    138  (JV)
    
Tropske noci (Tmin >= 20): 0
Vroci dnevi (Tmax >= 30): 0
Topli dnevi (Tmax >= 25): 0
Hladni dnevi (Tmin < 0): 5
Ledeni dnevi (Tmax < 0): 0