Vremenska postaja OŠ Trzin, Slovenija

46.134 N| 14.5613 E| 300 m | Prikaži na zemljevidu

Osnovna šola Trzin v sodelovanju s CZ Trzin in Vremenskim društvom ZEVS

Vreme na kratko
6,2°C 70% 1022 mbar 5,5 km/h 9,7 km/h 0,0 mm
-1,3°C/h 7%/h 1 mbar/h J (180°) J (180°) 0,0 mm/h

14. 04. 2021 21:05:00 CEST

Vremenska statistika za 02-2017

Vremenska postaja:Vantage Pro2
Programska oprema:weewx v3.8.0
WeeWX aktiven:33 d, 13 h, 48 min
Strežnik aktiven:33 d, 13 h, 0 min
                   MONTHLY CLIMATOLOGICAL SUMMARY for feb 2017


NAME: OS Trzin, Slovenija                  
ELEV: 300 m    LAT: 46-08.04 S    LONG: 14-33.66 V


                   TEMPERATURE (°C), RAIN (mm), WIND SPEED (km/h)

                                         HEAT   COOL         AVG
      MEAN                               DEG    DEG          WIND                   DOM
DAY   TEMP   HIGH   TIME    LOW   TIME   DAYS   DAYS   RAIN  SPEED   HIGH   TIME    DIR
---------------------------------------------------------------------------------------
 01    2,1    2,9  16:00    1,5  07:30    8,8    0,0   10,2    0,5   11,3  04:00    209 (JJZ)
 02    4,3    6,9  16:30    1,7  08:00    7,6    0,0    0,2    0,5    8,0  05:00    207 (JJZ)
 03    5,5    9,4  16:00    3,8  00:00    6,9    0,0    5,6    1,0   20,9  16:00    123 (VJV)
 04    4,8    8,6  15:00    2,2  08:00    7,3    0,0   10,0    1,2   11,3  16:30      6 (S)
 05    3,2    4,4  00:30    1,5  07:30    8,2    0,0    6,6    1,6   16,1  15:00    171 (J)
 06    5,1    7,8  18:30    3,3  06:30    7,2    0,0    7,2    2,2   27,4  18:00    332 (SSZ)
 07    3,7    5,1  14:30    2,4  07:00    8,0    0,0    0,2    0,6    8,0  02:30     39 (SV)
 08    2,5    3,9  14:30    0,8  00:00    8,6    0,0    0,0    1,5   12,9  20:30     35 (SV)
 09    1,0    2,1  15:00    0,2  01:30    9,4    0,0    0,0    1,7   14,5  20:00     56 (SV)
 10    1,3    2,4  14:00    0,8  05:00    9,3    0,0    0,0    1,2   11,3  01:00    161 (JJV)
 11    1,4    2,7  13:00    0,2  07:30    9,2    0,0    0,2    0,8    8,0  00:30    167 (JJV)
 12    2,2    3,4  15:00    1,3  02:30    8,8    0,0    0,4    0,4    8,0  11:00    146 (JJV)
 13    2,1    2,7  11:30    1,4  23:30    8,9    0,0    0,4    0,6    9,7  11:30    149 (JJV)
 14    1,5    6,6  15:00   -1,8  00:00    9,2    0,0    0,0    0,7    9,7  10:30    135 (JV)
 15    0,0    7,0  15:30   -3,2  03:30   10,0    0,0    0,0    0,7    6,4  07:30    349 (S)
 16    2,0   11,8  15:00   -3,3  07:00    8,9    0,0    0,2    0,6    9,7  12:00    119 (VJV)
 17    4,2   13,4  14:30   -2,8  07:30    7,6    0,0    2,2    2,5   32,2  15:30    144 (JV)
 18    5,7   10,1  14:30    2,6  08:30    6,8    0,0    0,0    1,4   11,3  11:00    158 (JJV)
 19    4,6   10,6  15:30   -0,3  23:00    7,4    0,0    0,0    0,7   11,3  13:30     28 (SSV)
 20    3,2   12,6  15:00   -1,3  02:30    8,2    0,0    0,0    0,8   11,3  13:30    123 (VJV)
 21    4,8    9,8  15:00    0,9  00:30    7,3    0,0    0,0    1,5   24,1  15:00    342 (SSZ)
 22    6,2   10,3  15:00    1,7  07:00    6,6    0,0    0,0    2,3   20,9  18:30     23 (SSV)
 23    9,6   11,4  14:30    6,5  04:00    4,7    0,0    0,0    4,8   22,5  10:00    346 (SSZ)
 24    7,6   11,3  01:30    1,0  21:30    5,8    0,0   15,4    4,2   38,6  03:30     60 (VSV)
 25    3,3    9,3  15:30   -0,4  23:30    8,2    0,0    6,0    1,7   17,7  13:30    153 (JJV)
 26    2,7   11,1  14:30   -2,8  06:30    8,5    0,0    0,2    1,1   12,9  13:30     99 (V)
 27    6,7   14,4  13:30    0,3  01:00    6,3    0,0    0,0    3,3   37,0  14:00    112 (VJV)
 28    9,8   12,3  15:30    6,8  04:30    4,6    0,0    1,2    4,4   38,6  16:30    157 (JJV)
---------------------------------------------------------------------------------------
       4,0   14,4     27   -3,3     16    218,2    0,0   66,2    1,6   38,6  24     91  (V)
    
Tropske noci (Tmin >= 20): 0
Vroci dnevi (Tmax >= 30): 0
Topli dnevi (Tmax >= 25): 0
Hladni dnevi (Tmin < 0): 8
Ledeni dnevi (Tmax < 0): 0