Vremenska postaja OŠ Trzin, Slovenija

46.134 N| 14.5613 E| 300 m | Prikaži na zemljevidu

Osnovna šola Trzin v sodelovanju s CZ Trzin in Vremenskim društvom ZEVS

Vreme na kratko
3,1°C 85% 1023 mbar 1,5 km/h 3,2 km/h 0,0 mm
-1,1°C/h 6%/h 0 mbar/h S (5°) S (5°) 0,0 mm/h

14. 04. 2021 23:10:00 CEST

Vremenska statistika za 01-2017

Vremenska postaja:Vantage Pro2
Programska oprema:weewx v3.8.0
WeeWX aktiven:33 d, 15 h, 53 min
Strežnik aktiven:33 d, 15 h, 5 min
                   MONTHLY CLIMATOLOGICAL SUMMARY for jan 2017


NAME: OS Trzin, Slovenija                  
ELEV: 300 m    LAT: 46-08.04 S    LONG: 14-33.66 V


                   TEMPERATURE (°C), RAIN (mm), WIND SPEED (km/h)

                                         HEAT   COOL         AVG
      MEAN                               DEG    DEG          WIND                   DOM
DAY   TEMP   HIGH   TIME    LOW   TIME   DAYS   DAYS   RAIN  SPEED   HIGH   TIME    DIR
---------------------------------------------------------------------------------------
 01   -4,7    4,2  14:30   -9,2  08:00   12,6    0,0    0,0    0,3    4,8  12:00     79 (V)
 02   -0,9    7,1  15:00   -8,3  07:30   10,5    0,0    0,0    1,1   17,7  15:00    322 (SZ)
 03    0,7    4,6  12:30   -4,6  00:00    9,6    0,0    0,0    1,6   14,5  13:30    173 (J)
 04   -2,2    2,8  14:00   -5,2  01:00   11,2    0,0    0,0    1,3   12,9  20:30    334 (SSZ)
 05   -0,6    4,9  12:30   -5,5  07:30   10,3    0,0    0,2    5,9   35,4  10:00    340 (SSZ)
 06   -3,8   -0,4  13:00   -9,8  23:00   12,1    0,0    0,0    5,2   30,6  01:30    346 (SSZ)
 07   -8,0   -2,5  14:00  -13,0  07:30   14,4    0,0    0,0    1,2   12,9  12:30    151 (JJV)
 08   -7,0   -4,2  14:00  -10,2  00:00   13,9    0,0    0,0    0,5    9,7  14:30     52 (SV)
 09   -6,8   -3,2  23:30  -10,6  01:30   13,8    0,0    0,0    1,1    8,0  09:00    324 (SZ)
 10   -5,1   -3,2  01:30   -9,7  00:00   12,8    0,0    0,0    2,0   16,1  07:30    101 (V)
 11   -9,1   -3,9  14:00  -13,8  08:00   15,0    0,0    0,0    0,8   12,9  13:30    120 (VJV)
 12   -3,5    0,8  00:00   -9,9  02:30   11,9    0,0    0,6    1,5   12,9  19:00    193 (JJZ)
 13    2,4    4,2  11:00    0,6  21:00    8,7    0,0   23,6    2,3   22,5  04:30    331 (SSZ)
 14   -0,8    2,2  14:30   -2,6  21:00   10,5    0,0    2,6    0,6    9,7  16:30    134 (JV)
 15   -2,8   -1,3  14:00   -4,7  23:00   11,5    0,0    0,4    1,2    9,7  09:00     16 (SSV)
 16   -2,5    0,2  13:00   -5,3  06:30   11,4    0,0    0,4    2,4   29,0  23:00     14 (SSV)
 17    0,1    2,5  12:30   -1,7  22:30    9,9    0,0    0,6    5,9   30,6  05:00      1 (S)
 18    0,0    1,2  14:00   -0,6  07:00   10,0    0,0    0,0    3,2   20,9  01:00     77 (VSV)
 19   -0,9    3,6  13:30   -6,4  00:00   10,5    0,0    2,0    2,6   22,5  15:00     91 (V)
 20   -5,5    1,3  13:30   -9,4  08:00   13,1    0,0    1,4    0,7    8,0  10:00     13 (SSV)
 21   -6,6    0,9  14:30  -10,2  06:30   13,7    0,0    0,4    0,3    6,4  12:00     56 (VSV)
 22   -6,6   -3,4  14:30   -9,9  04:00   13,7    0,0    0,0    0,9    9,7  14:30     16 (SSV)
 23   -4,9   -2,3  14:30   -8,2  00:00   12,7    0,0    0,0    0,9    6,4  10:30    356 (S)
 24   -5,1   -2,7  15:00   -8,8  02:00   12,8    0,0    0,0    1,6   12,9  16:00     26 (SSV)
 25   -3,0   -2,0  12:30   -4,7  00:30   11,7    0,0    0,0    2,2   14,5  14:30    352 (S)
 26   -0,9    1,1  14:00   -2,4  03:00   10,5    0,0    0,0    1,9   19,3  08:00      5 (S)
 27   -2,4    2,3  13:30   -7,3  00:00   11,3    0,0    0,0    1,0    8,0  12:00     14 (SSV)
 28   -4,2    5,9  14:00   -9,7  07:00   12,3    0,0    0,2    0,3    4,8  09:30     16 (SSV)
 29   -4,9   -3,2  15:00   -7,8  04:30   12,7    0,0    0,0    1,4    9,7  17:00    159 (JJV)
 30   -4,4   -3,7  14:30   -5,0  07:00   12,4    0,0    0,0    1,9   11,3  13:00    137 (JV)
 31   -0,7    2,1  00:00   -3,8  00:30   10,4    0,0    3,0    1,0   12,9  00:00    269 (Z)
---------------------------------------------------------------------------------------
      -3,4    7,1     02  -13,8     11    368,1    0,0   35,4    1,8   35,4  05      7  (S)
    
Tropske noci (Tmin >= 20): 0
Vroci dnevi (Tmax >= 30): 0
Topli dnevi (Tmax >= 25): 0
Hladni dnevi (Tmin < 0): 30
Ledeni dnevi (Tmax < 0): 13